{"id":63524,"date":"2025-03-12T12:21:17","date_gmt":"2025-03-12T11:21:17","guid":{"rendered":"https:\/\/imagazine.it\/home_desk\/?post_type=mec-events&#038;p=63524"},"modified":"2025-03-12T12:21:17","modified_gmt":"2025-03-12T11:21:17","slug":"letnoploc-trio-per-il-sipario-del-pasolini","status":"publish","type":"mec-events","link":"https:\/\/imagazine.it\/home_desk\/events\/letnoploc-trio-per-il-sipario-del-pasolini\/","title":{"rendered":"L&#8217;Etnoplo\u010d trio per il sipario del Pasolini"},"content":{"rendered":"<p><span style=\"font-size: 10pt;\"><em>Etnoplo\u010d Trio<\/em><\/span><\/p>\n<p>Venerd\u00ec 21 marzo alle 20.45, sar\u00e0 il trio<strong> Etnoplo\u010d <\/strong>a chiudere la stagione musicale del<strong> Teatro Pasolini di Cervignano<\/strong>, curata da <strong>Euritmica<\/strong>.<\/p>\n<p>L\u2019ultimo appuntamento \u00e8 affidato al trio composto da <strong>Aleksander Ipavec\u00a0<\/strong>alla fisarmonica, <strong><br \/>\nPiero Purich\u00a0<\/strong>al sax tenore e soprano,<strong> Matej Spacapan\u00a0<\/strong>alla tromba.<\/p>\n<p>Tre musicisti di alto valore artistico e tecnico, con una vasta esperienza in tutti i campi musicali: una lunga attivit\u00e0 di produzione e ricerca nella musica popolare dell\u2019area italo-slovena, numerose e prestigiose collaborazioni con musicisti internazionali.<\/p>\n<p>Si sono esibiti pi\u00f9 volte insieme al celebre cantante sloveno <strong>Vlado Kreslin<\/strong>, mentre la prematura scomparsa del cantante e autore sardo <strong>Andrea Parodi<\/strong> ha bloccato troppo presto una collaborazione che intendeva fondere la cultura musicale della Sardegna con quella balcanica.<\/p>\n<p>La scelta del nome esprime la direzione transfrontaliera del trio (i componenti provengono dall&#8217;area mista italo-slovena tra Trieste, il Carso e Nova Gorica).<\/p>\n<p>Un excursus sregolato nella musica etnica, passando senza soluzione di continuit\u00e0\u00a0dalle melodie balcaniche \u2013 vera culla dei tre musicisti \u2013 al klezmer, dalla musica popolare russa ai tanghi argentini, fino ad approdare agli inni gospel e al blues. \u201cPloc\u201d in dialetto triestino significa \u201cpozzanghera\u201d e in senso lato pu\u00f2 indicare anche un insieme confuso, sporco e disordinato.<\/p>\n<p>I biglietti per il concerto (intero \u20ac 12,00 \/ ridotto \u20ac 10,00 \/ studenti \u20ac 6,00) sono disponibili presso la biglietteria del Teatro Pasolini, piazza indipendenza 34 a Cervignano del Friuli (tel. 0431.370273) e online sul sito vivaticket.it.<\/p>\n","protected":false},"excerpt":{"rendered":"<p>La musica popolare transfrontaliera protagonista dell&#8217;ultimo concerto stagionale a Cervignano.  Tra fisarmonica, sax e tromba<\/p>\n","protected":false},"author":28,"featured_media":63525,"comment_status":"closed","ping_status":"closed","template":"","tags":[119,861,261,826,55],"mec_category":[99],"class_list":["post-63524","mec-events","type-mec-events","status-publish","has-post-thumbnail","hentry","tag-cervignano","tag-concerti","tag-eventi","tag-eventi-fvg","tag-musica","mec_category-music"],"_links":{"self":[{"href":"https:\/\/imagazine.it\/home_desk\/wp-json\/wp\/v2\/mec-events\/63524","targetHints":{"allow":["GET"]}}],"collection":[{"href":"https:\/\/imagazine.it\/home_desk\/wp-json\/wp\/v2\/mec-events"}],"about":[{"href":"https:\/\/imagazine.it\/home_desk\/wp-json\/wp\/v2\/types\/mec-events"}],"author":[{"embeddable":true,"href":"https:\/\/imagazine.it\/home_desk\/wp-json\/wp\/v2\/users\/28"}],"replies":[{"embeddable":true,"href":"https:\/\/imagazine.it\/home_desk\/wp-json\/wp\/v2\/comments?post=63524"}],"wp:featuredmedia":[{"embeddable":true,"href":"https:\/\/imagazine.it\/home_desk\/wp-json\/wp\/v2\/media\/63525"}],"wp:attachment":[{"href":"https:\/\/imagazine.it\/home_desk\/wp-json\/wp\/v2\/media?parent=63524"}],"wp:term":[{"taxonomy":"post_tag","embeddable":true,"href":"https:\/\/imagazine.it\/home_desk\/wp-json\/wp\/v2\/tags?post=63524"},{"taxonomy":"mec_category","embeddable":true,"href":"https:\/\/imagazine.it\/home_desk\/wp-json\/wp\/v2\/mec_category?post=63524"}],"curies":[{"name":"wp","href":"https:\/\/api.w.org\/{rel}","templated":true}]}}

L&#8217;Etnoploč trio per il sipario del Pasolini

<p><span style="font-size: 10pt;"><em>Etnoploč Trio</em></span></p>
<p>Venerdì 21 marzo alle 20.45, sarà il trio<strong> Etnoploč </strong>a chiudere la stagione musicale del<strong> Teatro Pasolini di Cervignano</strong>, curata da <strong>Euritmica</strong>.</p>
<p>L’ultimo appuntamento è affidato al trio composto da <strong>Aleksander Ipavec </strong>alla fisarmonica, <strong><br />
Piero Purich </strong>al sax tenore e soprano,<strong> Matej Spacapan </strong>alla tromba.</p>
<p>Tre musicisti di alto valore artistico e tecnico, con una vasta esperienza in tutti i campi musicali: una lunga attività di produzione e ricerca nella musica popolare dell’area italo-slovena, numerose e prestigiose collaborazioni con musicisti internazionali.</p>
<p>Si sono esibiti più volte insieme al celebre cantante sloveno <strong>Vlado Kreslin</strong>, mentre la prematura scomparsa del cantante e autore sardo <strong>Andrea Parodi</strong> ha bloccato troppo presto una collaborazione che intendeva fondere la cultura musicale della Sardegna con quella balcanica.</p>
<p>La scelta del nome esprime la direzione transfrontaliera del trio (i componenti provengono dall&#8217;area mista italo-slovena tra Trieste, il Carso e Nova Gorica).</p>
<p>Un excursus sregolato nella musica etnica, passando senza soluzione di continuità dalle melodie balcaniche – vera culla dei tre musicisti – al klezmer, dalla musica popolare russa ai tanghi argentini, fino ad approdare agli inni gospel e al blues. “Ploc” in dialetto triestino significa “pozzanghera” e in senso lato può indicare anche un insieme confuso, sporco e disordinato.</p>
<p>I biglietti per il concerto (intero € 12,00 / ridotto € 10,00 / studenti € 6,00) sono disponibili presso la biglietteria del Teatro Pasolini, piazza indipendenza 34 a Cervignano del Friuli (tel. 0431.370273) e online sul sito vivaticket.it.</p>
