{"id":63480,"date":"2025-03-11T12:47:44","date_gmt":"2025-03-11T11:47:44","guid":{"rendered":"https:\/\/imagazine.it\/home_desk\/?post_type=mec-events&#038;p=63480"},"modified":"2025-03-11T12:47:44","modified_gmt":"2025-03-11T11:47:44","slug":"la-giornata-della-solidarieta","status":"publish","type":"mec-events","link":"https:\/\/imagazine.it\/home_desk\/events\/la-giornata-della-solidarieta\/","title":{"rendered":"La giornata della solidariet\u00e0"},"content":{"rendered":"<p>Si concluder\u00e0 <strong>domenica 16 marzo<\/strong> alle ore 12, presso il ricreatorio &#8220;Don Valeriano Lepre&#8221;, dopo la celebrazione della messa, la &#8220;Giornata della Solidariet\u00e0&#8221;, durante la quale verr\u00e0 presentato il rendiconto complessivo.<\/p>\n<p>La 29\u00aa edizione della Marcia della Solidariet\u00e0, svolta il 19 gennaio, \u00e8 stato un vero successo con 1.130 camminatori, record post-covid, provenienti da tutta la regione.<\/p>\n<p>Per concludere l&#8217;evento e fornire informazioni dettagliate, gli organizzatori hanno invitato tutti a partecipare al rendiconto, durante il quale verr\u00e0 spiegato come \u00e8 stato raccolto il contributo che sar\u00e0 consegnato ai responsabili dell&#8217;Unione Italiana Lotta alla Distrofia Muscolare (U.I.L.D.M.).<\/p>\n<p>Il programma prevede i saluti delle autorit\u00e0, il resoconto dei risultati ottenuti con l&#8217;evento e la presentazione dell&#8217;U.I.L.D.M.<\/p>\n<p>I responsabili dell&#8217;associazione illustreranno le attivit\u00e0 svolte e sar\u00e0 proiettato il video &#8220;<em>Non per carit\u00e0 ma per giustizia<\/em>&#8220;, dedicato alla memoria di Innocentino &#8220;Tino&#8221; Chiandetti, figura di spicco per decenni nel volontariato e nell&#8217;associazionismo del Friuli Venezia Giulia e non solo.<\/p>\n<p>Chiandetti ha dedicato la sua vita alla promozione dei diritti delle persone con disabilit\u00e0 ed \u00e8 stato molto attivo nell&#8217;associazione UILDM.<\/p>\n<p><em>Livio Nonis<\/em><\/p>\n","protected":false},"excerpt":{"rendered":"<p>Ruda traccia il bilancio dell&#8217;ultima edizione della marcia benefica in favore di UILDM. In memoria di Tino Chiandetti<\/p>\n","protected":false},"author":22,"featured_media":63481,"comment_status":"closed","ping_status":"closed","template":"","tags":[212,145,264,214],"mec_category":[131],"class_list":["post-63480","mec-events","type-mec-events","status-publish","has-post-thumbnail","hentry","tag-ruda","tag-solidarieta","tag-uildm","tag-volontariato","mec_category-discovery"],"_links":{"self":[{"href":"https:\/\/imagazine.it\/home_desk\/wp-json\/wp\/v2\/mec-events\/63480","targetHints":{"allow":["GET"]}}],"collection":[{"href":"https:\/\/imagazine.it\/home_desk\/wp-json\/wp\/v2\/mec-events"}],"about":[{"href":"https:\/\/imagazine.it\/home_desk\/wp-json\/wp\/v2\/types\/mec-events"}],"author":[{"embeddable":true,"href":"https:\/\/imagazine.it\/home_desk\/wp-json\/wp\/v2\/users\/22"}],"replies":[{"embeddable":true,"href":"https:\/\/imagazine.it\/home_desk\/wp-json\/wp\/v2\/comments?post=63480"}],"wp:featuredmedia":[{"embeddable":true,"href":"https:\/\/imagazine.it\/home_desk\/wp-json\/wp\/v2\/media\/63481"}],"wp:attachment":[{"href":"https:\/\/imagazine.it\/home_desk\/wp-json\/wp\/v2\/media?parent=63480"}],"wp:term":[{"taxonomy":"post_tag","embeddable":true,"href":"https:\/\/imagazine.it\/home_desk\/wp-json\/wp\/v2\/tags?post=63480"},{"taxonomy":"mec_category","embeddable":true,"href":"https:\/\/imagazine.it\/home_desk\/wp-json\/wp\/v2\/mec_category?post=63480"}],"curies":[{"name":"wp","href":"https:\/\/api.w.org\/{rel}","templated":true}]}}

La giornata della solidarietà

<p>Si concluderà <strong>domenica 16 marzo</strong> alle ore 12, presso il ricreatorio &#8220;Don Valeriano Lepre&#8221;, dopo la celebrazione della messa, la &#8220;Giornata della Solidarietà&#8221;, durante la quale verrà presentato il rendiconto complessivo.</p>
<p>La 29ª edizione della Marcia della Solidarietà, svolta il 19 gennaio, è stato un vero successo con 1.130 camminatori, record post-covid, provenienti da tutta la regione.</p>
<p>Per concludere l&#8217;evento e fornire informazioni dettagliate, gli organizzatori hanno invitato tutti a partecipare al rendiconto, durante il quale verrà spiegato come è stato raccolto il contributo che sarà consegnato ai responsabili dell&#8217;Unione Italiana Lotta alla Distrofia Muscolare (U.I.L.D.M.).</p>
<p>Il programma prevede i saluti delle autorità, il resoconto dei risultati ottenuti con l&#8217;evento e la presentazione dell&#8217;U.I.L.D.M.</p>
<p>I responsabili dell&#8217;associazione illustreranno le attività svolte e sarà proiettato il video &#8220;<em>Non per carità ma per giustizia</em>&#8220;, dedicato alla memoria di Innocentino &#8220;Tino&#8221; Chiandetti, figura di spicco per decenni nel volontariato e nell&#8217;associazionismo del Friuli Venezia Giulia e non solo.</p>
<p>Chiandetti ha dedicato la sua vita alla promozione dei diritti delle persone con disabilità ed è stato molto attivo nell&#8217;associazione UILDM.</p>
<p><em>Livio Nonis</em></p>
