{"id":63255,"date":"2025-03-06T13:32:07","date_gmt":"2025-03-06T12:32:07","guid":{"rendered":"https:\/\/imagazine.it\/home_desk\/?post_type=mec-events&#038;p=63255"},"modified":"2025-03-06T13:32:07","modified_gmt":"2025-03-06T12:32:07","slug":"angeli-e-demoni","status":"publish","type":"mec-events","link":"https:\/\/imagazine.it\/home_desk\/events\/angeli-e-demoni\/","title":{"rendered":"Angeli e Demoni"},"content":{"rendered":"<p><em><span style=\"font-size: 10pt;\">(\u00a9 Frances Marshall)<\/span><\/em><\/p>\n<p><span style=\"font-size: 12pt;\">La Societ\u00e0 dei Concerti di Trieste presenta, nell&#8217;ambito della sua 93^ stagione, un evento musicale unico per il suo tradizionale appuntamento del luned\u00ec sera. <\/span><\/p>\n<p><span style=\"font-size: 12pt;\">Il <strong>10 marzo alle 20.30<\/strong>\u00a0ospiter\u00e0 per la prima volta al <strong>Teatro Verdi<\/strong> il concerto &#8220;<em>Angeli e Demoni<\/em>&#8220;, un viaggio musicale attraverso il tempo e la spiritualit\u00e0, a cura del celebre ensemble vocale <strong>The King&#8217;s Singers<\/strong>.<\/span><\/p>\n<p><span style=\"font-size: 12pt;\">Considerati un vero e proprio &#8220;dream team&#8221; della musica polifonica per la perfezione dell&#8217;intonazione e l&#8217;ampiezza del repertorio, i King&#8217;s Singers esploreranno il potente simbolismo delle quattro figure pi\u00f9 rinomate del cristianesimo: gli angeli, i demoni, la Vergine Maria e Cristo, illuminando sia la luce che l&#8217;oscurit\u00e0 dell&#8217;esperienza umana. <\/span><\/p>\n<p><span style=\"font-size: 12pt;\">Attraverso 500 anni di musica corale, il concerto si ispirer\u00e0 a queste quattro figure centrali dell&#8217;iconografia cristiana: gli angeli, custodi dell&#8217;umanit\u00e0; i demoni, simboli del male e della tentazione; la Vergine Maria, figura di purezza e umilt\u00e0; e Cristo, cuore della fede cristiana.<\/span><\/p>\n<p><span style=\"font-size: 12pt;\">The King&#8217;s Singers, sestetto vocale maschile, sono rinomati per la loro interpretazione virtuosa di musica corale di ogni genere, dalla classica alla popolare. <\/span><\/p>\n<p><span style=\"font-size: 12pt;\">Con una sintonia musicale sorprendente e un pensiero profondo, ma sempre con un tocco di umorismo, il loro nome \u00e8 sinonimo,\u00a0da oltre 50 anni,\u00a0di eccellenza &#8220;a cappella&#8221;\u00a0per antonomasia ed \u00e8 apprezzato in tutto il mondo oltre che per le doti tecniche, per il coinvolgimento emotivo dei loro concerti, per la variet\u00e0 dei programmi e degli stili e per il\u00a0<i>sense of humour\u00a0<\/i>che caratterizza da sempre le loro esecuzioni.<\/span><\/p>\n<p><span style=\"font-size: 12pt;\">Il concerto &#8220;Angeli e Demoni&#8221; promette un&#8217;esperienza emozionante e coinvolgente, con opere di Geoffrey Poole, Edward Bairstow, Arvo P\u00e4rt, William Byrd, Judith Bingham e altri compositori in un dialogo serrato tra Rinascimento e contemporaneit\u00e0.\u00a0<\/span><\/p>\n<p><span style=\"font-size: 12pt;\">Palestrina e Byrd\u00a0sono entrambi figure fondamentali della musica vocale: l\u2019uno nella Roma della controriforma, al centro della cattolicit\u00e0, l\u2019altro nella Londra anglicana di Elisabetta I.\u00a0\u00a0<\/span><\/p>\n<p><span style=\"font-size: 12pt;\">Edward Bairstow\u00a0\u00a0e Geoffrey Poole appartengono alla feconda e ininterrotta tradizione della musica vocale inglese che giunge fino a noi. Arvo P\u00e4rt \u00e8 un nome la cui fama ha varcato i confini dei generi, e la cui musica vocale \u00e8 altrettanto amata ed eseguita di quella strumentale.<\/span><\/p>\n","protected":false},"excerpt":{"rendered":"<p>Per la prima volta arrivano a Trieste i King&#8217;s Singers per un viaggio di oltre 500 anni di musica &#8220;a cappella&#8221;<\/p>\n","protected":false},"author":28,"featured_media":63256,"comment_status":"closed","ping_status":"closed","template":"","tags":[861,261,826,55,65],"mec_category":[99],"class_list":["post-63255","mec-events","type-mec-events","status-publish","has-post-thumbnail","hentry","tag-concerti","tag-eventi","tag-eventi-fvg","tag-musica","tag-trieste","mec_category-music"],"_links":{"self":[{"href":"https:\/\/imagazine.it\/home_desk\/wp-json\/wp\/v2\/mec-events\/63255","targetHints":{"allow":["GET"]}}],"collection":[{"href":"https:\/\/imagazine.it\/home_desk\/wp-json\/wp\/v2\/mec-events"}],"about":[{"href":"https:\/\/imagazine.it\/home_desk\/wp-json\/wp\/v2\/types\/mec-events"}],"author":[{"embeddable":true,"href":"https:\/\/imagazine.it\/home_desk\/wp-json\/wp\/v2\/users\/28"}],"replies":[{"embeddable":true,"href":"https:\/\/imagazine.it\/home_desk\/wp-json\/wp\/v2\/comments?post=63255"}],"wp:featuredmedia":[{"embeddable":true,"href":"https:\/\/imagazine.it\/home_desk\/wp-json\/wp\/v2\/media\/63256"}],"wp:attachment":[{"href":"https:\/\/imagazine.it\/home_desk\/wp-json\/wp\/v2\/media?parent=63255"}],"wp:term":[{"taxonomy":"post_tag","embeddable":true,"href":"https:\/\/imagazine.it\/home_desk\/wp-json\/wp\/v2\/tags?post=63255"},{"taxonomy":"mec_category","embeddable":true,"href":"https:\/\/imagazine.it\/home_desk\/wp-json\/wp\/v2\/mec_category?post=63255"}],"curies":[{"name":"wp","href":"https:\/\/api.w.org\/{rel}","templated":true}]}}

<p><em><span style="font-size: 10pt;">(© Frances Marshall)</span></em></p>
<p><span style="font-size: 12pt;">La Società dei Concerti di Trieste presenta, nell&#8217;ambito della sua 93^ stagione, un evento musicale unico per il suo tradizionale appuntamento del lunedì sera. </span></p>
<p><span style="font-size: 12pt;">Il <strong>10 marzo alle 20.30</strong> ospiterà per la prima volta al <strong>Teatro Verdi</strong> il concerto &#8220;<em>Angeli e Demoni</em>&#8220;, un viaggio musicale attraverso il tempo e la spiritualità, a cura del celebre ensemble vocale <strong>The King&#8217;s Singers</strong>.</span></p>
<p><span style="font-size: 12pt;">Considerati un vero e proprio &#8220;dream team&#8221; della musica polifonica per la perfezione dell&#8217;intonazione e l&#8217;ampiezza del repertorio, i King&#8217;s Singers esploreranno il potente simbolismo delle quattro figure più rinomate del cristianesimo: gli angeli, i demoni, la Vergine Maria e Cristo, illuminando sia la luce che l&#8217;oscurità dell&#8217;esperienza umana. </span></p>
<p><span style="font-size: 12pt;">Attraverso 500 anni di musica corale, il concerto si ispirerà a queste quattro figure centrali dell&#8217;iconografia cristiana: gli angeli, custodi dell&#8217;umanità; i demoni, simboli del male e della tentazione; la Vergine Maria, figura di purezza e umiltà; e Cristo, cuore della fede cristiana.</span></p>
<p><span style="font-size: 12pt;">The King&#8217;s Singers, sestetto vocale maschile, sono rinomati per la loro interpretazione virtuosa di musica corale di ogni genere, dalla classica alla popolare. </span></p>
<p><span style="font-size: 12pt;">Con una sintonia musicale sorprendente e un pensiero profondo, ma sempre con un tocco di umorismo, il loro nome è sinonimo, da oltre 50 anni, di eccellenza &#8220;a cappella&#8221; per antonomasia ed è apprezzato in tutto il mondo oltre che per le doti tecniche, per il coinvolgimento emotivo dei loro concerti, per la varietà dei programmi e degli stili e per il <i>sense of humour </i>che caratterizza da sempre le loro esecuzioni.</span></p>
<p><span style="font-size: 12pt;">Il concerto &#8220;Angeli e Demoni&#8221; promette un&#8217;esperienza emozionante e coinvolgente, con opere di Geoffrey Poole, Edward Bairstow, Arvo Pärt, William Byrd, Judith Bingham e altri compositori in un dialogo serrato tra Rinascimento e contemporaneità. </span></p>
<p><span style="font-size: 12pt;">Palestrina e Byrd sono entrambi figure fondamentali della musica vocale: l’uno nella Roma della controriforma, al centro della cattolicità, l’altro nella Londra anglicana di Elisabetta I.  </span></p>
<p><span style="font-size: 12pt;">Edward Bairstow  e Geoffrey Poole appartengono alla feconda e ininterrotta tradizione della musica vocale inglese che giunge fino a noi. Arvo Pärt è un nome la cui fama ha varcato i confini dei generi, e la cui musica vocale è altrettanto amata ed eseguita di quella strumentale.</span></p>
