{"id":63199,"date":"2025-03-04T15:37:01","date_gmt":"2025-03-04T14:37:01","guid":{"rendered":"https:\/\/imagazine.it\/home_desk\/?post_type=mec-events&#038;p=63199"},"modified":"2025-03-04T15:37:01","modified_gmt":"2025-03-04T14:37:01","slug":"piante-e-popoli","status":"publish","type":"mec-events","link":"https:\/\/imagazine.it\/home_desk\/events\/piante-e-popoli\/","title":{"rendered":"Piante e popoli"},"content":{"rendered":"<p>Un viaggio fra scienza e storia sar\u00e0 il <em>fil rouge<\/em> del nuovo appuntamento in calendario <strong>gioved\u00ec 6 marzo alle 18<\/strong> nell\u2019Abbazia di Rosazzo.<\/p>\n<p>Ospite dell\u2019incontro sar\u00e0 il professore universitario e agronomo <strong>Raffaele Testolin<\/strong> autore di \u201c<em>Piante e popoli. Le specie che hanno fatto la storia dell\u2019uomo<\/em>\u201d, edito da Forum.<\/p>\n<p>L\u2019appuntamento \u00e8 il quarto della prima sezione della rassegna \u201c<em>I Colloqui dell\u2019abbazia. Il viaggio della carta geografica di Livio Felluga<\/em>\u201d, curata e presentata da <strong>Elda Felluga e Margherita Reguitti<\/strong>, promossa dall\u2019omonima Fondazione in collaborazione con la Livio Felluga.<\/p>\n<p>A partire da una robusta base scientifica e storica, l\u2019autore racconta l\u2019addomesticamento di alcune specie come cereali, patate, cotone, banane, caff\u00e8, t\u00e8.<\/p>\n<p>Documenta, anche con un ricco apparato fotografico a colori, il loro trasferimento dai luoghi di origine ad altre aree del mondo e l\u2019avvio di coltivazioni intensive che hanno stravolto ambienti e cambiato la vita a numerose popolazioni nei vari continenti.<\/p>\n<p>Oltre ad analizzare lo stato di salute di queste piante, il volume descrive le frequenti restrizioni imposte alla loro diversit\u00e0 genetica \u2013 che a volte ne minacciano la sopravvivenza \u2013 ma sottolinea anche l\u2019impegno per la loro conservazione.<\/p>\n<p>Raffaele Testolin \u00e8 un agronomo, esperto di risorse genetiche vegetali. Ha insegnato all\u2019Universit\u00e0 di Udine e tenuto corsi e seminari in numerose universit\u00e0 e centri di ricerca italiani e stranieri. Appassionato di divulgazione scientifica \u00e8 autore di oltre 200 articoli su riviste e di alcune decine di libri.<\/p>\n<p>La manifestazione \u00e8 realizzata in collaborazione con l\u2019associazione culturale Vigne Museum ed il sostegno del Comune di Manzano e di Banca Intesa SanPaolo. L\u2019orario di inizio dell\u2019incontro \u00e8 alle 18; \u00e8 gradita la prenotazione all\u2019indirizzo <a href=\"mailto:fondazione@abbaziadirosazzo.it\">fondazione@abbaziadirosazzo.it<\/a> ingresso libero fino al raggiungimento dei posti disponibili.<\/p>\n<p>Tutte le informazioni sul sito: <span style=\"text-decoration: underline;\"><a href=\"http:\/\/www.abbaziadirosazzo.it\" target=\"_blank\" rel=\"noopener\">www.abbaziadirosazzo.it<\/a><\/span> e sulle pagine social.<\/p>\n<p><em>Elisa Fucina<\/em><\/p>\n","protected":false},"excerpt":{"rendered":"<p>Le specie che hanno fatto la storia dell\u2019uomo protagoniste del libro di Raffaele Testolin, presentato all&#8217;Abbazia di Rosazzo<\/p>\n","protected":false},"author":28,"featured_media":63200,"comment_status":"closed","ping_status":"closed","template":"","tags":[261,826,273,913,911],"mec_category":[59],"class_list":["post-63199","mec-events","type-mec-events","status-publish","has-post-thumbnail","hentry","tag-eventi","tag-eventi-fvg","tag-libri","tag-manzano","tag-rosazzo","mec_category-meeting"],"_links":{"self":[{"href":"https:\/\/imagazine.it\/home_desk\/wp-json\/wp\/v2\/mec-events\/63199","targetHints":{"allow":["GET"]}}],"collection":[{"href":"https:\/\/imagazine.it\/home_desk\/wp-json\/wp\/v2\/mec-events"}],"about":[{"href":"https:\/\/imagazine.it\/home_desk\/wp-json\/wp\/v2\/types\/mec-events"}],"author":[{"embeddable":true,"href":"https:\/\/imagazine.it\/home_desk\/wp-json\/wp\/v2\/users\/28"}],"replies":[{"embeddable":true,"href":"https:\/\/imagazine.it\/home_desk\/wp-json\/wp\/v2\/comments?post=63199"}],"wp:featuredmedia":[{"embeddable":true,"href":"https:\/\/imagazine.it\/home_desk\/wp-json\/wp\/v2\/media\/63200"}],"wp:attachment":[{"href":"https:\/\/imagazine.it\/home_desk\/wp-json\/wp\/v2\/media?parent=63199"}],"wp:term":[{"taxonomy":"post_tag","embeddable":true,"href":"https:\/\/imagazine.it\/home_desk\/wp-json\/wp\/v2\/tags?post=63199"},{"taxonomy":"mec_category","embeddable":true,"href":"https:\/\/imagazine.it\/home_desk\/wp-json\/wp\/v2\/mec_category?post=63199"}],"curies":[{"name":"wp","href":"https:\/\/api.w.org\/{rel}","templated":true}]}}

<p>Un viaggio fra scienza e storia sarà il <em>fil rouge</em> del nuovo appuntamento in calendario <strong>giovedì 6 marzo alle 18</strong> nell’Abbazia di Rosazzo.</p>
<p>Ospite dell’incontro sarà il professore universitario e agronomo <strong>Raffaele Testolin</strong> autore di “<em>Piante e popoli. Le specie che hanno fatto la storia dell’uomo</em>”, edito da Forum.</p>
<p>L’appuntamento è il quarto della prima sezione della rassegna “<em>I Colloqui dell’abbazia. Il viaggio della carta geografica di Livio Felluga</em>”, curata e presentata da <strong>Elda Felluga e Margherita Reguitti</strong>, promossa dall’omonima Fondazione in collaborazione con la Livio Felluga.</p>
<p>A partire da una robusta base scientifica e storica, l’autore racconta l’addomesticamento di alcune specie come cereali, patate, cotone, banane, caffè, tè.</p>
<p>Documenta, anche con un ricco apparato fotografico a colori, il loro trasferimento dai luoghi di origine ad altre aree del mondo e l’avvio di coltivazioni intensive che hanno stravolto ambienti e cambiato la vita a numerose popolazioni nei vari continenti.</p>
<p>Oltre ad analizzare lo stato di salute di queste piante, il volume descrive le frequenti restrizioni imposte alla loro diversità genetica – che a volte ne minacciano la sopravvivenza – ma sottolinea anche l’impegno per la loro conservazione.</p>
<p>Raffaele Testolin è un agronomo, esperto di risorse genetiche vegetali. Ha insegnato all’Università di Udine e tenuto corsi e seminari in numerose università e centri di ricerca italiani e stranieri. Appassionato di divulgazione scientifica è autore di oltre 200 articoli su riviste e di alcune decine di libri.</p>
<p>La manifestazione è realizzata in collaborazione con l’associazione culturale Vigne Museum ed il sostegno del Comune di Manzano e di Banca Intesa SanPaolo. L’orario di inizio dell’incontro è alle 18; è gradita la prenotazione all’indirizzo <a href="mailto:fondazione@abbaziadirosazzo.it">fondazione@abbaziadirosazzo.it</a> ingresso libero fino al raggiungimento dei posti disponibili.</p>
<p>Tutte le informazioni sul sito: <span style="text-decoration: underline;"><a href="http://www.abbaziadirosazzo.it" target="_blank" rel="noopener">www.abbaziadirosazzo.it</a></span> e sulle pagine social.</p>
<p><em>Elisa Fucina</em></p>
