{"id":63069,"date":"2025-02-27T16:10:28","date_gmt":"2025-02-27T15:10:28","guid":{"rendered":"https:\/\/imagazine.it\/home_desk\/?post_type=mec-events&#038;p=63069"},"modified":"2025-02-27T16:10:28","modified_gmt":"2025-02-27T15:10:28","slug":"hola-frida-mandi-tina","status":"publish","type":"mec-events","link":"https:\/\/imagazine.it\/home_desk\/events\/hola-frida-mandi-tina\/","title":{"rendered":"Hola Frida, Mandi Tina"},"content":{"rendered":"<p>In occasione della <em>Giornata internazionale della donna<\/em>, la<strong> stagione musicale del Teatro Pasolini di Cervignano<\/strong> \u2013 curata da <strong>Euritmica<\/strong> \u2013 porta in scena lo spettacolo <strong><em>HOLA FRIDA, MANDI TINA<\/em> <em>la fot\u00f3grafa, la pintora &#8230;y el muralista tambi\u00e9n<\/em><\/strong>.<\/p>\n<p>Un racconto multimediale a pi\u00fa voci liberamente ispirato alle vite di <strong>Tina Modotti<\/strong> e <strong>Frida Kahlo<\/strong>.<\/p>\n<p>Una storia appassionante che unisce <strong>Tina Modotti<\/strong> \u2013 attrice friulana, militante e attivista politica, considerata una delle pi\u00f9 grandi fotografe dell&#8217;inizio del XX\u00b0 secolo \u2013 <strong>Frida Kahlo<\/strong> \u2013 artista messicana e icona femminista del Novecento \u2013 e <strong>Diego Rivera<\/strong> \u2013 pittore e muralista messicano \u2013 nelle vicende ruggenti degli anni &#8217;20.<\/p>\n<p>Il loro incontro sfoci\u00f2 in una amicizia che si trasform\u00f2 in un amore totalizzante, in una fervente adesione alla lotta politica e nel trionfo della loro sensibilit\u00e0 e creativit\u00e0 artistica.<\/p>\n<p>Lo spettacolo \u00e8 un racconto a pi\u00f9 voci, ideato da <strong>Susanna Piticco<\/strong> e <strong>Vicky Vicario<\/strong> (che ne curano anche la sceneggiatura, la regia, oltre a dar voce alle due protagoniste): documenti e filmati storici originali, le foto di Tina Modotti e i dipinti di Frida Kahlo, scorreranno sullo schermo mentre le due protagoniste raccontano le loro vite come due vecchie amiche che condividono esperienze e passioni.<\/p>\n<p>Ad accompagnare questo viaggio <em>plurisensoriale<\/em>, un quintetto di talentuosi musicisti: <strong>Marco De Biasio<\/strong> (caj\u00f3n, bombo, percussioni, colori ritmici), <strong>Peter Diaz Castillo<\/strong> (voce, quatro, chitarra), <strong>Raimondo Miotti<\/strong> (pianoforte), <strong>Fabio Moreale<\/strong> (voce, contrabbasso, quena), <strong>Marco Zancani<\/strong> (chitarre) che riproducono le melodie latinoamericane dell\u2019epoca, perfetta cornice musicale alla narrazione di <strong>Tullia De Cecco<\/strong>.<\/p>\n","protected":false},"excerpt":{"rendered":"<p>In occasione della Giornata Internazionale della donna, Cervignano ricorda Tina Modotti e Frida Kahlo<\/p>\n","protected":false},"author":28,"featured_media":63072,"comment_status":"closed","ping_status":"closed","template":"","tags":[119,861,984,387,261,826,2267,55,821],"mec_category":[99],"class_list":["post-63069","mec-events","type-mec-events","status-publish","has-post-thumbnail","hentry","tag-cervignano","tag-concerti","tag-dalla","tag-donne","tag-eventi","tag-eventi-fvg","tag-muisca","tag-musica","tag-spettacoli","mec_category-music"],"_links":{"self":[{"href":"https:\/\/imagazine.it\/home_desk\/wp-json\/wp\/v2\/mec-events\/63069","targetHints":{"allow":["GET"]}}],"collection":[{"href":"https:\/\/imagazine.it\/home_desk\/wp-json\/wp\/v2\/mec-events"}],"about":[{"href":"https:\/\/imagazine.it\/home_desk\/wp-json\/wp\/v2\/types\/mec-events"}],"author":[{"embeddable":true,"href":"https:\/\/imagazine.it\/home_desk\/wp-json\/wp\/v2\/users\/28"}],"replies":[{"embeddable":true,"href":"https:\/\/imagazine.it\/home_desk\/wp-json\/wp\/v2\/comments?post=63069"}],"wp:featuredmedia":[{"embeddable":true,"href":"https:\/\/imagazine.it\/home_desk\/wp-json\/wp\/v2\/media\/63072"}],"wp:attachment":[{"href":"https:\/\/imagazine.it\/home_desk\/wp-json\/wp\/v2\/media?parent=63069"}],"wp:term":[{"taxonomy":"post_tag","embeddable":true,"href":"https:\/\/imagazine.it\/home_desk\/wp-json\/wp\/v2\/tags?post=63069"},{"taxonomy":"mec_category","embeddable":true,"href":"https:\/\/imagazine.it\/home_desk\/wp-json\/wp\/v2\/mec_category?post=63069"}],"curies":[{"name":"wp","href":"https:\/\/api.w.org\/{rel}","templated":true}]}}

<p>In occasione della <em>Giornata internazionale della donna</em>, la<strong> stagione musicale del Teatro Pasolini di Cervignano</strong> – curata da <strong>Euritmica</strong> – porta in scena lo spettacolo <strong><em>HOLA FRIDA, MANDI TINA</em> <em>la fotógrafa, la pintora &#8230;y el muralista también</em></strong>.</p>
<p>Un racconto multimediale a piú voci liberamente ispirato alle vite di <strong>Tina Modotti</strong> e <strong>Frida Kahlo</strong>.</p>
<p>Una storia appassionante che unisce <strong>Tina Modotti</strong> – attrice friulana, militante e attivista politica, considerata una delle più grandi fotografe dell&#8217;inizio del XX° secolo – <strong>Frida Kahlo</strong> – artista messicana e icona femminista del Novecento – e <strong>Diego Rivera</strong> – pittore e muralista messicano – nelle vicende ruggenti degli anni &#8217;20.</p>
<p>Il loro incontro sfociò in una amicizia che si trasformò in un amore totalizzante, in una fervente adesione alla lotta politica e nel trionfo della loro sensibilità e creatività artistica.</p>
<p>Lo spettacolo è un racconto a più voci, ideato da <strong>Susanna Piticco</strong> e <strong>Vicky Vicario</strong> (che ne curano anche la sceneggiatura, la regia, oltre a dar voce alle due protagoniste): documenti e filmati storici originali, le foto di Tina Modotti e i dipinti di Frida Kahlo, scorreranno sullo schermo mentre le due protagoniste raccontano le loro vite come due vecchie amiche che condividono esperienze e passioni.</p>
<p>Ad accompagnare questo viaggio <em>plurisensoriale</em>, un quintetto di talentuosi musicisti: <strong>Marco De Biasio</strong> (cajón, bombo, percussioni, colori ritmici), <strong>Peter Diaz Castillo</strong> (voce, quatro, chitarra), <strong>Raimondo Miotti</strong> (pianoforte), <strong>Fabio Moreale</strong> (voce, contrabbasso, quena), <strong>Marco Zancani</strong> (chitarre) che riproducono le melodie latinoamericane dell’epoca, perfetta cornice musicale alla narrazione di <strong>Tullia De Cecco</strong>.</p>
