{"id":62998,"date":"2025-02-25T10:51:15","date_gmt":"2025-02-25T09:51:15","guid":{"rendered":"https:\/\/imagazine.it\/home_desk\/?post_type=mec-events&#038;p=62998"},"modified":"2025-03-06T12:07:19","modified_gmt":"2025-03-06T11:07:19","slug":"prospettive","status":"publish","type":"mec-events","link":"https:\/\/imagazine.it\/home_desk\/events\/prospettive\/","title":{"rendered":"Prospettive"},"content":{"rendered":"<p>Il Comune di Mossa ospita <strong><em>Prospettive<\/em><\/strong>, la mostra personale dell\u2019artista <strong>Roberto Mariano<\/strong>, che si terr\u00e0 dall\u20198 al 30 marzo presso l\u2019atrio del Municipio in via XXIV Maggio 59.<\/p>\n<p>L\u2019evento, che \u00e8 parte integrale del progetto Mosse d&#8217;Arte e in linea con la programmazione culturale di GO!2025 Capitale Europea della Cultura, rappresenta un&#8217;occasione per scoprire il lavoro di un artista che esplora nuove dimensioni visive attraverso l\u2019arte.<\/p>\n<p>La mostra sar\u00e0 inaugurata sabato 8 marzo alle ore 10, dando il via a un\u2019esposizione che invita il pubblico a riflettere sulla percezione, sulle forme e sulle infinite possibilit\u00e0 espressive.<\/p>\n<p>Attraverso le sue opere, Roberto Mariano propone uno sguardo unico sulla realt\u00e0, intrecciando tradizione e contemporaneit\u00e0 in un dialogo aperto con lo spettatore.<\/p>\n<p><strong>L\u2019ingresso alla mostra \u00e8 gratuito<\/strong> e sar\u00e0 possibile visitarla nei seguenti orari: luned\u00ec, mercoled\u00ec, gioved\u00ec: 8.20 &#8211; 13.45; marted\u00ec: 8.20 &#8211; 16; venerd\u00ec: 8.20 &#8211; 18; sabato: 8.20 &#8211; 12.45.<\/p>\n<p>Per ulteriori informazioni, contattare il Comune di Mossa (<span style=\"text-decoration: underline;\"><a href=\"http:\/\/www.comune.mossa.go.it\" data-saferedirecturl=\"https:\/\/www.google.com\/url?q=http:\/\/www.comune.mossa.go.it&amp;source=gmail&amp;ust=1740561288145000&amp;usg=AOvVaw10MC-LG18wuMqijl0frT4J\" target=\"_blank\" rel=\"noopener\">www.comune.mossa.go.it<\/a><\/span>)<\/p>\n<p>&nbsp;<\/p>\n","protected":false},"excerpt":{"rendered":"<p>A Mossa la mostra personale di Roberto Mariano. Un viaggio tra arte e visione, in dialogo aperto con lo spettatore<\/p>\n","protected":false},"author":28,"featured_media":62999,"comment_status":"closed","ping_status":"closed","template":"","tags":[165,261,826,2599,60],"mec_category":[59],"class_list":["post-62998","mec-events","type-mec-events","status-publish","has-post-thumbnail","hentry","tag-arte","tag-eventi","tag-eventi-fvg","tag-mossa","tag-mostre","mec_category-meeting"],"_links":{"self":[{"href":"https:\/\/imagazine.it\/home_desk\/wp-json\/wp\/v2\/mec-events\/62998","targetHints":{"allow":["GET"]}}],"collection":[{"href":"https:\/\/imagazine.it\/home_desk\/wp-json\/wp\/v2\/mec-events"}],"about":[{"href":"https:\/\/imagazine.it\/home_desk\/wp-json\/wp\/v2\/types\/mec-events"}],"author":[{"embeddable":true,"href":"https:\/\/imagazine.it\/home_desk\/wp-json\/wp\/v2\/users\/28"}],"replies":[{"embeddable":true,"href":"https:\/\/imagazine.it\/home_desk\/wp-json\/wp\/v2\/comments?post=62998"}],"wp:featuredmedia":[{"embeddable":true,"href":"https:\/\/imagazine.it\/home_desk\/wp-json\/wp\/v2\/media\/62999"}],"wp:attachment":[{"href":"https:\/\/imagazine.it\/home_desk\/wp-json\/wp\/v2\/media?parent=62998"}],"wp:term":[{"taxonomy":"post_tag","embeddable":true,"href":"https:\/\/imagazine.it\/home_desk\/wp-json\/wp\/v2\/tags?post=62998"},{"taxonomy":"mec_category","embeddable":true,"href":"https:\/\/imagazine.it\/home_desk\/wp-json\/wp\/v2\/mec_category?post=62998"}],"curies":[{"name":"wp","href":"https:\/\/api.w.org\/{rel}","templated":true}]}}

<p>Il Comune di Mossa ospita <strong><em>Prospettive</em></strong>, la mostra personale dell’artista <strong>Roberto Mariano</strong>, che si terrà dall’8 al 30 marzo presso l’atrio del Municipio in via XXIV Maggio 59.</p>
<p>L’evento, che è parte integrale del progetto Mosse d&#8217;Arte e in linea con la programmazione culturale di GO!2025 Capitale Europea della Cultura, rappresenta un&#8217;occasione per scoprire il lavoro di un artista che esplora nuove dimensioni visive attraverso l’arte.</p>
<p>La mostra sarà inaugurata sabato 8 marzo alle ore 10, dando il via a un’esposizione che invita il pubblico a riflettere sulla percezione, sulle forme e sulle infinite possibilità espressive.</p>
<p>Attraverso le sue opere, Roberto Mariano propone uno sguardo unico sulla realtà, intrecciando tradizione e contemporaneità in un dialogo aperto con lo spettatore.</p>
<p><strong>L’ingresso alla mostra è gratuito</strong> e sarà possibile visitarla nei seguenti orari: lunedì, mercoledì, giovedì: 8.20 &#8211; 13.45; martedì: 8.20 &#8211; 16; venerdì: 8.20 &#8211; 18; sabato: 8.20 &#8211; 12.45.</p>
<p>Per ulteriori informazioni, contattare il Comune di Mossa (<span style="text-decoration: underline;"><a href="http://www.comune.mossa.go.it" data-saferedirecturl="https://www.google.com/url?q=http://www.comune.mossa.go.it&amp;source=gmail&amp;ust=1740561288145000&amp;usg=AOvVaw10MC-LG18wuMqijl0frT4J" target="_blank" rel="noopener">www.comune.mossa.go.it</a></span>)</p>
<p>&nbsp;</p>
