{"id":62986,"date":"2025-02-24T16:55:49","date_gmt":"2025-02-24T15:55:49","guid":{"rendered":"https:\/\/imagazine.it\/home_desk\/?post_type=mec-events&#038;p=62986"},"modified":"2025-02-24T16:55:49","modified_gmt":"2025-02-24T15:55:49","slug":"mascherine-in-gara","status":"publish","type":"mec-events","link":"https:\/\/imagazine.it\/home_desk\/events\/mascherine-in-gara\/","title":{"rendered":"Mascherine in gara"},"content":{"rendered":"<p>Sabato 1 marzo dalle 14 alle 19, presso la sala della <strong>Parrocchia S. Stefano a Vermegliano<\/strong> in via Garibaldi 52, la Pro Loco di Ronchi dei Legionari organizza il pomeriggio per i bambini con una festa in maschera con l\u2019animazione a cura di Bazinga Eventi APS.<\/p>\n<p>Lo scorso anno hanno sfilato pi\u00f9 di 100 mascherine al concorso.<\/p>\n<p>Ci saranno cibo e bevande, ingresso libero e gratuito con gara carnevalesca di mascherine per ragazzi dai 0 ai 13 anni.<\/p>\n<p>Si inizia alle ore 14 con l\u2019apertura delle iscrizioni alla sfilata presso il banchetto vicino all&#8217;ingresso e con la baby dance e giocoleria dell\u2019animatrice Susy, che proceder\u00e0 fino alle ore 16.<\/p>\n<p>Alle ore 16 inizio \u201cMascherine in Gara\u201d, sfilata fino alle ore 17 circa.<\/p>\n<p>Nella pausa giuria spettacolo di bolle a cura di Susy e alle 17.30 Premiazioni \u201cMascherine in Gara\u201d.<\/p>\n<p>I partecipanti alla sfilata devono avere un&#8217;et\u00e0 tra i 0 e i 13 anni con firma in loco della liberatoria da parte di un maggiorenne per le fotografie.<\/p>\n<p>All&#8217;iscrizione sar\u00e0 assegnato un numero associato al nome e cognome, quindi non sostituibile ci si pu\u00f2 iscriversi come singolo, coppia, gruppo, se coppia o gruppo la coppa sar\u00e0 comunque unica, saranno premiati il 1\u00b0 Classificato con una coppa, il 2\u00b0 Classificato premiato con una coppa e il 3\u00b0 Classificato premiato con una coppa, tutti i partecipanti alla gara riceveranno un dolce omaggio.<\/p>\n<p>A giudicare le mascherine in sfilata ci saranno Crudelia, Posamen e altri personaggi. Info:\u00a0<a href=\"mailto:bazingaeventi@gmail.com\">bazingaeventi@gmail.com<\/a>\u00a0<a href=\"mailto:prolocoronchi@libero.it\">prolocoronchi@libero.it<\/a><\/p>\n","protected":false},"excerpt":{"rendered":"<p>A Vermegliano sfilata in maschera per bambini e ragazzi. A giudicarle una giuria d&#8217;eccezione del mondo cosplay <\/p>\n","protected":false},"author":28,"featured_media":62987,"comment_status":"closed","ping_status":"closed","template":"","tags":[],"mec_category":[71],"class_list":["post-62986","mec-events","type-mec-events","status-publish","has-post-thumbnail","hentry","mec_category-young"],"_links":{"self":[{"href":"https:\/\/imagazine.it\/home_desk\/wp-json\/wp\/v2\/mec-events\/62986","targetHints":{"allow":["GET"]}}],"collection":[{"href":"https:\/\/imagazine.it\/home_desk\/wp-json\/wp\/v2\/mec-events"}],"about":[{"href":"https:\/\/imagazine.it\/home_desk\/wp-json\/wp\/v2\/types\/mec-events"}],"author":[{"embeddable":true,"href":"https:\/\/imagazine.it\/home_desk\/wp-json\/wp\/v2\/users\/28"}],"replies":[{"embeddable":true,"href":"https:\/\/imagazine.it\/home_desk\/wp-json\/wp\/v2\/comments?post=62986"}],"wp:featuredmedia":[{"embeddable":true,"href":"https:\/\/imagazine.it\/home_desk\/wp-json\/wp\/v2\/media\/62987"}],"wp:attachment":[{"href":"https:\/\/imagazine.it\/home_desk\/wp-json\/wp\/v2\/media?parent=62986"}],"wp:term":[{"taxonomy":"post_tag","embeddable":true,"href":"https:\/\/imagazine.it\/home_desk\/wp-json\/wp\/v2\/tags?post=62986"},{"taxonomy":"mec_category","embeddable":true,"href":"https:\/\/imagazine.it\/home_desk\/wp-json\/wp\/v2\/mec_category?post=62986"}],"curies":[{"name":"wp","href":"https:\/\/api.w.org\/{rel}","templated":true}]}}

<p>Sabato 1 marzo dalle 14 alle 19, presso la sala della <strong>Parrocchia S. Stefano a Vermegliano</strong> in via Garibaldi 52, la Pro Loco di Ronchi dei Legionari organizza il pomeriggio per i bambini con una festa in maschera con l’animazione a cura di Bazinga Eventi APS.</p>
<p>Lo scorso anno hanno sfilato più di 100 mascherine al concorso.</p>
<p>Ci saranno cibo e bevande, ingresso libero e gratuito con gara carnevalesca di mascherine per ragazzi dai 0 ai 13 anni.</p>
<p>Si inizia alle ore 14 con l’apertura delle iscrizioni alla sfilata presso il banchetto vicino all&#8217;ingresso e con la baby dance e giocoleria dell’animatrice Susy, che procederà fino alle ore 16.</p>
<p>Alle ore 16 inizio “Mascherine in Gara”, sfilata fino alle ore 17 circa.</p>
<p>Nella pausa giuria spettacolo di bolle a cura di Susy e alle 17.30 Premiazioni “Mascherine in Gara”.</p>
<p>I partecipanti alla sfilata devono avere un&#8217;età tra i 0 e i 13 anni con firma in loco della liberatoria da parte di un maggiorenne per le fotografie.</p>
<p>All&#8217;iscrizione sarà assegnato un numero associato al nome e cognome, quindi non sostituibile ci si può iscriversi come singolo, coppia, gruppo, se coppia o gruppo la coppa sarà comunque unica, saranno premiati il 1° Classificato con una coppa, il 2° Classificato premiato con una coppa e il 3° Classificato premiato con una coppa, tutti i partecipanti alla gara riceveranno un dolce omaggio.</p>
<p>A giudicare le mascherine in sfilata ci saranno Crudelia, Posamen e altri personaggi. Info: <a href="mailto:bazingaeventi@gmail.com">bazingaeventi@gmail.com</a> <a href="mailto:prolocoronchi@libero.it">prolocoronchi@libero.it</a></p>
