{"id":62982,"date":"2025-02-24T15:21:34","date_gmt":"2025-02-24T14:21:34","guid":{"rendered":"https:\/\/imagazine.it\/home_desk\/?post_type=mec-events&#038;p=62982"},"modified":"2025-02-24T15:21:34","modified_gmt":"2025-02-24T14:21:34","slug":"gorizia-abbraccia-gli-overtwelve","status":"publish","type":"mec-events","link":"https:\/\/imagazine.it\/home_desk\/events\/gorizia-abbraccia-gli-overtwelve\/","title":{"rendered":"Gorizia abbraccia gli OverTwelve"},"content":{"rendered":"<p>Con lo spettacolo travolgente \u201cMusica e Parole\u201d, messo in scena dagli <strong>OverTwelve<\/strong> e la partecipazione di <strong>Gualtiero Giorgini<\/strong>, il progetto \u201cLe Mani d\u2019Oro\u201d vuole emozionare Gorizia.<\/p>\n<p>Sul palcoscenico del Kulturni Dom, <strong>gioved\u00ec 27 febbraio<\/strong>, alle 20.30, la formazione composta da <strong>40 giovani cantanti<\/strong>, diretti da <strong>Francesca Moretti<\/strong>, proporr\u00e0 un repertorio brillante e carico di energia: in programma brani che spaziano da Marco Mengoni a Max Gazz\u00e8, dai Coldplay ai Queen, da George Michael ai Pentatonix.<\/p>\n<p>Uno spettacolo adatto a tutte le et\u00e0, che rompe gli schemi del classico coro, perch\u00e9 la versatilit\u00e0 sfocia in una rappresentazione contemporanea, offrendo un&#8217;ora di musica entusiasmante e coinvolgente.<\/p>\n<p>All\u2019attore Gualtiero Giorgini il compito di fondere i linguaggi con un intreccio narrativo fra i testi delle canzoni e i motti presenti sugli assi delle carte da gioco, che ispirano tutto il progetto \u201cLe Mani d\u2019Oro\u201d.<\/p>\n<p>\u201cIl gioco delle carte, con i suoi semi, numeri, figure e colori &#8211; spiega l\u2019ideatrice e direttore artistico <strong>Lorena Matic<\/strong> &#8211; diventa momento di condivisione e socialit\u00e0, ma \u00e8 anche metafora della vita che ritroviamo nei testi delle canzoni. La terza edizione del progetto, coniuga creativit\u00e0 dei giovani, eccellenza imprenditoriale e promozione della cultura del territorio.<\/p>\n","protected":false},"excerpt":{"rendered":"<p>La formazione composta da 40 giovani cantanti protagonista di una serata evento con l&#8217;attore Gualtiero Giorgini <\/p>\n","protected":false},"author":28,"featured_media":62983,"comment_status":"closed","ping_status":"closed","template":"","tags":[861,261,826,43,55],"mec_category":[99],"class_list":["post-62982","mec-events","type-mec-events","status-publish","has-post-thumbnail","hentry","tag-concerti","tag-eventi","tag-eventi-fvg","tag-gorizia","tag-musica","mec_category-music"],"_links":{"self":[{"href":"https:\/\/imagazine.it\/home_desk\/wp-json\/wp\/v2\/mec-events\/62982","targetHints":{"allow":["GET"]}}],"collection":[{"href":"https:\/\/imagazine.it\/home_desk\/wp-json\/wp\/v2\/mec-events"}],"about":[{"href":"https:\/\/imagazine.it\/home_desk\/wp-json\/wp\/v2\/types\/mec-events"}],"author":[{"embeddable":true,"href":"https:\/\/imagazine.it\/home_desk\/wp-json\/wp\/v2\/users\/28"}],"replies":[{"embeddable":true,"href":"https:\/\/imagazine.it\/home_desk\/wp-json\/wp\/v2\/comments?post=62982"}],"wp:featuredmedia":[{"embeddable":true,"href":"https:\/\/imagazine.it\/home_desk\/wp-json\/wp\/v2\/media\/62983"}],"wp:attachment":[{"href":"https:\/\/imagazine.it\/home_desk\/wp-json\/wp\/v2\/media?parent=62982"}],"wp:term":[{"taxonomy":"post_tag","embeddable":true,"href":"https:\/\/imagazine.it\/home_desk\/wp-json\/wp\/v2\/tags?post=62982"},{"taxonomy":"mec_category","embeddable":true,"href":"https:\/\/imagazine.it\/home_desk\/wp-json\/wp\/v2\/mec_category?post=62982"}],"curies":[{"name":"wp","href":"https:\/\/api.w.org\/{rel}","templated":true}]}}

<p>Con lo spettacolo travolgente “Musica e Parole”, messo in scena dagli <strong>OverTwelve</strong> e la partecipazione di <strong>Gualtiero Giorgini</strong>, il progetto “Le Mani d’Oro” vuole emozionare Gorizia.</p>
<p>Sul palcoscenico del Kulturni Dom, <strong>giovedì 27 febbraio</strong>, alle 20.30, la formazione composta da <strong>40 giovani cantanti</strong>, diretti da <strong>Francesca Moretti</strong>, proporrà un repertorio brillante e carico di energia: in programma brani che spaziano da Marco Mengoni a Max Gazzè, dai Coldplay ai Queen, da George Michael ai Pentatonix.</p>
<p>Uno spettacolo adatto a tutte le età, che rompe gli schemi del classico coro, perché la versatilità sfocia in una rappresentazione contemporanea, offrendo un&#8217;ora di musica entusiasmante e coinvolgente.</p>
<p>All’attore Gualtiero Giorgini il compito di fondere i linguaggi con un intreccio narrativo fra i testi delle canzoni e i motti presenti sugli assi delle carte da gioco, che ispirano tutto il progetto “Le Mani d’Oro”.</p>
<p>“Il gioco delle carte, con i suoi semi, numeri, figure e colori &#8211; spiega l’ideatrice e direttore artistico <strong>Lorena Matic</strong> &#8211; diventa momento di condivisione e socialità, ma è anche metafora della vita che ritroviamo nei testi delle canzoni. La terza edizione del progetto, coniuga creatività dei giovani, eccellenza imprenditoriale e promozione della cultura del territorio.</p>
