{"id":62915,"date":"2025-02-18T15:04:22","date_gmt":"2025-02-18T14:04:22","guid":{"rendered":"https:\/\/imagazine.it\/home_desk\/?post_type=mec-events&#038;p=62915"},"modified":"2025-02-18T15:04:22","modified_gmt":"2025-02-18T14:04:22","slug":"cambia-il-percorso-del-carnevale-goriziano","status":"publish","type":"mec-events","link":"https:\/\/imagazine.it\/home_desk\/events\/cambia-il-percorso-del-carnevale-goriziano\/","title":{"rendered":"Cambia il percorso del Carnevale Goriziano"},"content":{"rendered":"<p>Domenica 23 febbraio, alle 14, prender\u00e0 il via la Sfilata di carri e gruppi mascherati del <strong>35\u00b0 Carnevale Goriziano<\/strong>. Coinvolte <strong>oltre 1.700 maschere<\/strong> tra Italia e Slovenia, con <strong>12 carri allegorici<\/strong>, <strong>17 gruppi mascherati<\/strong> e <strong>2 bande<\/strong> musicali.<\/p>\n<p>Tre le novit\u00e0 di quest\u2019anno c\u2019\u00e8 il nuovo percorso della sfilata, contrario rispetto agli anni passati, che <strong>partir\u00e0 da corso Verdi<\/strong> passando per corso Italia, via XXIV maggio, via Nazario Sauro, piazza del Municipio, via de Gasperi, via Roma, per terminare in piazza Vittoria.<\/p>\n<p>Qui ci sar\u00e0 la seconda novit\u00e0: dalle 17.30 la <strong>Gran Festa di Carnevale al coperto di un tendone<\/strong>, dedicata non solo a tutti i partecipanti alla sfilata ma anche al pubblico di bambini e adulti che ogni anno accompagna e assiste all\u2019evento. Momento clou, verso le 19, sar\u00e0 la <strong>premiazione dei carri e dei gruppi migliori<\/strong> e l\u2019incoronazione dei vincitori dell\u2019edizione 2025 del Carnevale Goriziano.<\/p>\n<p>La festa proseguir\u00e0 poi fino alle 23.<\/p>\n<p>Terza novit\u00e0, il coinvolgimento diretto di gruppi carnevaleschi della Slovenia:\u00a0Opatje Selo, Bilje e Tolmino. Il programma \u00e8 stato presentato in municipio da Luca Cagliari, assessore comunale ai Grandi eventi, e dai rappresentanti di Pro Loco Gorizia e Stile Goriziano.<\/p>\n<h3>I partecipanti<\/h3>\n<p>Sfileranno i carri di <strong>Sant\u2019Andrea<\/strong> e <strong>San Floriano del Collio<\/strong>, <strong>Savogna d\u2019Isonzo<\/strong>, <strong>San Pelagio<\/strong> (Duino Aurisina), <strong>Slivia<\/strong>, <strong>Doberd\u00f2 del Lago<\/strong>, <strong>Medeazza, Grions del Torre<\/strong>, <strong>Prepotto<\/strong>, <strong>Maniago<\/strong>, <strong>Treppo Grande<\/strong> e <strong>Vajont<\/strong>.<\/p>\n<p>Saranno valutati dalla giuria posizionata come di consueto ai Giardini pubblici in base a creativit\u00e0 e originalit\u00e0, realizzazione, numero di movimenti del carro, costumi e coreografie, numero dei partecipanti.<\/p>\n<p>All\u2019evento parteciperanno anche i gruppi sloveni di <strong>Opatje Selo<\/strong> e <strong>Bilje<\/strong>, la <strong>Banda di Tolmino<\/strong>, il <strong>gruppo bandistico Tita Michelas di Fiumicello<\/strong>, <strong>Stile Goriziano<\/strong>, <strong>Colloredo di Prato<\/strong>, <strong>Gabria<\/strong>, <strong>Cerovlje<\/strong>, <strong>Turriaco<\/strong>, <strong>Buja<\/strong>, <strong>Santa Croce<\/strong>, <strong>Opicina<\/strong>, <strong>Marcottini<\/strong>, <strong>San Mauro<\/strong>, <strong>Trebiciano<\/strong>, <strong>Basovizza<\/strong>, <strong>Monrupino<\/strong>, <strong>Prosecco Contovello<\/strong>, oltre al celeberrimo <strong>duo Livio &amp; Laura<\/strong>.<\/p>\n<p>Per i gruppi verr\u00e0 premiata creativit\u00e0 e originalit\u00e0, idea, realizzazione dei costumi, coreografia e numero partecipanti.<\/p>\n<h3>Gli altri eventi<\/h3>\n<p>L\u2019appuntamento con il <strong>Carnevale dei Bambini<\/strong> \u00e8 fissato invece per <strong>luned\u00ec 3 marzo alle 14.30<\/strong> con ritrovo davanti al Teatro Verdi e breve sfilata verso Piazza della Vittoria.<\/p>\n<p>Qui, dalle 15.30, \u00e8 previsto un concorso mascherato, animazione, giochi di magia e trucca bimbi. Alle 17.30, la proiezione del film animato al Kinemax di Gorizia.<\/p>\n<p>Ritorna anche il tradizionale appuntamento con il <strong>Funerale di Re Carnevale<\/strong>, previsto per <strong>mercoled\u00ec 5 marzo<\/strong>.<\/p>\n<p>Il ritrovo sar\u00e0 alle 16 davanti al Municipio per l\u2019orazione e l\u2019esposizione di Re Carnevale. Alle 16.45 la lettura del testamento e la cremazione del Re nell&#8217;area della Sagra di San Rocco al Baiamonti, a cura del Centro per le tradizioni popolari di Borgo San Rocco con rebechin.<\/p>\n<p>Il tutto sar\u00e0 accompagnato dalla musica dei <strong>Furlans a Manete<\/strong>.<\/p>\n<p>Alle 17.30, il goliardico corteo funebre, con i resti di Re Carnevale, percorrer\u00e0 allegramente via dei Lantieri, Piazza S. Antonio, Piazza Cavour, via Marconi, via Mazzini, piazza del Municipio e via Garibaldi, per terminare ai giardini di Corso Verdi.<\/p>\n<p><img loading=\"lazy\" decoding=\"async\" class=\"aligncenter size-large wp-image-62916\" src=\"https:\/\/imagazine.it\/wp-content\/uploads\/2025\/02\/Programma-Carnevale-726x1024.jpeg\" alt=\"\" width=\"640\" height=\"903\" title=\"\" srcset=\"https:\/\/imagazine.it\/wp-content\/uploads\/2025\/02\/Programma-Carnevale-726x1024.jpeg 726w, https:\/\/imagazine.it\/wp-content\/uploads\/2025\/02\/Programma-Carnevale-213x300.jpeg 213w, https:\/\/imagazine.it\/wp-content\/uploads\/2025\/02\/Programma-Carnevale-768x1084.jpeg 768w, https:\/\/imagazine.it\/wp-content\/uploads\/2025\/02\/Programma-Carnevale.jpeg 800w\" sizes=\"auto, (max-width: 640px) 100vw, 640px\" \/><\/p>\n","protected":false},"excerpt":{"rendered":"<p>Domenica la sfilata con oltre 1.700 partecipanti, anche dalla Slovenia. Tragitto contrario rispetto al passato. Festa in tendone in piazza Vittoria<\/p>\n","protected":false},"author":28,"featured_media":62918,"comment_status":"closed","ping_status":"closed","template":"","tags":[93,261,826,43],"mec_category":[131],"class_list":["post-62915","mec-events","type-mec-events","status-publish","has-post-thumbnail","hentry","tag-carnevale","tag-eventi","tag-eventi-fvg","tag-gorizia","mec_category-discovery"],"_links":{"self":[{"href":"https:\/\/imagazine.it\/home_desk\/wp-json\/wp\/v2\/mec-events\/62915","targetHints":{"allow":["GET"]}}],"collection":[{"href":"https:\/\/imagazine.it\/home_desk\/wp-json\/wp\/v2\/mec-events"}],"about":[{"href":"https:\/\/imagazine.it\/home_desk\/wp-json\/wp\/v2\/types\/mec-events"}],"author":[{"embeddable":true,"href":"https:\/\/imagazine.it\/home_desk\/wp-json\/wp\/v2\/users\/28"}],"replies":[{"embeddable":true,"href":"https:\/\/imagazine.it\/home_desk\/wp-json\/wp\/v2\/comments?post=62915"}],"wp:featuredmedia":[{"embeddable":true,"href":"https:\/\/imagazine.it\/home_desk\/wp-json\/wp\/v2\/media\/62918"}],"wp:attachment":[{"href":"https:\/\/imagazine.it\/home_desk\/wp-json\/wp\/v2\/media?parent=62915"}],"wp:term":[{"taxonomy":"post_tag","embeddable":true,"href":"https:\/\/imagazine.it\/home_desk\/wp-json\/wp\/v2\/tags?post=62915"},{"taxonomy":"mec_category","embeddable":true,"href":"https:\/\/imagazine.it\/home_desk\/wp-json\/wp\/v2\/mec_category?post=62915"}],"curies":[{"name":"wp","href":"https:\/\/api.w.org\/{rel}","templated":true}]}}

<p>Domenica 23 febbraio, alle 14, prenderà il via la Sfilata di carri e gruppi mascherati del <strong>35° Carnevale Goriziano</strong>. Coinvolte <strong>oltre 1.700 maschere</strong> tra Italia e Slovenia, con <strong>12 carri allegorici</strong>, <strong>17 gruppi mascherati</strong> e <strong>2 bande</strong> musicali.</p>
<p>Tre le novità di quest’anno c’è il nuovo percorso della sfilata, contrario rispetto agli anni passati, che <strong>partirà da corso Verdi</strong> passando per corso Italia, via XXIV maggio, via Nazario Sauro, piazza del Municipio, via de Gasperi, via Roma, per terminare in piazza Vittoria.</p>
<p>Qui ci sarà la seconda novità: dalle 17.30 la <strong>Gran Festa di Carnevale al coperto di un tendone</strong>, dedicata non solo a tutti i partecipanti alla sfilata ma anche al pubblico di bambini e adulti che ogni anno accompagna e assiste all’evento. Momento clou, verso le 19, sarà la <strong>premiazione dei carri e dei gruppi migliori</strong> e l’incoronazione dei vincitori dell’edizione 2025 del Carnevale Goriziano.</p>
<p>La festa proseguirà poi fino alle 23.</p>
<p>Terza novità, il coinvolgimento diretto di gruppi carnevaleschi della Slovenia: Opatje Selo, Bilje e Tolmino. Il programma è stato presentato in municipio da Luca Cagliari, assessore comunale ai Grandi eventi, e dai rappresentanti di Pro Loco Gorizia e Stile Goriziano.</p>
<h3>I partecipanti</h3>
<p>Sfileranno i carri di <strong>Sant’Andrea</strong> e <strong>San Floriano del Collio</strong>, <strong>Savogna d’Isonzo</strong>, <strong>San Pelagio</strong> (Duino Aurisina), <strong>Slivia</strong>, <strong>Doberdò del Lago</strong>, <strong>Medeazza, Grions del Torre</strong>, <strong>Prepotto</strong>, <strong>Maniago</strong>, <strong>Treppo Grande</strong> e <strong>Vajont</strong>.</p>
<p>Saranno valutati dalla giuria posizionata come di consueto ai Giardini pubblici in base a creatività e originalità, realizzazione, numero di movimenti del carro, costumi e coreografie, numero dei partecipanti.</p>
<p>All’evento parteciperanno anche i gruppi sloveni di <strong>Opatje Selo</strong> e <strong>Bilje</strong>, la <strong>Banda di Tolmino</strong>, il <strong>gruppo bandistico Tita Michelas di Fiumicello</strong>, <strong>Stile Goriziano</strong>, <strong>Colloredo di Prato</strong>, <strong>Gabria</strong>, <strong>Cerovlje</strong>, <strong>Turriaco</strong>, <strong>Buja</strong>, <strong>Santa Croce</strong>, <strong>Opicina</strong>, <strong>Marcottini</strong>, <strong>San Mauro</strong>, <strong>Trebiciano</strong>, <strong>Basovizza</strong>, <strong>Monrupino</strong>, <strong>Prosecco Contovello</strong>, oltre al celeberrimo <strong>duo Livio &amp; Laura</strong>.</p>
<p>Per i gruppi verrà premiata creatività e originalità, idea, realizzazione dei costumi, coreografia e numero partecipanti.</p>
<h3>Gli altri eventi</h3>
<p>L’appuntamento con il <strong>Carnevale dei Bambini</strong> è fissato invece per <strong>lunedì 3 marzo alle 14.30</strong> con ritrovo davanti al Teatro Verdi e breve sfilata verso Piazza della Vittoria.</p>
<p>Qui, dalle 15.30, è previsto un concorso mascherato, animazione, giochi di magia e trucca bimbi. Alle 17.30, la proiezione del film animato al Kinemax di Gorizia.</p>
<p>Ritorna anche il tradizionale appuntamento con il <strong>Funerale di Re Carnevale</strong>, previsto per <strong>mercoledì 5 marzo</strong>.</p>
<p>Il ritrovo sarà alle 16 davanti al Municipio per l’orazione e l’esposizione di Re Carnevale. Alle 16.45 la lettura del testamento e la cremazione del Re nell&#8217;area della Sagra di San Rocco al Baiamonti, a cura del Centro per le tradizioni popolari di Borgo San Rocco con rebechin.</p>
<p>Il tutto sarà accompagnato dalla musica dei <strong>Furlans a Manete</strong>.</p>
<p>Alle 17.30, il goliardico corteo funebre, con i resti di Re Carnevale, percorrerà allegramente via dei Lantieri, Piazza S. Antonio, Piazza Cavour, via Marconi, via Mazzini, piazza del Municipio e via Garibaldi, per terminare ai giardini di Corso Verdi.</p>
<p><img loading="lazy" decoding="async" class="aligncenter size-large wp-image-62916" src="https://imagazine.it/wp-content/uploads/2025/02/Programma-Carnevale-726x1024.jpeg" alt="" width="640" height="903" title="" srcset="https://imagazine.it/wp-content/uploads/2025/02/Programma-Carnevale-726x1024.jpeg 726w, https://imagazine.it/wp-content/uploads/2025/02/Programma-Carnevale-213x300.jpeg 213w, https://imagazine.it/wp-content/uploads/2025/02/Programma-Carnevale-768x1084.jpeg 768w, https://imagazine.it/wp-content/uploads/2025/02/Programma-Carnevale.jpeg 800w" sizes="auto, (max-width: 640px) 100vw, 640px" /></p>
