{"id":62804,"date":"2025-02-14T16:38:32","date_gmt":"2025-02-14T15:38:32","guid":{"rendered":"https:\/\/imagazine.it\/home_desk\/?post_type=mec-events&#038;p=62804"},"modified":"2025-02-14T16:38:32","modified_gmt":"2025-02-14T15:38:32","slug":"asu-150-anni-di-sport-in-friuli","status":"publish","type":"mec-events","link":"https:\/\/imagazine.it\/home_desk\/events\/asu-150-anni-di-sport-in-friuli\/","title":{"rendered":"ASU: 150 anni di Sport in Friuli"},"content":{"rendered":"<p><span style=\"font-size: 10pt;\"><em>Un gruppo di ginnasti e schermidori della Societ\u00e0 nel 1886<\/em><\/span><\/p>\n<p style=\"font-weight: 400;\">Il 10 gennaio 2025 ha preso il via un anno intero di eventi che suggelleranno il secolo e mezzo di storia di una delle societ\u00e0 sportive pi\u00f9 longeve non solo della regione Friuli Venezia Giulia, ma dell\u2019Italia intera: l\u2019Associazione Sportiva Udinese &#8211; ASU.<\/p>\n<p style=\"font-weight: 400;\">Seconda tappa di queste celebrazioni, in ordine di tempo, sar\u00e0 la mostra che verr\u00e0 ospitata alla\u00a0<strong>Galleria Tina Modotti di Udine<\/strong>\u00a0(via Sarpi), grazie alla collaborazione con il Comune di Udine.<\/p>\n<p style=\"font-weight: 400;\">L\u2019esposizione, intitolata\u00a0<strong>\u201c<em>ASU: 150 anni di Sport in Friuli<\/em>\u201d<\/strong>\u00a0<strong>inaugurer\u00e0 il 21 febbraio 2025, alle 18,\u00a0<\/strong>alla presenza degli assessori Federico Pirone e Chiara Dazzan oltre che del presidente dell\u2019ASU, Alessandro Nutta.<\/p>\n<p style=\"font-weight: 400;\">In mostra i cittadini e i turisti troveranno un racconto per immagini dei 150 anni di storia dell\u2019ASU, assieme a qualche cimelio.<\/p>\n<p style=\"font-weight: 400;\">Per chi ancora non la conoscesse sar\u00e0 cos\u00ec possibile vedere come la societ\u00e0 friulana sia cresciuta e cambiata assieme alla citt\u00e0 di Udine e al Friuli. Un rapporto indissolubile con il territorio testimoniato anche dalle sedi che l\u2019hanno ospitata.<\/p>\n<p style=\"font-weight: 400;\">Una storia fatta di uomini visionari (Cavalier conte Antonino Di Prampero; cavalier Angelo De Girolami; conte Francesco Caratti; avvocato Carlo Luigi Schiavi; Giovan Battista Tellini; Francesco Braida; Lanfranco Morgante; Carlo Facci; avvocato Adolfo Centa; Enrico del Fabbro; avvocato Giovan Battista Antonini; professor Giovanni Marinelli; Luigi Marchesetti; avvocato Giacomo Baschiera) che hanno creduto in un\u2019idea: fondare una societ\u00e0 sportiva a favore dei giovani udinesi.<\/p>\n<p style=\"font-weight: 400;\">Uomini che forse non avrebbero creduto di dare forma a una polisportiva che oggi conta quasi duemila tesserati, dopo aver superato tutte le sfide che la storia gli ha posto. Una polisportiva che a 150 anni \u00e8 proiettata ancora verso il futuro.<\/p>\n<p style=\"font-weight: 400;\">La mostra, a ingresso gratuito, rester\u00e0 <strong>visitabile fino al 2 marzo<\/strong>, nei fine settimana: nelle giornate di <strong>venerd\u00ec dalle 15 alle 18.30; sabato dalle 10 alle 19; domenica dalle 10-18.30<\/strong>.<\/p>\n","protected":false},"excerpt":{"rendered":"<p>In mostra alla Galleria &#8220;Tina Modotti&#8221; di Udine un racconto per immagini della storia della polisportiva friulana<\/p>\n","protected":false},"author":28,"featured_media":62805,"comment_status":"closed","ping_status":"closed","template":"","tags":[477,261,826,476,60,101],"mec_category":[59],"class_list":["post-62804","mec-events","type-mec-events","status-publish","has-post-thumbnail","hentry","tag-asu","tag-eventi","tag-eventi-fvg","tag-ginnastica","tag-mostre","tag-udine","mec_category-meeting"],"_links":{"self":[{"href":"https:\/\/imagazine.it\/home_desk\/wp-json\/wp\/v2\/mec-events\/62804","targetHints":{"allow":["GET"]}}],"collection":[{"href":"https:\/\/imagazine.it\/home_desk\/wp-json\/wp\/v2\/mec-events"}],"about":[{"href":"https:\/\/imagazine.it\/home_desk\/wp-json\/wp\/v2\/types\/mec-events"}],"author":[{"embeddable":true,"href":"https:\/\/imagazine.it\/home_desk\/wp-json\/wp\/v2\/users\/28"}],"replies":[{"embeddable":true,"href":"https:\/\/imagazine.it\/home_desk\/wp-json\/wp\/v2\/comments?post=62804"}],"wp:featuredmedia":[{"embeddable":true,"href":"https:\/\/imagazine.it\/home_desk\/wp-json\/wp\/v2\/media\/62805"}],"wp:attachment":[{"href":"https:\/\/imagazine.it\/home_desk\/wp-json\/wp\/v2\/media?parent=62804"}],"wp:term":[{"taxonomy":"post_tag","embeddable":true,"href":"https:\/\/imagazine.it\/home_desk\/wp-json\/wp\/v2\/tags?post=62804"},{"taxonomy":"mec_category","embeddable":true,"href":"https:\/\/imagazine.it\/home_desk\/wp-json\/wp\/v2\/mec_category?post=62804"}],"curies":[{"name":"wp","href":"https:\/\/api.w.org\/{rel}","templated":true}]}}

<p><span style="font-size: 10pt;"><em>Un gruppo di ginnasti e schermidori della Società nel 1886</em></span></p>
<p style="font-weight: 400;">Il 10 gennaio 2025 ha preso il via un anno intero di eventi che suggelleranno il secolo e mezzo di storia di una delle società sportive più longeve non solo della regione Friuli Venezia Giulia, ma dell’Italia intera: l’Associazione Sportiva Udinese &#8211; ASU.</p>
<p style="font-weight: 400;">Seconda tappa di queste celebrazioni, in ordine di tempo, sarà la mostra che verrà ospitata alla <strong>Galleria Tina Modotti di Udine</strong> (via Sarpi), grazie alla collaborazione con il Comune di Udine.</p>
<p style="font-weight: 400;">L’esposizione, intitolata <strong>“<em>ASU: 150 anni di Sport in Friuli</em>”</strong> <strong>inaugurerà il 21 febbraio 2025, alle 18, </strong>alla presenza degli assessori Federico Pirone e Chiara Dazzan oltre che del presidente dell’ASU, Alessandro Nutta.</p>
<p style="font-weight: 400;">In mostra i cittadini e i turisti troveranno un racconto per immagini dei 150 anni di storia dell’ASU, assieme a qualche cimelio.</p>
<p style="font-weight: 400;">Per chi ancora non la conoscesse sarà così possibile vedere come la società friulana sia cresciuta e cambiata assieme alla città di Udine e al Friuli. Un rapporto indissolubile con il territorio testimoniato anche dalle sedi che l’hanno ospitata.</p>
<p style="font-weight: 400;">Una storia fatta di uomini visionari (Cavalier conte Antonino Di Prampero; cavalier Angelo De Girolami; conte Francesco Caratti; avvocato Carlo Luigi Schiavi; Giovan Battista Tellini; Francesco Braida; Lanfranco Morgante; Carlo Facci; avvocato Adolfo Centa; Enrico del Fabbro; avvocato Giovan Battista Antonini; professor Giovanni Marinelli; Luigi Marchesetti; avvocato Giacomo Baschiera) che hanno creduto in un’idea: fondare una società sportiva a favore dei giovani udinesi.</p>
<p style="font-weight: 400;">Uomini che forse non avrebbero creduto di dare forma a una polisportiva che oggi conta quasi duemila tesserati, dopo aver superato tutte le sfide che la storia gli ha posto. Una polisportiva che a 150 anni è proiettata ancora verso il futuro.</p>
<p style="font-weight: 400;">La mostra, a ingresso gratuito, resterà <strong>visitabile fino al 2 marzo</strong>, nei fine settimana: nelle giornate di <strong>venerdì dalle 15 alle 18.30; sabato dalle 10 alle 19; domenica dalle 10-18.30</strong>.</p>
