{"id":62789,"date":"2025-02-14T12:05:46","date_gmt":"2025-02-14T11:05:46","guid":{"rendered":"https:\/\/imagazine.it\/home_desk\/?post_type=mec-events&#038;p=62789"},"modified":"2025-02-14T12:05:46","modified_gmt":"2025-02-14T11:05:46","slug":"bici-e-sostenibilita-tra-storia-e-diritti","status":"publish","type":"mec-events","link":"https:\/\/imagazine.it\/home_desk\/events\/bici-e-sostenibilita-tra-storia-e-diritti\/","title":{"rendered":"Bici \u00e8 sostenibilit\u00e0. Tra storia e diritti"},"content":{"rendered":"<p id=\"m_1830809676826565178m_4206778559450767218m_-5519650529915929234docs-internal-guid-e70b9eaa-7fff-d919-ab08-7ca6ccc6c1c8\" dir=\"ltr\">Esposizione fotografica presso l&#8217;ingresso del <strong>municipio di Turriaco<\/strong>, nell&#8217;ambito del Festival &#8220;Bici \u00e8 sostenibilit\u00e0. Tra storia e diritti&#8221;, organizzato dall&#8217;amministrazione comunale in collaborazione con Culturaglobale aps e con il contributo del GECT.<\/p>\n<p id=\"m_1830809676826565178m_4206778559450767218m_-5519650529915929234docs-internal-guid-e70b9eaa-7fff-d919-ab08-7ca6ccc6c1c8\" dir=\"ltr\">In mostra una ventina di scatti fotografici in bianco e nero di <strong>Lucio Ulian<\/strong>, goriziano d&#8217;origine ma residente da anni a San Dorligo, fotografo per passione, che a Turriaco ha gi\u00e0 esposto pi\u00f9 volte negli anni scorsi e ha all&#8217;attivo esposizioni in regione, da Gorizia, dove si \u00e8 appena conclusa una sua temporanea, a Trieste e area limitrofa.<\/p>\n<p dir=\"ltr\">&#8220;Quello che mi spinge a ricercare immagini \u00e8 la trasmissione di sentimenti, emozioni, passione o pura bellezza&#8221; racconta l&#8217;autore.<\/p>\n<p dir=\"ltr\">&#8220;Anche quando si pedala in gruppo &#8211; aggiunge &#8211; ciascuno \u00e8 portato a essere solo con la propria fatica, con i propri pensieri, la propria gioia e la propria tristezza. Allora il viaggio diventa molteplice, portandoci verso luoghi fisici e, nel contempo, luoghi delle emozioni e dello spirito&#8221;.<\/p>\n<p dir=\"ltr\">In questo percorso quello che era un semplice oggetto diventa un viatico del sogno: \u201cbici \u00e8 poesia\u201d.<\/p>\n<p dir=\"ltr\">A completare le immagini, delle suggestioni poetiche: da Gozzano a Pascoli, attraverso Calvino e Michelstaedter, per arrivare a Piumini e agli Haiku di Pino Pace.<\/p>\n<p dir=\"ltr\">La mostra \u00e8 <strong>visitabile fino al 7 marzo<\/strong> dalle 8.30 alle 13 <strong>dal luned\u00ec al venerd\u00ec<\/strong> e anche nei pomeriggi di luned\u00ec e mercoled\u00ec dalle 15 alle 18.<\/p>\n<p dir=\"ltr\"><em>Livio Nonis<\/em><\/p>\n<p dir=\"ltr\"><img loading=\"lazy\" decoding=\"async\" class=\"aligncenter size-full wp-image-62790\" src=\"https:\/\/imagazine.it\/wp-content\/uploads\/2025\/02\/bicipoesia.jpg\" alt=\"\" width=\"700\" height=\"990\" title=\"\" srcset=\"https:\/\/imagazine.it\/wp-content\/uploads\/2025\/02\/bicipoesia.jpg 700w, https:\/\/imagazine.it\/wp-content\/uploads\/2025\/02\/bicipoesia-212x300.jpg 212w\" sizes=\"auto, (max-width: 700px) 100vw, 700px\" \/><\/p>\n","protected":false},"excerpt":{"rendered":"<p>A Turriaco gli scatti fotografici in bianco e nero di Lucio Ulian accompagnati da suggestioni poetiche<\/p>\n","protected":false},"author":22,"featured_media":62791,"comment_status":"closed","ping_status":"closed","template":"","tags":[194,261,826,60,1666],"mec_category":[59],"class_list":["post-62789","mec-events","type-mec-events","status-publish","has-post-thumbnail","hentry","tag-bici","tag-eventi","tag-eventi-fvg","tag-mostre","tag-turriaco","mec_category-meeting"],"_links":{"self":[{"href":"https:\/\/imagazine.it\/home_desk\/wp-json\/wp\/v2\/mec-events\/62789","targetHints":{"allow":["GET"]}}],"collection":[{"href":"https:\/\/imagazine.it\/home_desk\/wp-json\/wp\/v2\/mec-events"}],"about":[{"href":"https:\/\/imagazine.it\/home_desk\/wp-json\/wp\/v2\/types\/mec-events"}],"author":[{"embeddable":true,"href":"https:\/\/imagazine.it\/home_desk\/wp-json\/wp\/v2\/users\/22"}],"replies":[{"embeddable":true,"href":"https:\/\/imagazine.it\/home_desk\/wp-json\/wp\/v2\/comments?post=62789"}],"wp:featuredmedia":[{"embeddable":true,"href":"https:\/\/imagazine.it\/home_desk\/wp-json\/wp\/v2\/media\/62791"}],"wp:attachment":[{"href":"https:\/\/imagazine.it\/home_desk\/wp-json\/wp\/v2\/media?parent=62789"}],"wp:term":[{"taxonomy":"post_tag","embeddable":true,"href":"https:\/\/imagazine.it\/home_desk\/wp-json\/wp\/v2\/tags?post=62789"},{"taxonomy":"mec_category","embeddable":true,"href":"https:\/\/imagazine.it\/home_desk\/wp-json\/wp\/v2\/mec_category?post=62789"}],"curies":[{"name":"wp","href":"https:\/\/api.w.org\/{rel}","templated":true}]}}

Bici è sostenibilità. Tra storia e diritti

<p id="m_1830809676826565178m_4206778559450767218m_-5519650529915929234docs-internal-guid-e70b9eaa-7fff-d919-ab08-7ca6ccc6c1c8" dir="ltr">Esposizione fotografica presso l&#8217;ingresso del <strong>municipio di Turriaco</strong>, nell&#8217;ambito del Festival &#8220;Bici è sostenibilità. Tra storia e diritti&#8221;, organizzato dall&#8217;amministrazione comunale in collaborazione con Culturaglobale aps e con il contributo del GECT.</p>
<p id="m_1830809676826565178m_4206778559450767218m_-5519650529915929234docs-internal-guid-e70b9eaa-7fff-d919-ab08-7ca6ccc6c1c8" dir="ltr">In mostra una ventina di scatti fotografici in bianco e nero di <strong>Lucio Ulian</strong>, goriziano d&#8217;origine ma residente da anni a San Dorligo, fotografo per passione, che a Turriaco ha già esposto più volte negli anni scorsi e ha all&#8217;attivo esposizioni in regione, da Gorizia, dove si è appena conclusa una sua temporanea, a Trieste e area limitrofa.</p>
<p dir="ltr">&#8220;Quello che mi spinge a ricercare immagini è la trasmissione di sentimenti, emozioni, passione o pura bellezza&#8221; racconta l&#8217;autore.</p>
<p dir="ltr">&#8220;Anche quando si pedala in gruppo &#8211; aggiunge &#8211; ciascuno è portato a essere solo con la propria fatica, con i propri pensieri, la propria gioia e la propria tristezza. Allora il viaggio diventa molteplice, portandoci verso luoghi fisici e, nel contempo, luoghi delle emozioni e dello spirito&#8221;.</p>
<p dir="ltr">In questo percorso quello che era un semplice oggetto diventa un viatico del sogno: “bici è poesia”.</p>
<p dir="ltr">A completare le immagini, delle suggestioni poetiche: da Gozzano a Pascoli, attraverso Calvino e Michelstaedter, per arrivare a Piumini e agli Haiku di Pino Pace.</p>
<p dir="ltr">La mostra è <strong>visitabile fino al 7 marzo</strong> dalle 8.30 alle 13 <strong>dal lunedì al venerdì</strong> e anche nei pomeriggi di lunedì e mercoledì dalle 15 alle 18.</p>
<p dir="ltr"><em>Livio Nonis</em></p>
<p dir="ltr"><img loading="lazy" decoding="async" class="aligncenter size-full wp-image-62790" src="https://imagazine.it/wp-content/uploads/2025/02/bicipoesia.jpg" alt="" width="700" height="990" title="" srcset="https://imagazine.it/wp-content/uploads/2025/02/bicipoesia.jpg 700w, https://imagazine.it/wp-content/uploads/2025/02/bicipoesia-212x300.jpg 212w" sizes="auto, (max-width: 700px) 100vw, 700px" /></p>
