{"id":62774,"date":"2025-02-13T17:41:45","date_gmt":"2025-02-13T16:41:45","guid":{"rendered":"https:\/\/imagazine.it\/home_desk\/?post_type=mec-events&#038;p=62774"},"modified":"2025-02-13T17:47:43","modified_gmt":"2025-02-13T16:47:43","slug":"romanticissimo-cajkovskij","status":"publish","type":"mec-events","link":"https:\/\/imagazine.it\/home_desk\/events\/romanticissimo-cajkovskij\/","title":{"rendered":"Romanticissimo \u010cajkovskij"},"content":{"rendered":"<p><span style=\"font-size: 10pt;\"><em>J\u00e9r\u00e9mie Rhorer<\/em><\/span><\/p>\n<p>Nel giorno di <strong>San Valentino<\/strong>, il <strong>Teatro Nuovo <\/strong>dedica a tutti gli innamorati un concerto fatto di romanticismo musicale allo stato puro.<\/p>\n<p><strong>Venerd\u00ec 14 febbraio con inizio alle 20.30<\/strong>, saranno infatti protagoniste al Giovanni da Udine la passione, lo struggimento, ma anche l\u2019estasi e la contemplazione: tutte emozioni che il compositore pi\u00f9 romantico dei romantici, <strong>P\u00ebtr Il&#8217;i\u010d \u010cajkovskij<\/strong>, \u00e8 riuscito a concentrare nelle sue meravigliose opere.<\/p>\n<p>Cuore del programma \u00e8 infatti il <strong>Concerto per violino e orchestra<\/strong> che il compositore russo scrisse nel 1878 per un amante segreto, e inconfessabile. E poi la sua ultima sinfonia, la <strong><em>Sesta<\/em><\/strong>, intitolata \u201cPatetica\u201d che venne seguita per la prima volta solo 6 giorni prima della morte di \u010cajkovskij, nel 1893: uno dei capolavori assoluti di tutto il repertorio sinfonico, concepito come il riassunto della vita di un\u2019anima sensibile, in bilico tra aspirazioni e delusioni.<\/p>\n<p>L\u2019esecuzione di queste splendide pagine \u00e8 affidata alla <strong>Deutsche Kammerphilharmonie Bremen<\/strong>, riconosciuta compagine di indiscusso livello internazionale, diretta per l\u2019occasione da <strong>J\u00e9r\u00e9mie Rhorer<\/strong>, particolarmente apprezzato per la sua versatilit\u00e0 e creativit\u00e0.<\/p>\n<p>Nel ruolo di solista sar\u00e0 impegnata la violinista sudcoreana <strong>Bomsori<\/strong>, da poco artista in esclusiva della prestigiosa etichetta discografica Deutsche Grammophone, talento prodigioso che unisce ad una musicalit\u00e0 di rara finezza un suono di cristallina trasparenza.<\/p>\n","protected":false},"excerpt":{"rendered":"<p>Al Teatro Nuovo Giovanni da Udine per San Valentino un concerto dedicato a tutti gli innamorati. Con la Deutsche Kammerphilharmonie Bremen<\/p>\n","protected":false},"author":28,"featured_media":62775,"comment_status":"closed","ping_status":"closed","template":"","tags":[861,261,826,55,464,101],"mec_category":[99],"class_list":["post-62774","mec-events","type-mec-events","status-publish","has-post-thumbnail","hentry","tag-concerti","tag-eventi","tag-eventi-fvg","tag-musica","tag-san-valentino","tag-udine","mec_category-music"],"_links":{"self":[{"href":"https:\/\/imagazine.it\/home_desk\/wp-json\/wp\/v2\/mec-events\/62774","targetHints":{"allow":["GET"]}}],"collection":[{"href":"https:\/\/imagazine.it\/home_desk\/wp-json\/wp\/v2\/mec-events"}],"about":[{"href":"https:\/\/imagazine.it\/home_desk\/wp-json\/wp\/v2\/types\/mec-events"}],"author":[{"embeddable":true,"href":"https:\/\/imagazine.it\/home_desk\/wp-json\/wp\/v2\/users\/28"}],"replies":[{"embeddable":true,"href":"https:\/\/imagazine.it\/home_desk\/wp-json\/wp\/v2\/comments?post=62774"}],"wp:featuredmedia":[{"embeddable":true,"href":"https:\/\/imagazine.it\/home_desk\/wp-json\/wp\/v2\/media\/62775"}],"wp:attachment":[{"href":"https:\/\/imagazine.it\/home_desk\/wp-json\/wp\/v2\/media?parent=62774"}],"wp:term":[{"taxonomy":"post_tag","embeddable":true,"href":"https:\/\/imagazine.it\/home_desk\/wp-json\/wp\/v2\/tags?post=62774"},{"taxonomy":"mec_category","embeddable":true,"href":"https:\/\/imagazine.it\/home_desk\/wp-json\/wp\/v2\/mec_category?post=62774"}],"curies":[{"name":"wp","href":"https:\/\/api.w.org\/{rel}","templated":true}]}}

Romanticissimo Čajkovskij

<p><span style="font-size: 10pt;"><em>Jérémie Rhorer</em></span></p>
<p>Nel giorno di <strong>San Valentino</strong>, il <strong>Teatro Nuovo </strong>dedica a tutti gli innamorati un concerto fatto di romanticismo musicale allo stato puro.</p>
<p><strong>Venerdì 14 febbraio con inizio alle 20.30</strong>, saranno infatti protagoniste al Giovanni da Udine la passione, lo struggimento, ma anche l’estasi e la contemplazione: tutte emozioni che il compositore più romantico dei romantici, <strong>Pëtr Il&#8217;ič Čajkovskij</strong>, è riuscito a concentrare nelle sue meravigliose opere.</p>
<p>Cuore del programma è infatti il <strong>Concerto per violino e orchestra</strong> che il compositore russo scrisse nel 1878 per un amante segreto, e inconfessabile. E poi la sua ultima sinfonia, la <strong><em>Sesta</em></strong>, intitolata “Patetica” che venne seguita per la prima volta solo 6 giorni prima della morte di Čajkovskij, nel 1893: uno dei capolavori assoluti di tutto il repertorio sinfonico, concepito come il riassunto della vita di un’anima sensibile, in bilico tra aspirazioni e delusioni.</p>
<p>L’esecuzione di queste splendide pagine è affidata alla <strong>Deutsche Kammerphilharmonie Bremen</strong>, riconosciuta compagine di indiscusso livello internazionale, diretta per l’occasione da <strong>Jérémie Rhorer</strong>, particolarmente apprezzato per la sua versatilità e creatività.</p>
<p>Nel ruolo di solista sarà impegnata la violinista sudcoreana <strong>Bomsori</strong>, da poco artista in esclusiva della prestigiosa etichetta discografica Deutsche Grammophone, talento prodigioso che unisce ad una musicalità di rara finezza un suono di cristallina trasparenza.</p>
