{"id":62763,"date":"2025-02-13T16:02:31","date_gmt":"2025-02-13T15:02:31","guid":{"rendered":"https:\/\/imagazine.it\/home_desk\/?post_type=mec-events&#038;p=62763"},"modified":"2025-02-13T16:02:31","modified_gmt":"2025-02-13T15:02:31","slug":"echi-del-tempo-fotografie-per-una-memoria-identitaria","status":"publish","type":"mec-events","link":"https:\/\/imagazine.it\/home_desk\/events\/echi-del-tempo-fotografie-per-una-memoria-identitaria\/","title":{"rendered":"Echi del tempo. Fotografie per una memoria identitaria"},"content":{"rendered":"<p><span style=\"font-size: 10pt;\"><em>Ulderica Da Pozzo<\/em><\/span><\/p>\n<p>Restituire l\u2019impronta delle \u201ccose\u201d dimenticate nelle stanze e nelle case oggi abbandonate nella sua Carnia e in tutta la montagna, e poi da Erto alle Valli del Natisone, al Friuli di mezzo<strong>. <\/strong><\/p>\n<p>\u00c8 questo il filo rosso della personale della foto-artista<strong> Ulderica Da Pozzo<\/strong>, <em>Echi del tempo. Fotografie per una memoria identitaria<\/em>.<\/p>\n<p>\u00ab\u00c8 una mostra \u2013 racconta l\u2019artista Ulderica Da Pozzo \u2013 che spiega la forza della fotografia, la sua capacit\u00e0 di raccontare luoghi e persone che non ci sono pi\u00f9. Come per il mio borgo, Campivolo, nella parte pi\u00f9 antica di Ravascletto. L&#8217;ho visto trasformarsi nel tempo, e adesso non c&#8217;\u00e8 pi\u00f9. In questa mostra ci sono gli echi di quel tempo, quarant&#8217;anni di sguardi e di stanze che nel tempo sono cambiati, oggi spesso sono vuoti e disabitati. Nel mio lavoro di fotografa da sempre cerco il tempo, nelle cose: soprattutto il tempo che non c&#8217;\u00e8 pi\u00f9\u00bb.<\/p>\n<p>Promossa dal <strong>CICP \u2013 Centro Iniziative Culturali Pordenone<\/strong>, curata dal critico e storico dell\u2019arte <strong>Angelo Bertani<\/strong>, il percorso espositivo propone 55 opere fotografiche di alto valore antropologico, che risalgono agli anni \u201990.<\/p>\n<p>La mostra si aprir\u00e0 <strong>sabato 15 febbraio <\/strong>alle 17.30 a<strong> Pordenone, nella Galleria Sagittaria<\/strong> del Centro Iniziative Culturali Pordenone, in Via Concordia 7 a Casa Zanussi, dove rester\u00e0 visitabile <strong>fino al 5 aprile<\/strong>.<\/p>\n<p>Visite con ingresso gratuito da luned\u00ec a sabato in orario 9<strong>&#8211;<\/strong>19.<\/p>\n<p>Info: <span style=\"text-decoration: underline;\"><a href=\"http:\/\/www.centroculturapordenone.it\/cicp\" target=\"_blank\" rel=\"noopener\">www.centroculturapordenone.it\/cicp<\/a><\/span><\/p>\n","protected":false},"excerpt":{"rendered":"<p>Pordenone ospita la mostra della foto-artista Ulderica Da Pozzo: &#8220;Cerco il tempo nelle cose: soprattutto il tempo che non c&#8217;\u00e8 pi\u00f9&#8221;<\/p>\n","protected":false},"author":28,"featured_media":62764,"comment_status":"closed","ping_status":"closed","template":"","tags":[2778,261,826,293,60,2777,275],"mec_category":[59],"class_list":["post-62763","mec-events","type-mec-events","status-publish","has-post-thumbnail","hentry","tag-da-pozzo","tag-eventi","tag-eventi-fvg","tag-fotografia","tag-mostre","tag-passato","tag-pordenone","mec_category-meeting"],"_links":{"self":[{"href":"https:\/\/imagazine.it\/home_desk\/wp-json\/wp\/v2\/mec-events\/62763","targetHints":{"allow":["GET"]}}],"collection":[{"href":"https:\/\/imagazine.it\/home_desk\/wp-json\/wp\/v2\/mec-events"}],"about":[{"href":"https:\/\/imagazine.it\/home_desk\/wp-json\/wp\/v2\/types\/mec-events"}],"author":[{"embeddable":true,"href":"https:\/\/imagazine.it\/home_desk\/wp-json\/wp\/v2\/users\/28"}],"replies":[{"embeddable":true,"href":"https:\/\/imagazine.it\/home_desk\/wp-json\/wp\/v2\/comments?post=62763"}],"wp:featuredmedia":[{"embeddable":true,"href":"https:\/\/imagazine.it\/home_desk\/wp-json\/wp\/v2\/media\/62764"}],"wp:attachment":[{"href":"https:\/\/imagazine.it\/home_desk\/wp-json\/wp\/v2\/media?parent=62763"}],"wp:term":[{"taxonomy":"post_tag","embeddable":true,"href":"https:\/\/imagazine.it\/home_desk\/wp-json\/wp\/v2\/tags?post=62763"},{"taxonomy":"mec_category","embeddable":true,"href":"https:\/\/imagazine.it\/home_desk\/wp-json\/wp\/v2\/mec_category?post=62763"}],"curies":[{"name":"wp","href":"https:\/\/api.w.org\/{rel}","templated":true}]}}

<p><span style="font-size: 10pt;"><em>Ulderica Da Pozzo</em></span></p>
<p>Restituire l’impronta delle “cose” dimenticate nelle stanze e nelle case oggi abbandonate nella sua Carnia e in tutta la montagna, e poi da Erto alle Valli del Natisone, al Friuli di mezzo<strong>. </strong></p>
<p>È questo il filo rosso della personale della foto-artista<strong> Ulderica Da Pozzo</strong>, <em>Echi del tempo. Fotografie per una memoria identitaria</em>.</p>
<p>«È una mostra – racconta l’artista Ulderica Da Pozzo – che spiega la forza della fotografia, la sua capacità di raccontare luoghi e persone che non ci sono più. Come per il mio borgo, Campivolo, nella parte più antica di Ravascletto. L&#8217;ho visto trasformarsi nel tempo, e adesso non c&#8217;è più. In questa mostra ci sono gli echi di quel tempo, quarant&#8217;anni di sguardi e di stanze che nel tempo sono cambiati, oggi spesso sono vuoti e disabitati. Nel mio lavoro di fotografa da sempre cerco il tempo, nelle cose: soprattutto il tempo che non c&#8217;è più».</p>
<p>Promossa dal <strong>CICP – Centro Iniziative Culturali Pordenone</strong>, curata dal critico e storico dell’arte <strong>Angelo Bertani</strong>, il percorso espositivo propone 55 opere fotografiche di alto valore antropologico, che risalgono agli anni ’90.</p>
<p>La mostra si aprirà <strong>sabato 15 febbraio </strong>alle 17.30 a<strong> Pordenone, nella Galleria Sagittaria</strong> del Centro Iniziative Culturali Pordenone, in Via Concordia 7 a Casa Zanussi, dove resterà visitabile <strong>fino al 5 aprile</strong>.</p>
<p>Visite con ingresso gratuito da lunedì a sabato in orario 9<strong>&#8211;</strong>19.</p>
<p>Info: <span style="text-decoration: underline;"><a href="http://www.centroculturapordenone.it/cicp" target="_blank" rel="noopener">www.centroculturapordenone.it/cicp</a></span></p>

<p>Pordenone ospita la mostra della foto-artista Ulderica Da Pozzo: &#8220;Cerco il tempo nelle cose: soprattutto il tempo che non c&#8217;è più&#8221;</p>
