{"id":62713,"date":"2025-02-12T11:35:26","date_gmt":"2025-02-12T10:35:26","guid":{"rendered":"https:\/\/imagazine.it\/home_desk\/?post_type=mec-events&#038;p=62713"},"modified":"2025-02-12T12:10:57","modified_gmt":"2025-02-12T11:10:57","slug":"casarsa-brinda-con-la-sagra-del-vino","status":"publish","type":"mec-events","link":"https:\/\/imagazine.it\/home_desk\/events\/casarsa-brinda-con-la-sagra-del-vino\/","title":{"rendered":"Casarsa brinda con la Sagra del Vino"},"content":{"rendered":"<p>Ufficializzate le date della <strong>Sagra del Vino di Casarsa della Delizia<\/strong>, che si terr\u00e0 <strong>dal 24 aprile al 5 maggio 2025<\/strong>.<\/p>\n<p>Per 12 giorni consecutivi il paese si trasformer\u00e0 in un palcoscenico di eventi, degustazioni enogastronomiche, musica, mostre e attivit\u00e0 pensate per ogni fascia di et\u00e0, senza dimenticare il Luna park.<\/p>\n<p>Il programma della manifestazione enogastronomica storica\u00a0del\u00a0Friuli Venezia Giulia \u2013 organizzata da <strong>Comune e Pro Casarsa della Delizia<\/strong>, in collaborazione con La Delizia Viticoltori Friulani \u2013 \u00e8 in fase di completamento, ma alcuni eventi tradizionali come <strong><em>Filari di Bolle &#8211; Selezione degli Spumanti\u00a0del\u00a0Friuli Venezia Giulia<\/em><\/strong> e la <strong><em>Marcia\u00a0del\u00a0Vino<\/em><\/strong> sono gi\u00e0 stati confermati.<\/p>\n<p>&#8220;Anche quest&#8217;anno \u2013 ha dichiarato <strong>Antonio Tesolin<\/strong>, presidente della Pro Casarsa della Delizia Aps \u2013 abbiamo in serbo un programma vario, tra conferme e novit\u00e0 che renderanno questa edizione indimenticabile. Stiamo lavorando per definire gli ultimi dettagli\u00a0del calendario che sar\u00e0 presto ufficializzato\u201d.<\/p>\n<p>Tra gli appuntamenti da non perdere, spiccano l\u201911\u00aa edizione di Filari di Bolle, la Selezione che premia i migliori Spumanti del Friuli Venezia Giulia: i lavori della giuria di esperti si terranno il 16 aprile mentre la proclamazione dei vincitori durante l&#8217;inaugurazione ufficiale della Sagra del Vino il 25 aprile.<\/p>\n<p>Inoltre il 1\u00b0 maggio confermata la tradizionale Marcia del Vino &#8211; Terre e Citt\u00e0 del Vino giunta alla 53\u00aa edizione.<\/p>\n<p>La Sagra del Vino di Casarsa della Delizia \u00e8 un evento che celebra la cultura enogastronomica del territorio e promuove la valorizzazione dei prodotti locali.<\/p>\n<p>Punto di riferimento per gli amanti del buon vino \u00e8 un appuntamento di primavera per coloro che desiderano trascorrere momenti di svago e convivialit\u00e0.<\/p>\n<p>La manifestazione ha ottenuto il riconoscimento di <strong>Sagra di Qualit\u00e0 dell&#8217;Unpli<\/strong>, a testimonianza della sua eccellenza e del suo impegno nella valorizzazione delle tradizioni locali.<\/p>\n","protected":false},"excerpt":{"rendered":"<p>Ufficializzate le date della 77\u00aa edizione della manifestazione. Confermati gli eventi Filari di Bolle e Marcia del Vino<\/p>\n","protected":false},"author":28,"featured_media":62714,"comment_status":"closed","ping_status":"closed","template":"","tags":[201,576,261,826,1709,1740,549],"mec_category":[131],"class_list":["post-62713","mec-events","type-mec-events","status-publish","has-post-thumbnail","hentry","tag-casarsa","tag-enogastronomia","tag-eventi","tag-eventi-fvg","tag-sagra","tag-sagra-del-vino","tag-vino","mec_category-discovery"],"_links":{"self":[{"href":"https:\/\/imagazine.it\/home_desk\/wp-json\/wp\/v2\/mec-events\/62713","targetHints":{"allow":["GET"]}}],"collection":[{"href":"https:\/\/imagazine.it\/home_desk\/wp-json\/wp\/v2\/mec-events"}],"about":[{"href":"https:\/\/imagazine.it\/home_desk\/wp-json\/wp\/v2\/types\/mec-events"}],"author":[{"embeddable":true,"href":"https:\/\/imagazine.it\/home_desk\/wp-json\/wp\/v2\/users\/28"}],"replies":[{"embeddable":true,"href":"https:\/\/imagazine.it\/home_desk\/wp-json\/wp\/v2\/comments?post=62713"}],"wp:featuredmedia":[{"embeddable":true,"href":"https:\/\/imagazine.it\/home_desk\/wp-json\/wp\/v2\/media\/62714"}],"wp:attachment":[{"href":"https:\/\/imagazine.it\/home_desk\/wp-json\/wp\/v2\/media?parent=62713"}],"wp:term":[{"taxonomy":"post_tag","embeddable":true,"href":"https:\/\/imagazine.it\/home_desk\/wp-json\/wp\/v2\/tags?post=62713"},{"taxonomy":"mec_category","embeddable":true,"href":"https:\/\/imagazine.it\/home_desk\/wp-json\/wp\/v2\/mec_category?post=62713"}],"curies":[{"name":"wp","href":"https:\/\/api.w.org\/{rel}","templated":true}]}}

<p>Ufficializzate le date della <strong>Sagra del Vino di Casarsa della Delizia</strong>, che si terrà <strong>dal 24 aprile al 5 maggio 2025</strong>.</p>
<p>Per 12 giorni consecutivi il paese si trasformerà in un palcoscenico di eventi, degustazioni enogastronomiche, musica, mostre e attività pensate per ogni fascia di età, senza dimenticare il Luna park.</p>
<p>Il programma della manifestazione enogastronomica storica del Friuli Venezia Giulia – organizzata da <strong>Comune e Pro Casarsa della Delizia</strong>, in collaborazione con La Delizia Viticoltori Friulani – è in fase di completamento, ma alcuni eventi tradizionali come <strong><em>Filari di Bolle &#8211; Selezione degli Spumanti del Friuli Venezia Giulia</em></strong> e la <strong><em>Marcia del Vino</em></strong> sono già stati confermati.</p>
<p>&#8220;Anche quest&#8217;anno – ha dichiarato <strong>Antonio Tesolin</strong>, presidente della Pro Casarsa della Delizia Aps – abbiamo in serbo un programma vario, tra conferme e novità che renderanno questa edizione indimenticabile. Stiamo lavorando per definire gli ultimi dettagli del calendario che sarà presto ufficializzato”.</p>
<p>Tra gli appuntamenti da non perdere, spiccano l’11ª edizione di Filari di Bolle, la Selezione che premia i migliori Spumanti del Friuli Venezia Giulia: i lavori della giuria di esperti si terranno il 16 aprile mentre la proclamazione dei vincitori durante l&#8217;inaugurazione ufficiale della Sagra del Vino il 25 aprile.</p>
<p>Inoltre il 1° maggio confermata la tradizionale Marcia del Vino &#8211; Terre e Città del Vino giunta alla 53ª edizione.</p>
<p>La Sagra del Vino di Casarsa della Delizia è un evento che celebra la cultura enogastronomica del territorio e promuove la valorizzazione dei prodotti locali.</p>
<p>Punto di riferimento per gli amanti del buon vino è un appuntamento di primavera per coloro che desiderano trascorrere momenti di svago e convivialità.</p>
<p>La manifestazione ha ottenuto il riconoscimento di <strong>Sagra di Qualità dell&#8217;Unpli</strong>, a testimonianza della sua eccellenza e del suo impegno nella valorizzazione delle tradizioni locali.</p>

<p>Ufficializzate le date della 77ª edizione della manifestazione. Confermati gli eventi Filari di Bolle e Marcia del Vino</p>
