{"id":62669,"date":"2025-02-11T15:30:18","date_gmt":"2025-02-11T14:30:18","guid":{"rendered":"https:\/\/imagazine.it\/home_desk\/?post_type=mec-events&#038;p=62669"},"modified":"2025-02-11T15:30:18","modified_gmt":"2025-02-11T14:30:18","slug":"bavisela-di-carnevale-2","status":"publish","type":"mec-events","link":"https:\/\/imagazine.it\/home_desk\/events\/bavisela-di-carnevale-2\/","title":{"rendered":"Bavisela di Carnevale"},"content":{"rendered":"<p><span style=\"font-size: 10pt;\"><em>(ph. triestespringrun.com)<\/em><\/span><\/p>\n<p>Domenica <strong>23 febbraio<\/strong>, alle ore 10 &#8211; ritiro pettorali dalle 8.30 &#8211; <strong>Piazza Unit\u00e0 d\u2019Italia<\/strong> sar\u00e0 il punto di partenza di una manifestazione che unisce sport, divertimento e solidariet\u00e0, riempiendo di gioia e colori la citt\u00e0 in occasione del carnevale.<\/p>\n<p>L\u2019evento \u00e8 organizzato da <strong>Trieste Atletica <\/strong>e <strong>Apd Miramar<\/strong>, in sostegno della <strong>Fondazione Burlo Garofolo<\/strong>, a cui verr\u00e0 devoluto parte del ricavato della manifestazione.<\/p>\n<p>Il <strong>Comune di Trieste <\/strong>anche quest\u2019anno ha confermato il proprio impegno in veste di co-organizzatore dell\u2019evento. Come avvenuto a Natale, lo sport diventa occasione per stare insieme e dare una mano a chi pi\u00f9 ne ha bisogno.<\/p>\n<p>La gara non competitiva si sviluppa su un percorso di circa 4 km attraverso le strade del Borgo Teresiano e il viale XX Settembre, con partenza e arrivo nella piazza principale e giro di boa dentro alla <strong>galleria commerciale \u201cIl Giulia\u201d. <\/strong><\/p>\n<p><strong>La Bavisela di Carnevale \u00e8 aperta a tutti<\/strong>, dai bambini agli adulti, dai camminatori ai runner pi\u00f9 esperti. L&#8217;invito \u00e8 a partecipare in un\u2019atmosfera di festa, indossando maschere e costumi, per vivere un\u2019esperienza che celebra la tradizione carnevalesca di Trieste.<\/p>\n<p>Alla partenza ci sar\u00e0 il saluto degli organizzatori e delle istituzioni, prima di lasciare spazio alla musica con il dj set, all\u2019estrazione dei premi e all\u2019animazione per i pi\u00f9 piccoli.<\/p>\n<p>La <strong>Banda Berimbau<\/strong> e i <strong>Drum Circle<\/strong> rallegreranno il percorso con musica, percussioni e tanto spettacolo. All\u2019arrivo, come nella migliore tradizione, premiazioni e \u201ccrostoli\u201d per tutti i partecipanti.<\/p>\n<h3><strong>Iscrizioni e informazioni<\/strong><\/h3>\n<p>Iscrizione 5,00 euro. Gratuita per i bambini nati dal 2021 in poi.<\/p>\n<p>Per partecipare all\u2019evento, visita il sito ufficiale<span style=\"text-decoration: underline;\"><strong> <a href=\"http:\/\/www.triestespringrun.it\" target=\"_blank\" rel=\"noopener\">www.triestespringrun.it<\/a><\/strong><\/span><\/p>\n","protected":false},"excerpt":{"rendered":"<p>Torna a Trieste la gara non competitiva in maschera per raccogliere fondi in favore della Fondazione Burlo Garofolo<\/p>\n","protected":false},"author":28,"featured_media":62670,"comment_status":"closed","ping_status":"closed","template":"","tags":[93,92,261,826,65],"mec_category":[91],"class_list":["post-62669","mec-events","type-mec-events","status-publish","has-post-thumbnail","hentry","tag-carnevale","tag-corsa","tag-eventi","tag-eventi-fvg","tag-trieste","mec_category-sport"],"_links":{"self":[{"href":"https:\/\/imagazine.it\/home_desk\/wp-json\/wp\/v2\/mec-events\/62669","targetHints":{"allow":["GET"]}}],"collection":[{"href":"https:\/\/imagazine.it\/home_desk\/wp-json\/wp\/v2\/mec-events"}],"about":[{"href":"https:\/\/imagazine.it\/home_desk\/wp-json\/wp\/v2\/types\/mec-events"}],"author":[{"embeddable":true,"href":"https:\/\/imagazine.it\/home_desk\/wp-json\/wp\/v2\/users\/28"}],"replies":[{"embeddable":true,"href":"https:\/\/imagazine.it\/home_desk\/wp-json\/wp\/v2\/comments?post=62669"}],"wp:featuredmedia":[{"embeddable":true,"href":"https:\/\/imagazine.it\/home_desk\/wp-json\/wp\/v2\/media\/62670"}],"wp:attachment":[{"href":"https:\/\/imagazine.it\/home_desk\/wp-json\/wp\/v2\/media?parent=62669"}],"wp:term":[{"taxonomy":"post_tag","embeddable":true,"href":"https:\/\/imagazine.it\/home_desk\/wp-json\/wp\/v2\/tags?post=62669"},{"taxonomy":"mec_category","embeddable":true,"href":"https:\/\/imagazine.it\/home_desk\/wp-json\/wp\/v2\/mec_category?post=62669"}],"curies":[{"name":"wp","href":"https:\/\/api.w.org\/{rel}","templated":true}]}}

<p><span style="font-size: 10pt;"><em>(ph. triestespringrun.com)</em></span></p>
<p>Domenica <strong>23 febbraio</strong>, alle ore 10 &#8211; ritiro pettorali dalle 8.30 &#8211; <strong>Piazza Unità d’Italia</strong> sarà il punto di partenza di una manifestazione che unisce sport, divertimento e solidarietà, riempiendo di gioia e colori la città in occasione del carnevale.</p>
<p>L’evento è organizzato da <strong>Trieste Atletica </strong>e <strong>Apd Miramar</strong>, in sostegno della <strong>Fondazione Burlo Garofolo</strong>, a cui verrà devoluto parte del ricavato della manifestazione.</p>
<p>Il <strong>Comune di Trieste </strong>anche quest’anno ha confermato il proprio impegno in veste di co-organizzatore dell’evento. Come avvenuto a Natale, lo sport diventa occasione per stare insieme e dare una mano a chi più ne ha bisogno.</p>
<p>La gara non competitiva si sviluppa su un percorso di circa 4 km attraverso le strade del Borgo Teresiano e il viale XX Settembre, con partenza e arrivo nella piazza principale e giro di boa dentro alla <strong>galleria commerciale “Il Giulia”. </strong></p>
<p><strong>La Bavisela di Carnevale è aperta a tutti</strong>, dai bambini agli adulti, dai camminatori ai runner più esperti. L&#8217;invito è a partecipare in un’atmosfera di festa, indossando maschere e costumi, per vivere un’esperienza che celebra la tradizione carnevalesca di Trieste.</p>
<p>Alla partenza ci sarà il saluto degli organizzatori e delle istituzioni, prima di lasciare spazio alla musica con il dj set, all’estrazione dei premi e all’animazione per i più piccoli.</p>
<p>La <strong>Banda Berimbau</strong> e i <strong>Drum Circle</strong> rallegreranno il percorso con musica, percussioni e tanto spettacolo. All’arrivo, come nella migliore tradizione, premiazioni e “crostoli” per tutti i partecipanti.</p>
<h3><strong>Iscrizioni e informazioni</strong></h3>
<p>Iscrizione 5,00 euro. Gratuita per i bambini nati dal 2021 in poi.</p>
<p>Per partecipare all’evento, visita il sito ufficiale<span style="text-decoration: underline;"><strong> <a href="http://www.triestespringrun.it" target="_blank" rel="noopener">www.triestespringrun.it</a></strong></span></p>
