{"id":62510,"date":"2025-02-06T18:23:15","date_gmt":"2025-02-06T17:23:15","guid":{"rendered":"https:\/\/imagazine.it\/home_desk\/?post_type=mec-events&#038;p=62510"},"modified":"2025-02-06T18:23:15","modified_gmt":"2025-02-06T17:23:15","slug":"horeca-next","status":"publish","type":"mec-events","link":"https:\/\/imagazine.it\/home_desk\/events\/horeca-next\/","title":{"rendered":"Horeca Next"},"content":{"rendered":"<p><strong><em>Horeca Next<\/em><\/strong>, Biennale delle tecnologie e forniture per l\u2019ospitalit\u00e0, \u00e8 in programma il <strong>10, 11 e 12 febbraio alla Fiera di Pordenone<\/strong>.<\/p>\n<p>Sono 350 gli espositori presenti in fiera, pi\u00f9 che raddoppiati rispetto al 2023, e gli stand occupano tutta l\u2019ala sud del quartiere fieristico dal padiglione n. 1 al padiglione n. 4. in 12.000 mq di area espositiva (+33% rispetto al 2023).<\/p>\n<p>Attrezzature, tecnologie ed impianti professionali, arredamento, food and beverage, servizi web, app, consulenze professionali sono alcuni dei settori espositivi a cui appartengono le aziende presenti in fiera che spaziano dai brand pi\u00f9 noti, fino alle piccole aziende ad alto tasso di innovazione e ai produttori agricoli di qualit\u00e0 con in mostra le ultime novit\u00e0 e le tendenze pi\u00f9 in voga.<\/p>\n<p>I prodotti tipici e le specialit\u00e0 regionali vengono messi in evidenza lungo il percorso espositivo di Horeca Next: 20 produttori agricoli locali che rivolgono la loro offerta alla ristorazione professionale si presentano tutti insieme al padiglione 4 nello spazio<strong> \u201cIo Sono Friuli Venezia Giulia\u201d<\/strong>, marchio che testimonia la sostenibilit\u00e0 delle imprese e l\u2019origine delle produzioni agroalimentari.<\/p>\n<p>Lo Spazio \u201c<strong><em>The Next Beverage<\/em><\/strong>\u201d al padiglione 3 accoglie 20 produttori di vino, gin, spirits, distillati per offrire ai barman in visita tanti suggerimenti per le loro proposte di cocktail e aperitivi.<\/p>\n","protected":false},"excerpt":{"rendered":"<p>Il mondo della ristorazione e dell\u2019h\u00f4tellerie del Nordest si incontra per tre giorni alla Fiera di Pordenone <\/p>\n","protected":false},"author":28,"featured_media":62511,"comment_status":"closed","ping_status":"closed","template":"","tags":[261,826,501,2741,275],"mec_category":[131],"class_list":["post-62510","mec-events","type-mec-events","status-publish","has-post-thumbnail","hentry","tag-eventi","tag-eventi-fvg","tag-fiera","tag-horeca","tag-pordenone","mec_category-discovery"],"_links":{"self":[{"href":"https:\/\/imagazine.it\/home_desk\/wp-json\/wp\/v2\/mec-events\/62510","targetHints":{"allow":["GET"]}}],"collection":[{"href":"https:\/\/imagazine.it\/home_desk\/wp-json\/wp\/v2\/mec-events"}],"about":[{"href":"https:\/\/imagazine.it\/home_desk\/wp-json\/wp\/v2\/types\/mec-events"}],"author":[{"embeddable":true,"href":"https:\/\/imagazine.it\/home_desk\/wp-json\/wp\/v2\/users\/28"}],"replies":[{"embeddable":true,"href":"https:\/\/imagazine.it\/home_desk\/wp-json\/wp\/v2\/comments?post=62510"}],"wp:featuredmedia":[{"embeddable":true,"href":"https:\/\/imagazine.it\/home_desk\/wp-json\/wp\/v2\/media\/62511"}],"wp:attachment":[{"href":"https:\/\/imagazine.it\/home_desk\/wp-json\/wp\/v2\/media?parent=62510"}],"wp:term":[{"taxonomy":"post_tag","embeddable":true,"href":"https:\/\/imagazine.it\/home_desk\/wp-json\/wp\/v2\/tags?post=62510"},{"taxonomy":"mec_category","embeddable":true,"href":"https:\/\/imagazine.it\/home_desk\/wp-json\/wp\/v2\/mec_category?post=62510"}],"curies":[{"name":"wp","href":"https:\/\/api.w.org\/{rel}","templated":true}]}}

<p><strong><em>Horeca Next</em></strong>, Biennale delle tecnologie e forniture per l’ospitalità, è in programma il <strong>10, 11 e 12 febbraio alla Fiera di Pordenone</strong>.</p>
<p>Sono 350 gli espositori presenti in fiera, più che raddoppiati rispetto al 2023, e gli stand occupano tutta l’ala sud del quartiere fieristico dal padiglione n. 1 al padiglione n. 4. in 12.000 mq di area espositiva (+33% rispetto al 2023).</p>
<p>Attrezzature, tecnologie ed impianti professionali, arredamento, food and beverage, servizi web, app, consulenze professionali sono alcuni dei settori espositivi a cui appartengono le aziende presenti in fiera che spaziano dai brand più noti, fino alle piccole aziende ad alto tasso di innovazione e ai produttori agricoli di qualità con in mostra le ultime novità e le tendenze più in voga.</p>
<p>I prodotti tipici e le specialità regionali vengono messi in evidenza lungo il percorso espositivo di Horeca Next: 20 produttori agricoli locali che rivolgono la loro offerta alla ristorazione professionale si presentano tutti insieme al padiglione 4 nello spazio<strong> “Io Sono Friuli Venezia Giulia”</strong>, marchio che testimonia la sostenibilità delle imprese e l’origine delle produzioni agroalimentari.</p>
<p>Lo Spazio “<strong><em>The Next Beverage</em></strong>” al padiglione 3 accoglie 20 produttori di vino, gin, spirits, distillati per offrire ai barman in visita tanti suggerimenti per le loro proposte di cocktail e aperitivi.</p>

<p>Il mondo della ristorazione e dell’hôtellerie del Nordest si incontra per tre giorni alla Fiera di Pordenone </p>
