{"id":62475,"date":"2025-02-05T18:31:36","date_gmt":"2025-02-05T17:31:36","guid":{"rendered":"https:\/\/imagazine.it\/home_desk\/?post_type=mec-events&#038;p=62475"},"modified":"2025-02-05T18:31:36","modified_gmt":"2025-02-05T17:31:36","slug":"come-due-sorelle","status":"publish","type":"mec-events","link":"https:\/\/imagazine.it\/home_desk\/events\/come-due-sorelle\/","title":{"rendered":"Come due sorelle"},"content":{"rendered":"<p><strong>Domenica 16 febbraio<\/strong> un doppio appuntamento alle ore 10.00 e 14.00 con <strong>Gorizia Nascosta<\/strong>. <strong>Come due Sorelle \u2013 l\u2019architettura del \u2018900 tra Gorizia e Nova Gorica<\/strong>.<\/p>\n<p>L\u2019iniziativa del CTA &#8211; Centro Teatro Animazione e Figure, inserita nell\u2019ambito di \u201cCrocevie d\u2019Europa\u201d del Comune di Gorizia, \u00e8 un <strong>percorso teatrale fra le vie della citt\u00e0<\/strong> per scoprire Gorizia e il territorio transfrontaliero che pone uno sguardo all\u2019architettura del primo Novecento, protagonista della trasformazione e ricostruzione della citt\u00e0, dopo la Prima guerra mondiale e fino all\u2019ideazione e costruzione di una nuova citt\u00e0 dopo il trattato di Pace del 1947.<\/p>\n<p>Il percorso inizia dal <strong>Trgosky Dom<\/strong> di Gorizia, ideato nel 1903 da Max Fabiani, e si conclude accanto all\u2019unico monumento europeo all\u2019Urbanistica, dedicato al progetto di Edvard Ravnikar per Nova Gorica.<\/p>\n<p>La passeggiata, con il supporto di cuffie audio, descrive edifici e delinea la figura di coloro che li hanno progettati, avvalendosi anche di interventi di persone che vivono la citt\u00e0 e il suo territorio e della registrazione di una preziosa intervista dell\u2019architetto Kuzmin a Edvard Ravnikar, nel 1992, un anno prima della sua morte.<\/p>\n<p>Tutto comincia da un incontro casuale fra due ragazzine e si sviluppa in un\u2019appassionata ricerca lungo le strade e gli edifici delle due citt\u00e0.<\/p>\n<p>Appuntamento quindi sabato 16 febbraio per un vero e proprio spettacolo itinerante con approfondimenti storico-teatrali sulla citt\u00e0, con ritrovo al Trigorski Dom, angolo giardini pubblici, 15 minuti prima\u00a0dell\u2019orario\u00a0di partenza, al fine di facilitare la procedura di registrazione.<\/p>\n<p>La prenotazione \u00e8 obbligatoria e si potr\u00e0 fare al seguente indirizzo e-mail: <a href=\"mailto:crocevie.europa@comune.gorizia.it\">crocevie.europa@comune.gorizia.it<\/a> o al 335 7707746 (solo WhatsApp).<\/p>\n<p>Come due sorelle \u00e8 un progetto del CTA &#8211; Centro Teatro Animazione e Figure, a cura di Roberto Piaggio e Antonella Caruzzi su testo di Claudio Parrino con la collaborazione di Adriana Vasques e la consulenza dell\u2019arch. Toni Zogno. Il ricordo di Ljubka \u0160orli \u00e8 stato scritto da Francesca Valente e letto da Antonella Caruzzi. La voce narrante \u00e8 di Adriana Vasques, il progetto sonoro e musiche originali di Claudio Parrino, con la regia di Antonella Caruzzi. Un ringraziamento particolare all\u2019arch. Diego Kuzmin, ad Antonella Bukovaz, Raffaella Cattaruzzi Lorenzo Drascek, Bianca Morandini, Maura Parise, Arianna Remoli, Federico Scridel, Gabriella e Marco Zichichi.<\/p>\n<p>Il progetto \u00e8 realizzato con il sostegno e la collaborazione di Assessorato regionale alle Attivit\u00e0 Produttive e Turismo, di PromoTurismoFvg, Io sono Fvg, Comune di Gorizia.<\/p>\n","protected":false},"excerpt":{"rendered":"<p>L\u2019architettura del \u2019900 tra Gorizia e Nova Gorica. Un itinerario transfrontaliero tra passato e presente. Con il supporto di cuffie audio<\/p>\n","protected":false},"author":28,"featured_media":62476,"comment_status":"closed","ping_status":"closed","template":"","tags":[1669,165,43,184,568],"mec_category":[131],"class_list":["post-62475","mec-events","type-mec-events","status-publish","has-post-thumbnail","hentry","tag-architettura","tag-arte","tag-gorizia","tag-nova-gorica","tag-storia","mec_category-discovery"],"_links":{"self":[{"href":"https:\/\/imagazine.it\/home_desk\/wp-json\/wp\/v2\/mec-events\/62475","targetHints":{"allow":["GET"]}}],"collection":[{"href":"https:\/\/imagazine.it\/home_desk\/wp-json\/wp\/v2\/mec-events"}],"about":[{"href":"https:\/\/imagazine.it\/home_desk\/wp-json\/wp\/v2\/types\/mec-events"}],"author":[{"embeddable":true,"href":"https:\/\/imagazine.it\/home_desk\/wp-json\/wp\/v2\/users\/28"}],"replies":[{"embeddable":true,"href":"https:\/\/imagazine.it\/home_desk\/wp-json\/wp\/v2\/comments?post=62475"}],"wp:featuredmedia":[{"embeddable":true,"href":"https:\/\/imagazine.it\/home_desk\/wp-json\/wp\/v2\/media\/62476"}],"wp:attachment":[{"href":"https:\/\/imagazine.it\/home_desk\/wp-json\/wp\/v2\/media?parent=62475"}],"wp:term":[{"taxonomy":"post_tag","embeddable":true,"href":"https:\/\/imagazine.it\/home_desk\/wp-json\/wp\/v2\/tags?post=62475"},{"taxonomy":"mec_category","embeddable":true,"href":"https:\/\/imagazine.it\/home_desk\/wp-json\/wp\/v2\/mec_category?post=62475"}],"curies":[{"name":"wp","href":"https:\/\/api.w.org\/{rel}","templated":true}]}}

<p><strong>Domenica 16 febbraio</strong> un doppio appuntamento alle ore 10.00 e 14.00 con <strong>Gorizia Nascosta</strong>. <strong>Come due Sorelle – l’architettura del ‘900 tra Gorizia e Nova Gorica</strong>.</p>
<p>L’iniziativa del CTA &#8211; Centro Teatro Animazione e Figure, inserita nell’ambito di “Crocevie d’Europa” del Comune di Gorizia, è un <strong>percorso teatrale fra le vie della città</strong> per scoprire Gorizia e il territorio transfrontaliero che pone uno sguardo all’architettura del primo Novecento, protagonista della trasformazione e ricostruzione della città, dopo la Prima guerra mondiale e fino all’ideazione e costruzione di una nuova città dopo il trattato di Pace del 1947.</p>
<p>Il percorso inizia dal <strong>Trgosky Dom</strong> di Gorizia, ideato nel 1903 da Max Fabiani, e si conclude accanto all’unico monumento europeo all’Urbanistica, dedicato al progetto di Edvard Ravnikar per Nova Gorica.</p>
<p>La passeggiata, con il supporto di cuffie audio, descrive edifici e delinea la figura di coloro che li hanno progettati, avvalendosi anche di interventi di persone che vivono la città e il suo territorio e della registrazione di una preziosa intervista dell’architetto Kuzmin a Edvard Ravnikar, nel 1992, un anno prima della sua morte.</p>
<p>Tutto comincia da un incontro casuale fra due ragazzine e si sviluppa in un’appassionata ricerca lungo le strade e gli edifici delle due città.</p>
<p>Appuntamento quindi sabato 16 febbraio per un vero e proprio spettacolo itinerante con approfondimenti storico-teatrali sulla città, con ritrovo al Trigorski Dom, angolo giardini pubblici, 15 minuti prima dell’orario di partenza, al fine di facilitare la procedura di registrazione.</p>
<p>La prenotazione è obbligatoria e si potrà fare al seguente indirizzo e-mail: <a href="mailto:crocevie.europa@comune.gorizia.it">crocevie.europa@comune.gorizia.it</a> o al 335 7707746 (solo WhatsApp).</p>
<p>Come due sorelle è un progetto del CTA &#8211; Centro Teatro Animazione e Figure, a cura di Roberto Piaggio e Antonella Caruzzi su testo di Claudio Parrino con la collaborazione di Adriana Vasques e la consulenza dell’arch. Toni Zogno. Il ricordo di Ljubka Šorli è stato scritto da Francesca Valente e letto da Antonella Caruzzi. La voce narrante è di Adriana Vasques, il progetto sonoro e musiche originali di Claudio Parrino, con la regia di Antonella Caruzzi. Un ringraziamento particolare all’arch. Diego Kuzmin, ad Antonella Bukovaz, Raffaella Cattaruzzi Lorenzo Drascek, Bianca Morandini, Maura Parise, Arianna Remoli, Federico Scridel, Gabriella e Marco Zichichi.</p>
<p>Il progetto è realizzato con il sostegno e la collaborazione di Assessorato regionale alle Attività Produttive e Turismo, di PromoTurismoFvg, Io sono Fvg, Comune di Gorizia.</p>
