{"id":62445,"date":"2025-02-04T17:44:12","date_gmt":"2025-02-04T16:44:12","guid":{"rendered":"https:\/\/imagazine.it\/home_desk\/?post_type=mec-events&#038;p=62445"},"modified":"2025-02-04T17:44:12","modified_gmt":"2025-02-04T16:44:12","slug":"lopera-di-rossini-prende-vita-in-transalpina-992","status":"publish","type":"mec-events","link":"https:\/\/imagazine.it\/home_desk\/events\/lopera-di-rossini-prende-vita-in-transalpina-992\/","title":{"rendered":"L&#8217;opera di Rossini prende vita in Transalpina"},"content":{"rendered":"<p><span style=\"font-size: 10pt;\"><em>Marko Hribernik<\/em><\/span><\/p>\n<p>La nuova produzione <strong>de <em>Il viaggio a Reims<\/em><\/strong> animer\u00e0 il programma della prima capitale europea transfrontaliera <strong>gioved\u00ec 19 e sabato 21 giugno<\/strong>.<\/p>\n<p>Entrambe le date sono previste in <strong>Piazza Transalpina<\/strong>, dove<strong> l\u2019opera buffa di Gioachino Rossini<\/strong> prender\u00e0 vita.<\/p>\n<p>La genesi del nuovo allestimento <strong>a cura di Piccolo Opera Festival <\/strong>risale a quasi quattro anni or sono, in seno ai principali attori dell\u2019appena nominata capitale europea della cultura GO! 2025 ed \u00e8, prima di tutto, <strong>un omaggio al patrimonio storico delle due citt\u00e0 transfrontaliere di Gorizia e Nova Gorica<\/strong>.<\/p>\n<p>Per l\u2019occasione la Regione metter\u00e0 a disposizione degli spettatori <strong>due apposite linee dei Treni Storici della Fondazione FS italiane<\/strong> che accompagneranno alle recite il pubblico e lo riportano alla destinazione di provenienza a fine spettacolo.<\/p>\n<h3>Lo spettacolo<\/h3>\n<p>La <strong>co-produzione dell\u2019allestimento<\/strong> \u00e8 stata destinata al<strong> Teatro d\u2019opera e balletto nazionale di Lubiana<\/strong>, e la direzione dell\u2019orchestra a <strong>Marko Hribernik <\/strong>(che qui \u00e8 oggi Sovrintendente).<\/p>\n<p>La regia \u00e8 stata affidata a <strong>Marin Bla\u017eevi\u0107<\/strong>.<\/p>\n<p>Al suo fianco la costumista <strong>Sandra Dekani\u0107<\/strong> e il light designer austriaco <strong>Wolfgang von Zoubek<\/strong>. La Coreografia \u00e8 affidata a <strong>Lukas Zuschlag<\/strong> per dare vita, con la danza, alle colorature rossiniane.<\/p>\n<p>Il coro \u00e8 espressione del lavoro che Piccolo Opera Festival ha compiuto e compie in questi anni, per affiancare cantori italiani e sloveni: si tratta del <strong>GO! Borderless Opera Choir<\/strong>, diretto dal maestro <strong>Elia Macr\u00ec<\/strong>.<\/p>\n<h3>Il cast<\/h3>\n<p>Il cast dei cantanti (<strong>18 personaggi<\/strong>) sar\u00e0 composto da<strong> giovani artisti <\/strong>che saranno scelti tra gli allievi dei <strong>corsi di perfezionamento dell\u2019Accademia del Rossini Opera Festival<\/strong>, e della <strong>GO! Borderless Opera Academy<\/strong>.<\/p>\n<p>Lo spettacolo <strong>sar\u00e0 ripreso da RTV SLO<\/strong> e grazie all\u2019intermediazione della redazione Musica e Danza poi <strong>diffuso sul circuito televisivo europeo ARTE<\/strong>.<\/p>\n","protected":false},"excerpt":{"rendered":"<p>Due serate con &#8220;Il viaggio a Reims&#8221; nel nuovo allestimento transfrontaliero a cura di Piccolo Opera Festival<\/p>\n","protected":false},"author":28,"featured_media":62444,"comment_status":"closed","ping_status":"closed","template":"","tags":[261,826,123,43,497,2730,433],"mec_category":[48],"class_list":["post-62445","mec-events","type-mec-events","status-publish","has-post-thumbnail","hentry","tag-eventi","tag-eventi-fvg","tag-go2025","tag-gorizia","tag-opera","tag-rossini","tag-transalpina","mec_category-classic-art"],"_links":{"self":[{"href":"https:\/\/imagazine.it\/home_desk\/wp-json\/wp\/v2\/mec-events\/62445","targetHints":{"allow":["GET"]}}],"collection":[{"href":"https:\/\/imagazine.it\/home_desk\/wp-json\/wp\/v2\/mec-events"}],"about":[{"href":"https:\/\/imagazine.it\/home_desk\/wp-json\/wp\/v2\/types\/mec-events"}],"author":[{"embeddable":true,"href":"https:\/\/imagazine.it\/home_desk\/wp-json\/wp\/v2\/users\/28"}],"replies":[{"embeddable":true,"href":"https:\/\/imagazine.it\/home_desk\/wp-json\/wp\/v2\/comments?post=62445"}],"wp:featuredmedia":[{"embeddable":true,"href":"https:\/\/imagazine.it\/home_desk\/wp-json\/wp\/v2\/media\/62444"}],"wp:attachment":[{"href":"https:\/\/imagazine.it\/home_desk\/wp-json\/wp\/v2\/media?parent=62445"}],"wp:term":[{"taxonomy":"post_tag","embeddable":true,"href":"https:\/\/imagazine.it\/home_desk\/wp-json\/wp\/v2\/tags?post=62445"},{"taxonomy":"mec_category","embeddable":true,"href":"https:\/\/imagazine.it\/home_desk\/wp-json\/wp\/v2\/mec_category?post=62445"}],"curies":[{"name":"wp","href":"https:\/\/api.w.org\/{rel}","templated":true}]}}

<p><span style="font-size: 10pt;"><em>Marko Hribernik</em></span></p>
<p>La nuova produzione <strong>de <em>Il viaggio a Reims</em></strong> animerà il programma della prima capitale europea transfrontaliera <strong>giovedì 19 e sabato 21 giugno</strong>.</p>
<p>Entrambe le date sono previste in <strong>Piazza Transalpina</strong>, dove<strong> l’opera buffa di Gioachino Rossini</strong> prenderà vita.</p>
<p>La genesi del nuovo allestimento <strong>a cura di Piccolo Opera Festival </strong>risale a quasi quattro anni or sono, in seno ai principali attori dell’appena nominata capitale europea della cultura GO! 2025 ed è, prima di tutto, <strong>un omaggio al patrimonio storico delle due città transfrontaliere di Gorizia e Nova Gorica</strong>.</p>
<p>Per l’occasione la Regione metterà a disposizione degli spettatori <strong>due apposite linee dei Treni Storici della Fondazione FS italiane</strong> che accompagneranno alle recite il pubblico e lo riportano alla destinazione di provenienza a fine spettacolo.</p>
<h3>Lo spettacolo</h3>
<p>La <strong>co-produzione dell’allestimento</strong> è stata destinata al<strong> Teatro d’opera e balletto nazionale di Lubiana</strong>, e la direzione dell’orchestra a <strong>Marko Hribernik </strong>(che qui è oggi Sovrintendente).</p>
<p>La regia è stata affidata a <strong>Marin Blažević</strong>.</p>
<p>Al suo fianco la costumista <strong>Sandra Dekanić</strong> e il light designer austriaco <strong>Wolfgang von Zoubek</strong>. La Coreografia è affidata a <strong>Lukas Zuschlag</strong> per dare vita, con la danza, alle colorature rossiniane.</p>
<p>Il coro è espressione del lavoro che Piccolo Opera Festival ha compiuto e compie in questi anni, per affiancare cantori italiani e sloveni: si tratta del <strong>GO! Borderless Opera Choir</strong>, diretto dal maestro <strong>Elia Macrì</strong>.</p>
<h3>Il cast</h3>
<p>Il cast dei cantanti (<strong>18 personaggi</strong>) sarà composto da<strong> giovani artisti </strong>che saranno scelti tra gli allievi dei <strong>corsi di perfezionamento dell’Accademia del Rossini Opera Festival</strong>, e della <strong>GO! Borderless Opera Academy</strong>.</p>
<p>Lo spettacolo <strong>sarà ripreso da RTV SLO</strong> e grazie all’intermediazione della redazione Musica e Danza poi <strong>diffuso sul circuito televisivo europeo ARTE</strong>.</p>
