{"id":62160,"date":"2025-01-24T12:50:24","date_gmt":"2025-01-24T11:50:24","guid":{"rendered":"https:\/\/imagazine.it\/home_desk\/?post_type=mec-events&#038;p=62160"},"modified":"2025-01-24T12:50:24","modified_gmt":"2025-01-24T11:50:24","slug":"riccardo-muti-dirige-a-villa-manin","status":"publish","type":"mec-events","link":"https:\/\/imagazine.it\/home_desk\/events\/riccardo-muti-dirige-a-villa-manin\/","title":{"rendered":"Riccardo Muti dirige a Villa Manin"},"content":{"rendered":"<p><span style=\"font-size: 10pt;\"><em>Riccardo Muti<\/em><\/span><\/p>\n<p>In arrivo <strong>quattro concerti speciali <\/strong>in alcuni dei luoghi pi\u00f9 affascinanti e suggestivi della nostra Penisola<strong>, <\/strong>sotto la direzione uno dei pi\u00f9 grandi Direttori d\u2019Orchestra del mondo:<strong> Riccardo Muti.<\/strong><strong>\u00a0<\/strong><\/p>\n<p>Uno di questi<strong>,<\/strong>\u00a0<strong>domenica 20 luglio, <\/strong>sar\u00e0<strong>\u00a0<\/strong>a<strong> Villa Manin di Passariano<\/strong><strong>.<\/strong><\/p>\n<p><strong>Riccardo Muti <\/strong>diriger\u00e0\u00a0<strong>l\u2019Orchestra giovanile Luigi Cherubini<\/strong>, fondata nel 2004 su sua iniziativa e composta da <strong>130 strumentisti di et\u00e0 compresa tra i 18 e 30 anni<\/strong>.<\/p>\n<p>Un\u2019orchestra che sin dalla sua fondazione si \u00e8 esibita sui palcoscenici pi\u00f9 importanti, non ultimo lo scorso 22 dicembre, l\u2019aula del Senato di Palazzo Madama, alla presenza del Presidente Sergio Mattarella.<\/p>\n<p>Il 1\u00b0 gennaio 2025 Muti ha diretto per la settima volta il concerto di Capodanno al Musikverein di Vienna, un record assoluto. Un ciclo iniziato nel 1994 e che lo ha visto guidare l&#8217;Orchestra Filarmonica di Vienna in edizioni indimenticabili, sempre pi\u00f9 attese dai milioni di spettatori che seguono l&#8217;evento in diretta mondiale.<\/p>\n<p>Dal 2010 al 2023 \u00e8 stato Direttore Musicale della prestigiosa Chicago Symphony Orchestra e al termine del mandato l\u2019Orchestra lo ha nominato Direttore Musicale Emerito a Vita.<\/p>\n<p>Nel corso della sua straordinaria carriera ha diretto molte tra le pi\u00f9 prestigiose orchestre del mondo: dai Berliner Philharmoniker alla Bayerischer Rundfunk, dalla New York Philharmonic all\u2019Orchestre National de France, alla Philharmonia di Londra e, naturalmente, i Wiener Philharmoniker, ai quali lo lega un rapporto assiduo e significativo e con i quali si esibisce al Festival di Salisburgo dal 1971.<\/p>\n<p>La sua direzione musicale \u00e8 stata la pi\u00f9 lunga nella storia del Teatro alla Scala, le pi\u00f9 importanti Universit\u00e0 del mondo lo hanno insignito di oltre 20 lauree\u00a0<em>honoris causa.<\/em><strong>\u00a0<\/strong><\/p>\n<p><img loading=\"lazy\" decoding=\"async\" class=\"aligncenter size-full wp-image-62163\" src=\"https:\/\/imagazine.it\/wp-content\/uploads\/2025\/01\/Riccardo-Muti-2025-1920x1080-Tutte-le-date-1.jpg\" alt=\"\" width=\"1000\" height=\"563\" title=\"\" srcset=\"https:\/\/imagazine.it\/wp-content\/uploads\/2025\/01\/Riccardo-Muti-2025-1920x1080-Tutte-le-date-1.jpg 1000w, https:\/\/imagazine.it\/wp-content\/uploads\/2025\/01\/Riccardo-Muti-2025-1920x1080-Tutte-le-date-1-300x169.jpg 300w, https:\/\/imagazine.it\/wp-content\/uploads\/2025\/01\/Riccardo-Muti-2025-1920x1080-Tutte-le-date-1-768x432.jpg 768w\" sizes=\"auto, (max-width: 1000px) 100vw, 1000px\" \/><\/p>\n","protected":false},"excerpt":{"rendered":"<p>In Friuli uno dei quattro concerti italiani con i 130 elementi dell&#8217;Orchestra Giovanile Luigi Cherubini<\/p>\n","protected":false},"author":28,"featured_media":62162,"comment_status":"closed","ping_status":"closed","template":"","tags":[63,861,261,826,55,1849,62],"mec_category":[99],"class_list":["post-62160","mec-events","type-mec-events","status-publish","has-post-thumbnail","hentry","tag-codroipo","tag-concerti","tag-eventi","tag-eventi-fvg","tag-musica","tag-muti","tag-villa-manin","mec_category-music"],"_links":{"self":[{"href":"https:\/\/imagazine.it\/home_desk\/wp-json\/wp\/v2\/mec-events\/62160","targetHints":{"allow":["GET"]}}],"collection":[{"href":"https:\/\/imagazine.it\/home_desk\/wp-json\/wp\/v2\/mec-events"}],"about":[{"href":"https:\/\/imagazine.it\/home_desk\/wp-json\/wp\/v2\/types\/mec-events"}],"author":[{"embeddable":true,"href":"https:\/\/imagazine.it\/home_desk\/wp-json\/wp\/v2\/users\/28"}],"replies":[{"embeddable":true,"href":"https:\/\/imagazine.it\/home_desk\/wp-json\/wp\/v2\/comments?post=62160"}],"wp:featuredmedia":[{"embeddable":true,"href":"https:\/\/imagazine.it\/home_desk\/wp-json\/wp\/v2\/media\/62162"}],"wp:attachment":[{"href":"https:\/\/imagazine.it\/home_desk\/wp-json\/wp\/v2\/media?parent=62160"}],"wp:term":[{"taxonomy":"post_tag","embeddable":true,"href":"https:\/\/imagazine.it\/home_desk\/wp-json\/wp\/v2\/tags?post=62160"},{"taxonomy":"mec_category","embeddable":true,"href":"https:\/\/imagazine.it\/home_desk\/wp-json\/wp\/v2\/mec_category?post=62160"}],"curies":[{"name":"wp","href":"https:\/\/api.w.org\/{rel}","templated":true}]}}

<p><span style="font-size: 10pt;"><em>Riccardo Muti</em></span></p>
<p>In arrivo <strong>quattro concerti speciali </strong>in alcuni dei luoghi più affascinanti e suggestivi della nostra Penisola<strong>, </strong>sotto la direzione uno dei più grandi Direttori d’Orchestra del mondo:<strong> Riccardo Muti.</strong><strong> </strong></p>
<p>Uno di questi<strong>,</strong> <strong>domenica 20 luglio, </strong>sarà<strong> </strong>a<strong> Villa Manin di Passariano</strong><strong>.</strong></p>
<p><strong>Riccardo Muti </strong>dirigerà <strong>l’Orchestra giovanile Luigi Cherubini</strong>, fondata nel 2004 su sua iniziativa e composta da <strong>130 strumentisti di età compresa tra i 18 e 30 anni</strong>.</p>
<p>Un’orchestra che sin dalla sua fondazione si è esibita sui palcoscenici più importanti, non ultimo lo scorso 22 dicembre, l’aula del Senato di Palazzo Madama, alla presenza del Presidente Sergio Mattarella.</p>
<p>Il 1° gennaio 2025 Muti ha diretto per la settima volta il concerto di Capodanno al Musikverein di Vienna, un record assoluto. Un ciclo iniziato nel 1994 e che lo ha visto guidare l&#8217;Orchestra Filarmonica di Vienna in edizioni indimenticabili, sempre più attese dai milioni di spettatori che seguono l&#8217;evento in diretta mondiale.</p>
<p>Dal 2010 al 2023 è stato Direttore Musicale della prestigiosa Chicago Symphony Orchestra e al termine del mandato l’Orchestra lo ha nominato Direttore Musicale Emerito a Vita.</p>
<p>Nel corso della sua straordinaria carriera ha diretto molte tra le più prestigiose orchestre del mondo: dai Berliner Philharmoniker alla Bayerischer Rundfunk, dalla New York Philharmonic all’Orchestre National de France, alla Philharmonia di Londra e, naturalmente, i Wiener Philharmoniker, ai quali lo lega un rapporto assiduo e significativo e con i quali si esibisce al Festival di Salisburgo dal 1971.</p>
<p>La sua direzione musicale è stata la più lunga nella storia del Teatro alla Scala, le più importanti Università del mondo lo hanno insignito di oltre 20 lauree <em>honoris causa.</em><strong> </strong></p>
<p><img loading="lazy" decoding="async" class="aligncenter size-full wp-image-62163" src="https://imagazine.it/wp-content/uploads/2025/01/Riccardo-Muti-2025-1920x1080-Tutte-le-date-1.jpg" alt="" width="1000" height="563" title="" srcset="https://imagazine.it/wp-content/uploads/2025/01/Riccardo-Muti-2025-1920x1080-Tutte-le-date-1.jpg 1000w, https://imagazine.it/wp-content/uploads/2025/01/Riccardo-Muti-2025-1920x1080-Tutte-le-date-1-300x169.jpg 300w, https://imagazine.it/wp-content/uploads/2025/01/Riccardo-Muti-2025-1920x1080-Tutte-le-date-1-768x432.jpg 768w" sizes="auto, (max-width: 1000px) 100vw, 1000px" /></p>
