{"id":61902,"date":"2025-01-16T16:06:07","date_gmt":"2025-01-16T15:06:07","guid":{"rendered":"https:\/\/imagazine.it\/home_desk\/?post_type=mec-events&#038;p=61902"},"modified":"2025-01-16T16:06:07","modified_gmt":"2025-01-16T15:06:07","slug":"cristina-davena-in-fiera-a-pordenone","status":"publish","type":"mec-events","link":"https:\/\/imagazine.it\/home_desk\/events\/cristina-davena-in-fiera-a-pordenone\/","title":{"rendered":"Cristina D\u2019Avena in Fiera a Pordenone"},"content":{"rendered":"<p><span style=\"font-size: 10pt;\"><em>Cristina D&#8217;Avena<\/em><\/span><\/p>\n<p>Comics, videogames, giochi da tavolo, mattoncini e tanto altro ancora: <strong>sabato 18 e domenica 19 gennaio<\/strong> il <strong>quartiere fieristico di Pordenone<\/strong> si tinge di tutti i colori della cultura pop. Un\u2019esplosione di divertimento che promette di coinvolgere e affascinare ogni visitatore, senza distinzioni d\u2019et\u00e0 e interessi.<\/p>\n<p>Organizzata da <strong>PordenoneFiere S.p.A.<\/strong> in collaborazione con <strong>Centro Fiera S.p.A.<\/strong>, Extracon \u00e8 una vera e propria festa all\u2019insegna dello shopping pi\u00f9 originale, a cui si accompagnano le tantissime aree dinamiche e interattive. La <strong>mostra mercato<\/strong> accoglie migliaia di gadget e magliette a tema, action figures e fumetti (dai manga giapponesi ai supereroi americani). Ogni sfaccettatura dell\u2019odierna cultura popolare \u00e8 degnamente rappresentata: cartoni animati, serie tv, film fantasy e di fantascienza, ma anche giochi e videogiochi.<\/p>\n<h3>Gaming e videogiochi<\/h3>\n<p>Proprio il mondo del <strong>gaming<\/strong> \u00e8 grande protagonista nei padiglioni dedicati alle attivit\u00e0. A pochi passi gli uni dagli altri, i classici videogames da sala giochi e quelli di ultima generazione \u2013 da Fortnite ed EA Sports FC alla realt\u00e0 virtuale \u2013 saranno al centro delle sfide pi\u00f9 entusiasmanti, in un autentico viaggio intergenerazionale a colpi di joypad.<\/p>\n<p>Oltre 100 cabinati vintage animeranno la rassegna di videogiochi <em>arcade<\/em> pi\u00f9 estesa di tutto il nord-est: Pac Man, Space Invaders, Bubble Bobble, Metal Slug, Street Fighter II e innumerevoli altri titoli celeberrimi saranno giocabili in modo del tutto libero, finalmente senza gettoni; un vero e proprio sogno per i ragazzi cresciuti negli anni Ottanta e Novanta.<\/p>\n<p>Accanto ai classici mobili arcade, oltre 70 console e computer del passato \u2013 dall\u2019Atari al Commodore, dal Super Nintendo alla Playstation \u2013 e le console new gen per accontentare davvero tutti i visitatori, quelli cresciuti con Sonic e Super Mario ma anche i loro figli appartenenti alla Gen Z, i quali troveranno decine di postazioni con i videogames pi\u00f9 amati del momento.<\/p>\n<p>E a proposito di intergenerazionalit\u00e0, impossibile non rimanere affascinati dalle costruzioni monumentali dell\u2019<strong>area mattoncini<\/strong> \u2013 veri e propri capolavori, frutto del talento dei pi\u00f9 abili artisti italiani.<\/p>\n<p>Spazio alla manualit\u00e0 anche nell\u2019area modellismo a cura di Gunpla Builders Veneto, in cui le centinaia di lavori in mostra fungeranno da ispirazione per i piccoli model maker che vorranno cimentarsi nei laboratori per bambini. Da una forma d\u2019arte all\u2019altra il passo \u00e8 breve, e cos\u00ec Extracon ospita oltre 30 autori di fumetti in <strong>artist alley<\/strong>, che disegnano dal vivo e poi svelano le loro tecniche nel corso dei workshop aperti a tutti.<\/p>\n<h3>Spazio anche al Wrestling<\/h3>\n<p>A impreziosire una manifestazione ricchissima, che al suo terzo anno di vita occupa gi\u00e0 cinque padiglioni del polo fieristico pordenonese, un ricco palinsesto di eventi e show dal vivo: sul ring del <strong>Crossover Wrestling <\/strong>i lottatori, travestiti da personaggi di film e cartoon, danno luogo a una serie di scontri divertentissimi ed entusiasmanti.<\/p>\n<p>Sul palco cosplay sfilano decine e decine di appassionati nei panni dei loro personaggi di fantasia preferiti, di cui vengono riprodotti alla perfezione movenze e vestiario.<\/p>\n<p>Grandi momenti di spettacolo anche sul main stage di Extracon.<\/p>\n<p>Sabato 18 gennaio arriva <strong>Giorgio Vanni<\/strong>, l\u2019interprete delle sigle di Dragon Ball, Pok\u00e9mon e Naruto, mentre domenica 19 \u00e8 la volta di <strong>Cristina D\u2019Avena<\/strong>, la voce di intere generazioni cresciute con Sailor Moon, Mila e Shiro, Lady Oscar.<\/p>\n<p>Due show da non perdere in cui le melodie che hanno segnato un\u2019epoca vengono cantate dal vivo dagli artisti che le hanno rese memorabili. Grande attesa per <strong>Jason<\/strong> <strong>Isaacs<\/strong>, attore internazionale celebre per il suo ruolo di Lucius Malfoy in <em>Harry Potter<\/em>, che incontrer\u00e0 i fan per foto e autografi, offrendo un\u2019opportunit\u00e0 unica per tutti gli appassionati della saga.<\/p>\n<h3>Film e fumetti<\/h3>\n<p>Domenica, Jason Isaacs sar\u00e0 inoltre protagonista di un incontro sul palco centrale, aperto a tutti i visitatori.<\/p>\n<p>Ampio spazio al doppiaggio con <strong>Maurizio Merluzzo<\/strong> (Zachary Levi in Shazam), <strong>Patrizia Scianca <\/strong>(Goku bambino in Dragon Ball), <strong>Federica Valenti<\/strong> (Chopper in One Piece) che saliranno sul palco sabato 18 gennaio, mentre domenica sar\u00e0 la volta di <strong>Flavio Aquilone<\/strong> \u2013 la voce di Tom Felton nel ruolo di Draco Malfoy in tutti gli otto film della saga di Harry Potter.<\/p>\n<p>A Extracon, inoltre, sar\u00e0 in mostra una statua di Coccobill, il famoso cowboy nato dalla fervida creativit\u00e0 di Jacovitti, e Fiero, la mascotte della Fiera di Pordenone: entrambi i personaggi, a grandezza pi\u00f9 che naturale sono stati realizzati a cura del Palazzo del Fumetto.<\/p>\n<p>Il Palazzo del Fumetto sar\u00e0 presente anche con uno stand nel quale sar\u00e0 possibile scoprire le attivit\u00e0, acquistare i cataloghi delle mostre e partecipare a tante iniziative organizzate nello stand.<\/p>\n<p>Prova per giovani creativi con <strong>Procreate sabato mattina e domenica pomeriggio;<\/strong> <strong>firmacopie con l&#8217;autrice Valentina Angelone<\/strong> del nuovissimo albo di Turismo a Fumetti: le tavole originali sono in mostra al Palazzo del Fumetto; <strong>Crea, schizza, disegna e colora<\/strong> nell&#8217;angolo creativit\u00e0<\/p>\n<p>A chiudere i due giorni di manifestazione il cosplay contest, con i pi\u00f9 spettacolari costumi ispirati ai cartoni animati, ai film e alle serie tv. Una gara aperta a tutti i cosplayer presenti, che vengono valutati e premiati per qualit\u00e0 del costume, interpretazione del personaggio e originalit\u00e0.<\/p>\n<p><strong>Orario<\/strong>: sabato 18 e domenica 19 gennaio dalle ore 10 alle ore 19<\/p>\n","protected":false},"excerpt":{"rendered":"<p>Sar\u00e0 una delle protagoniste Extracon, per un weekend dedicato al mondo del fumetto, del gioco e della cultura pop<\/p>\n","protected":false},"author":28,"featured_media":61903,"comment_status":"closed","ping_status":"closed","template":"","tags":[2692,261,826,501,1406,275],"mec_category":[131],"class_list":["post-61902","mec-events","type-mec-events","status-publish","has-post-thumbnail","hentry","tag-comics","tag-eventi","tag-eventi-fvg","tag-fiera","tag-fumetti","tag-pordenone","mec_category-discovery"],"_links":{"self":[{"href":"https:\/\/imagazine.it\/home_desk\/wp-json\/wp\/v2\/mec-events\/61902","targetHints":{"allow":["GET"]}}],"collection":[{"href":"https:\/\/imagazine.it\/home_desk\/wp-json\/wp\/v2\/mec-events"}],"about":[{"href":"https:\/\/imagazine.it\/home_desk\/wp-json\/wp\/v2\/types\/mec-events"}],"author":[{"embeddable":true,"href":"https:\/\/imagazine.it\/home_desk\/wp-json\/wp\/v2\/users\/28"}],"replies":[{"embeddable":true,"href":"https:\/\/imagazine.it\/home_desk\/wp-json\/wp\/v2\/comments?post=61902"}],"wp:featuredmedia":[{"embeddable":true,"href":"https:\/\/imagazine.it\/home_desk\/wp-json\/wp\/v2\/media\/61903"}],"wp:attachment":[{"href":"https:\/\/imagazine.it\/home_desk\/wp-json\/wp\/v2\/media?parent=61902"}],"wp:term":[{"taxonomy":"post_tag","embeddable":true,"href":"https:\/\/imagazine.it\/home_desk\/wp-json\/wp\/v2\/tags?post=61902"},{"taxonomy":"mec_category","embeddable":true,"href":"https:\/\/imagazine.it\/home_desk\/wp-json\/wp\/v2\/mec_category?post=61902"}],"curies":[{"name":"wp","href":"https:\/\/api.w.org\/{rel}","templated":true}]}}

<p><span style="font-size: 10pt;"><em>Cristina D&#8217;Avena</em></span></p>
<p>Comics, videogames, giochi da tavolo, mattoncini e tanto altro ancora: <strong>sabato 18 e domenica 19 gennaio</strong> il <strong>quartiere fieristico di Pordenone</strong> si tinge di tutti i colori della cultura pop. Un’esplosione di divertimento che promette di coinvolgere e affascinare ogni visitatore, senza distinzioni d’età e interessi.</p>
<p>Organizzata da <strong>PordenoneFiere S.p.A.</strong> in collaborazione con <strong>Centro Fiera S.p.A.</strong>, Extracon è una vera e propria festa all’insegna dello shopping più originale, a cui si accompagnano le tantissime aree dinamiche e interattive. La <strong>mostra mercato</strong> accoglie migliaia di gadget e magliette a tema, action figures e fumetti (dai manga giapponesi ai supereroi americani). Ogni sfaccettatura dell’odierna cultura popolare è degnamente rappresentata: cartoni animati, serie tv, film fantasy e di fantascienza, ma anche giochi e videogiochi.</p>
<h3>Gaming e videogiochi</h3>
<p>Proprio il mondo del <strong>gaming</strong> è grande protagonista nei padiglioni dedicati alle attività. A pochi passi gli uni dagli altri, i classici videogames da sala giochi e quelli di ultima generazione – da Fortnite ed EA Sports FC alla realtà virtuale – saranno al centro delle sfide più entusiasmanti, in un autentico viaggio intergenerazionale a colpi di joypad.</p>
<p>Oltre 100 cabinati vintage animeranno la rassegna di videogiochi <em>arcade</em> più estesa di tutto il nord-est: Pac Man, Space Invaders, Bubble Bobble, Metal Slug, Street Fighter II e innumerevoli altri titoli celeberrimi saranno giocabili in modo del tutto libero, finalmente senza gettoni; un vero e proprio sogno per i ragazzi cresciuti negli anni Ottanta e Novanta.</p>
<p>Accanto ai classici mobili arcade, oltre 70 console e computer del passato – dall’Atari al Commodore, dal Super Nintendo alla Playstation – e le console new gen per accontentare davvero tutti i visitatori, quelli cresciuti con Sonic e Super Mario ma anche i loro figli appartenenti alla Gen Z, i quali troveranno decine di postazioni con i videogames più amati del momento.</p>
<p>E a proposito di intergenerazionalità, impossibile non rimanere affascinati dalle costruzioni monumentali dell’<strong>area mattoncini</strong> – veri e propri capolavori, frutto del talento dei più abili artisti italiani.</p>
<p>Spazio alla manualità anche nell’area modellismo a cura di Gunpla Builders Veneto, in cui le centinaia di lavori in mostra fungeranno da ispirazione per i piccoli model maker che vorranno cimentarsi nei laboratori per bambini. Da una forma d’arte all’altra il passo è breve, e così Extracon ospita oltre 30 autori di fumetti in <strong>artist alley</strong>, che disegnano dal vivo e poi svelano le loro tecniche nel corso dei workshop aperti a tutti.</p>
<h3>Spazio anche al Wrestling</h3>
<p>A impreziosire una manifestazione ricchissima, che al suo terzo anno di vita occupa già cinque padiglioni del polo fieristico pordenonese, un ricco palinsesto di eventi e show dal vivo: sul ring del <strong>Crossover Wrestling </strong>i lottatori, travestiti da personaggi di film e cartoon, danno luogo a una serie di scontri divertentissimi ed entusiasmanti.</p>
<p>Sul palco cosplay sfilano decine e decine di appassionati nei panni dei loro personaggi di fantasia preferiti, di cui vengono riprodotti alla perfezione movenze e vestiario.</p>
<p>Grandi momenti di spettacolo anche sul main stage di Extracon.</p>
<p>Sabato 18 gennaio arriva <strong>Giorgio Vanni</strong>, l’interprete delle sigle di Dragon Ball, Pokémon e Naruto, mentre domenica 19 è la volta di <strong>Cristina D’Avena</strong>, la voce di intere generazioni cresciute con Sailor Moon, Mila e Shiro, Lady Oscar.</p>
<p>Due show da non perdere in cui le melodie che hanno segnato un’epoca vengono cantate dal vivo dagli artisti che le hanno rese memorabili. Grande attesa per <strong>Jason</strong> <strong>Isaacs</strong>, attore internazionale celebre per il suo ruolo di Lucius Malfoy in <em>Harry Potter</em>, che incontrerà i fan per foto e autografi, offrendo un’opportunità unica per tutti gli appassionati della saga.</p>
<h3>Film e fumetti</h3>
<p>Domenica, Jason Isaacs sarà inoltre protagonista di un incontro sul palco centrale, aperto a tutti i visitatori.</p>
<p>Ampio spazio al doppiaggio con <strong>Maurizio Merluzzo</strong> (Zachary Levi in Shazam), <strong>Patrizia Scianca </strong>(Goku bambino in Dragon Ball), <strong>Federica Valenti</strong> (Chopper in One Piece) che saliranno sul palco sabato 18 gennaio, mentre domenica sarà la volta di <strong>Flavio Aquilone</strong> – la voce di Tom Felton nel ruolo di Draco Malfoy in tutti gli otto film della saga di Harry Potter.</p>
<p>A Extracon, inoltre, sarà in mostra una statua di Coccobill, il famoso cowboy nato dalla fervida creatività di Jacovitti, e Fiero, la mascotte della Fiera di Pordenone: entrambi i personaggi, a grandezza più che naturale sono stati realizzati a cura del Palazzo del Fumetto.</p>
<p>Il Palazzo del Fumetto sarà presente anche con uno stand nel quale sarà possibile scoprire le attività, acquistare i cataloghi delle mostre e partecipare a tante iniziative organizzate nello stand.</p>
<p>Prova per giovani creativi con <strong>Procreate sabato mattina e domenica pomeriggio;</strong> <strong>firmacopie con l&#8217;autrice Valentina Angelone</strong> del nuovissimo albo di Turismo a Fumetti: le tavole originali sono in mostra al Palazzo del Fumetto; <strong>Crea, schizza, disegna e colora</strong> nell&#8217;angolo creatività</p>
<p>A chiudere i due giorni di manifestazione il cosplay contest, con i più spettacolari costumi ispirati ai cartoni animati, ai film e alle serie tv. Una gara aperta a tutti i cosplayer presenti, che vengono valutati e premiati per qualità del costume, interpretazione del personaggio e originalità.</p>
<p><strong>Orario</strong>: sabato 18 e domenica 19 gennaio dalle ore 10 alle ore 19</p>

<p>Sarà una delle protagoniste Extracon, per un weekend dedicato al mondo del fumetto, del gioco e della cultura pop</p>
