{"id":61710,"date":"2025-01-10T11:56:29","date_gmt":"2025-01-10T10:56:29","guid":{"rendered":"https:\/\/imagazine.it\/home_desk\/?post_type=mec-events&#038;p=61710"},"modified":"2025-01-10T11:57:27","modified_gmt":"2025-01-10T10:57:27","slug":"il-grande-giove","status":"publish","type":"mec-events","link":"https:\/\/imagazine.it\/home_desk\/events\/il-grande-giove\/","title":{"rendered":"Il grande Giove"},"content":{"rendered":"<p align=\"JUSTIFY\"><span style=\"font-family: georgia, palatino, serif;\"><span style=\"color: #000080;\"><span lang=\"zxx\"><span style=\"color: #000000;\"><span style=\"font-size: medium;\"><span lang=\"it-IT\">I<\/span><\/span><\/span><\/span><\/span><span style=\"color: #000080;\"><span lang=\"zxx\"><span style=\"color: #000000;\"><span style=\"font-size: medium;\"><span lang=\"it-IT\">n questo periodo il pianeta\u00a0<\/span><\/span><\/span><\/span><\/span><span style=\"color: #000080;\"><span lang=\"zxx\"><span style=\"color: #000000;\"><span style=\"font-size: medium;\"><span lang=\"it-IT\"><b>Giove<\/b><\/span><\/span><\/span><\/span><\/span><span style=\"color: #000080;\"><span lang=\"zxx\"><span style=\"color: #000000;\"><span style=\"font-size: medium;\"><span lang=\"it-IT\">\u00a0\u00e8 particolarmente visibile in cielo: all&#8217;<\/span><\/span><\/span><\/span><\/span><span style=\"color: #000080;\"><span lang=\"zxx\"><span style=\"color: #000000;\"><span style=\"font-size: medium;\"><span lang=\"it-IT\"><b>Immaginario Scientifico di Trieste<\/b><\/span><\/span><\/span><\/span><\/span><span style=\"color: #000080;\"><span lang=\"zxx\"><span style=\"color: #000000;\"><span style=\"font-size: medium;\"><span lang=\"it-IT\">\u00a0(Magazzino 26) domenica\u00a0<\/span><\/span><\/span><\/span><\/span><span style=\"color: #000080;\"><span lang=\"zxx\"><span style=\"color: #000000;\"><span style=\"font-size: medium;\"><span lang=\"it-IT\"><b>12 gennaio<\/b><\/span><\/span><\/span><\/span><\/span><span style=\"color: #000080;\"><span lang=\"zxx\"><span style=\"color: #000000;\"><span style=\"font-size: medium;\"><span lang=\"it-IT\">\u00a0la visita \u00e8 arricchita da un approfondimento sul pianeta pi\u00f9 grande del Sistema Solare, per scoprirne dettagli e curiosit\u00e0.<\/span><\/span><\/span><\/span><\/span><\/span><\/p>\n<p align=\"JUSTIFY\"><span style=\"font-family: georgia, palatino, serif;\"><span style=\"color: #000080;\"><span lang=\"zxx\"><span style=\"color: #000000;\"><span style=\"font-size: medium;\"><span lang=\"it-IT\">Sar\u00e0 l&#8217;occasione per ripassare le caratteristiche fisiche del \u201cgigante\u201d, ripercorrere la storia della sua\u00a0<\/span><\/span><\/span><\/span><\/span><span style=\"color: #000080;\"><span lang=\"zxx\"><span style=\"color: #000000;\"><span style=\"font-size: medium;\"><span lang=\"it-IT\"><b>esplorazione<\/b><\/span><\/span><\/span><\/span><\/span><span style=\"color: #000080;\"><span lang=\"zxx\"><span style=\"color: #000000;\"><span style=\"font-size: medium;\"><span lang=\"it-IT\">, dagli anni &#8217;70 ad oggi, anche grazie alle immagini pi\u00f9 recenti delle sonde, e fare un\u2019ipotesi su cosa ci attende in futuro.<\/span><\/span><\/span><\/span><\/span><\/span><\/p>\n<p align=\"JUSTIFY\"><span style=\"font-family: georgia, palatino, serif;\"><span style=\"color: #000080;\"><span lang=\"zxx\"><span style=\"color: #000000;\"><span style=\"font-size: medium;\"><span lang=\"it-IT\">L&#8217;approfondimento, incluso nel biglietto al museo, \u00e8 in programma alle\u00a0<\/span><\/span><\/span><\/span><\/span><span style=\"color: #000080;\"><span lang=\"zxx\"><span style=\"color: #000000;\"><span style=\"font-size: medium;\"><span lang=\"it-IT\"><b>ore 11.00<\/b><\/span><\/span><\/span><\/span><\/span><span style=\"color: #000080;\"><span lang=\"zxx\"><span style=\"color: #000000;\"><span style=\"font-size: medium;\"><span lang=\"it-IT\">\u00a0e alle\u00a0<\/span><\/span><\/span><\/span><\/span><span style=\"color: #000080;\"><span lang=\"zxx\"><span style=\"color: #000000;\"><span style=\"font-size: medium;\"><span lang=\"it-IT\"><b>ore 16.00<\/b><\/span><\/span><\/span><\/span><\/span><span style=\"color: #000080;\"><span lang=\"zxx\"><span style=\"color: #000000;\"><span style=\"font-size: medium;\"><span lang=\"it-IT\">. Non \u00e8 prevista la prenotazione.<\/span><\/span><\/span><\/span><\/span><\/span><\/p>\n","protected":false},"excerpt":{"rendered":"<p>All&#8217;Immaginario Scientifico di Trieste un approfondimento sul pianeta pi\u00f9 esteso del Sistema Solare, ben visibile in questo periodo dell\u2019anno<\/p>\n","protected":false},"author":28,"featured_media":61711,"comment_status":"closed","ping_status":"closed","template":"","tags":[2679,533,531,65],"mec_category":[131],"class_list":["post-61710","mec-events","type-mec-events","status-publish","has-post-thumbnail","hentry","tag-pianeti","tag-scienza","tag-spazio","tag-trieste","mec_category-discovery"],"_links":{"self":[{"href":"https:\/\/imagazine.it\/home_desk\/wp-json\/wp\/v2\/mec-events\/61710","targetHints":{"allow":["GET"]}}],"collection":[{"href":"https:\/\/imagazine.it\/home_desk\/wp-json\/wp\/v2\/mec-events"}],"about":[{"href":"https:\/\/imagazine.it\/home_desk\/wp-json\/wp\/v2\/types\/mec-events"}],"author":[{"embeddable":true,"href":"https:\/\/imagazine.it\/home_desk\/wp-json\/wp\/v2\/users\/28"}],"replies":[{"embeddable":true,"href":"https:\/\/imagazine.it\/home_desk\/wp-json\/wp\/v2\/comments?post=61710"}],"wp:featuredmedia":[{"embeddable":true,"href":"https:\/\/imagazine.it\/home_desk\/wp-json\/wp\/v2\/media\/61711"}],"wp:attachment":[{"href":"https:\/\/imagazine.it\/home_desk\/wp-json\/wp\/v2\/media?parent=61710"}],"wp:term":[{"taxonomy":"post_tag","embeddable":true,"href":"https:\/\/imagazine.it\/home_desk\/wp-json\/wp\/v2\/tags?post=61710"},{"taxonomy":"mec_category","embeddable":true,"href":"https:\/\/imagazine.it\/home_desk\/wp-json\/wp\/v2\/mec_category?post=61710"}],"curies":[{"name":"wp","href":"https:\/\/api.w.org\/{rel}","templated":true}]}}

<p align="JUSTIFY"><span style="font-family: georgia, palatino, serif;"><span style="color: #000080;"><span lang="zxx"><span style="color: #000000;"><span style="font-size: medium;"><span lang="it-IT">I</span></span></span></span></span><span style="color: #000080;"><span lang="zxx"><span style="color: #000000;"><span style="font-size: medium;"><span lang="it-IT">n questo periodo il pianeta </span></span></span></span></span><span style="color: #000080;"><span lang="zxx"><span style="color: #000000;"><span style="font-size: medium;"><span lang="it-IT"><b>Giove</b></span></span></span></span></span><span style="color: #000080;"><span lang="zxx"><span style="color: #000000;"><span style="font-size: medium;"><span lang="it-IT"> è particolarmente visibile in cielo: all&#8217;</span></span></span></span></span><span style="color: #000080;"><span lang="zxx"><span style="color: #000000;"><span style="font-size: medium;"><span lang="it-IT"><b>Immaginario Scientifico di Trieste</b></span></span></span></span></span><span style="color: #000080;"><span lang="zxx"><span style="color: #000000;"><span style="font-size: medium;"><span lang="it-IT"> (Magazzino 26) domenica </span></span></span></span></span><span style="color: #000080;"><span lang="zxx"><span style="color: #000000;"><span style="font-size: medium;"><span lang="it-IT"><b>12 gennaio</b></span></span></span></span></span><span style="color: #000080;"><span lang="zxx"><span style="color: #000000;"><span style="font-size: medium;"><span lang="it-IT"> la visita è arricchita da un approfondimento sul pianeta più grande del Sistema Solare, per scoprirne dettagli e curiosità.</span></span></span></span></span></span></p>
<p align="JUSTIFY"><span style="font-family: georgia, palatino, serif;"><span style="color: #000080;"><span lang="zxx"><span style="color: #000000;"><span style="font-size: medium;"><span lang="it-IT">Sarà l&#8217;occasione per ripassare le caratteristiche fisiche del “gigante”, ripercorrere la storia della sua </span></span></span></span></span><span style="color: #000080;"><span lang="zxx"><span style="color: #000000;"><span style="font-size: medium;"><span lang="it-IT"><b>esplorazione</b></span></span></span></span></span><span style="color: #000080;"><span lang="zxx"><span style="color: #000000;"><span style="font-size: medium;"><span lang="it-IT">, dagli anni &#8217;70 ad oggi, anche grazie alle immagini più recenti delle sonde, e fare un’ipotesi su cosa ci attende in futuro.</span></span></span></span></span></span></p>
<p align="JUSTIFY"><span style="font-family: georgia, palatino, serif;"><span style="color: #000080;"><span lang="zxx"><span style="color: #000000;"><span style="font-size: medium;"><span lang="it-IT">L&#8217;approfondimento, incluso nel biglietto al museo, è in programma alle </span></span></span></span></span><span style="color: #000080;"><span lang="zxx"><span style="color: #000000;"><span style="font-size: medium;"><span lang="it-IT"><b>ore 11.00</b></span></span></span></span></span><span style="color: #000080;"><span lang="zxx"><span style="color: #000000;"><span style="font-size: medium;"><span lang="it-IT"> e alle </span></span></span></span></span><span style="color: #000080;"><span lang="zxx"><span style="color: #000000;"><span style="font-size: medium;"><span lang="it-IT"><b>ore 16.00</b></span></span></span></span></span><span style="color: #000080;"><span lang="zxx"><span style="color: #000000;"><span style="font-size: medium;"><span lang="it-IT">. Non è prevista la prenotazione.</span></span></span></span></span></span></p>

<p>All&#8217;Immaginario Scientifico di Trieste un approfondimento sul pianeta più esteso del Sistema Solare, ben visibile in questo periodo dell’anno</p>
