{"id":61673,"date":"2025-01-09T11:48:09","date_gmt":"2025-01-09T10:48:09","guid":{"rendered":"https:\/\/imagazine.it\/home_desk\/?post_type=mec-events&#038;p=61673"},"modified":"2025-01-09T11:48:09","modified_gmt":"2025-01-09T10:48:09","slug":"destinazione-speranza","status":"publish","type":"mec-events","link":"https:\/\/imagazine.it\/home_desk\/events\/destinazione-speranza\/","title":{"rendered":"Destinazione speranza"},"content":{"rendered":"<p><span style=\"font-size: 10pt;\"><em>Vito Mancuso (\u00a9 Yuma Martellanz)<\/em><\/span><\/p>\n<p><strong><em>Destinazione speranza<\/em><\/strong> \u00e8 il filo rosso della conversazione che, nella data emblematica del 27 gennaio, alle 20.45, vedr\u00e0 protagonista all\u2019Auditorium Zanussi di Pordenone il teologo<strong> Vito Mancuso<\/strong>, autore dell\u2019omonimo saggio pubblicato da Garzanti.<\/p>\n<p>L\u2019appuntamento permetter\u00e0 a tutti di sfogliarlo insieme all\u2019autore, con il quale converser\u00e0 il presidente di Presenza e Cultura, <strong>don Orioldo Marson<\/strong>.<\/p>\n<p><strong>L\u2019incontro \u00e8 a ingresso libero, fino ad esaurimento dei posti disponibili <\/strong><strong>(p<\/strong>renotazioni attraverso registrazione al sito www.pordenonelegge.it alla voce mypnlegge; info: tel. 0434 1573100).<\/p>\n<p>La<strong> Giornata della Memoria<\/strong>, nel ricordo della tragedia della Shoah, \u00abriflette l\u2019universalit\u00e0 della sofferenza degli esseri umani che in ogni epoca e latitudine hanno subito e subiscono ancora oggi ingiustizia \u2013 spiega Vito Mancuso \u2013 e include quindi anche le sofferenze che le guerre producono nel nostro tempo\u00bb.<\/p>\n<p>Cercando di rispondere a tre fondamentali quesiti formulati per la prima volta da Immanuel Kant (<em>Che cosa posso sapere? Che cosa devo fare? Che cosa mi \u00e8 lecito sperare?<\/em>), Vito Mancuso ci guida alla ricerca del significato pi\u00f9 profondo e autentico della nostra vita. <em>Destinazione Speranza<\/em> rifonda il senso della nostra esistenza su un presupposto inedito e dirompente: <strong>la libert\u00e0 di obbedire<\/strong>.<\/p>\n<p>Se saremo in grado di essere noi stessi in relazione con gli altri, di resistere all\u2019egoismo favorendo la solidariet\u00e0, di ridare valore alla dimensione morale al fine di agire con responsabilit\u00e0, allora non tutto sar\u00e0 perduto: solo cos\u00ec, infatti, potremo definirci donne e uomini davvero liberi e guardare con speranza, ragionevole e fondata, al futuro che ci attende.<\/p>\n","protected":false},"excerpt":{"rendered":"<p>Vito Mancuso protagonista a Pordenone della Giornata della Memoria. Con la presentazione del suo ultimo libro<\/p>\n","protected":false},"author":28,"featured_media":61674,"comment_status":"closed","ping_status":"closed","template":"","tags":[261,826,273,275,2675],"mec_category":[59],"class_list":["post-61673","mec-events","type-mec-events","status-publish","has-post-thumbnail","hentry","tag-eventi","tag-eventi-fvg","tag-libri","tag-pordenone","tag-shoah","mec_category-meeting"],"_links":{"self":[{"href":"https:\/\/imagazine.it\/home_desk\/wp-json\/wp\/v2\/mec-events\/61673","targetHints":{"allow":["GET"]}}],"collection":[{"href":"https:\/\/imagazine.it\/home_desk\/wp-json\/wp\/v2\/mec-events"}],"about":[{"href":"https:\/\/imagazine.it\/home_desk\/wp-json\/wp\/v2\/types\/mec-events"}],"author":[{"embeddable":true,"href":"https:\/\/imagazine.it\/home_desk\/wp-json\/wp\/v2\/users\/28"}],"replies":[{"embeddable":true,"href":"https:\/\/imagazine.it\/home_desk\/wp-json\/wp\/v2\/comments?post=61673"}],"wp:featuredmedia":[{"embeddable":true,"href":"https:\/\/imagazine.it\/home_desk\/wp-json\/wp\/v2\/media\/61674"}],"wp:attachment":[{"href":"https:\/\/imagazine.it\/home_desk\/wp-json\/wp\/v2\/media?parent=61673"}],"wp:term":[{"taxonomy":"post_tag","embeddable":true,"href":"https:\/\/imagazine.it\/home_desk\/wp-json\/wp\/v2\/tags?post=61673"},{"taxonomy":"mec_category","embeddable":true,"href":"https:\/\/imagazine.it\/home_desk\/wp-json\/wp\/v2\/mec_category?post=61673"}],"curies":[{"name":"wp","href":"https:\/\/api.w.org\/{rel}","templated":true}]}}

<p><span style="font-size: 10pt;"><em>Vito Mancuso (© Yuma Martellanz)</em></span></p>
<p><strong><em>Destinazione speranza</em></strong> è il filo rosso della conversazione che, nella data emblematica del 27 gennaio, alle 20.45, vedrà protagonista all’Auditorium Zanussi di Pordenone il teologo<strong> Vito Mancuso</strong>, autore dell’omonimo saggio pubblicato da Garzanti.</p>
<p>L’appuntamento permetterà a tutti di sfogliarlo insieme all’autore, con il quale converserà il presidente di Presenza e Cultura, <strong>don Orioldo Marson</strong>.</p>
<p><strong>L’incontro è a ingresso libero, fino ad esaurimento dei posti disponibili </strong><strong>(p</strong>renotazioni attraverso registrazione al sito www.pordenonelegge.it alla voce mypnlegge; info: tel. 0434 1573100).</p>
<p>La<strong> Giornata della Memoria</strong>, nel ricordo della tragedia della Shoah, «riflette l’universalità della sofferenza degli esseri umani che in ogni epoca e latitudine hanno subito e subiscono ancora oggi ingiustizia – spiega Vito Mancuso – e include quindi anche le sofferenze che le guerre producono nel nostro tempo».</p>
<p>Cercando di rispondere a tre fondamentali quesiti formulati per la prima volta da Immanuel Kant (<em>Che cosa posso sapere? Che cosa devo fare? Che cosa mi è lecito sperare?</em>), Vito Mancuso ci guida alla ricerca del significato più profondo e autentico della nostra vita. <em>Destinazione Speranza</em> rifonda il senso della nostra esistenza su un presupposto inedito e dirompente: <strong>la libertà di obbedire</strong>.</p>
<p>Se saremo in grado di essere noi stessi in relazione con gli altri, di resistere all’egoismo favorendo la solidarietà, di ridare valore alla dimensione morale al fine di agire con responsabilità, allora non tutto sarà perduto: solo così, infatti, potremo definirci donne e uomini davvero liberi e guardare con speranza, ragionevole e fondata, al futuro che ci attende.</p>
