{"id":61625,"date":"2025-01-07T18:37:34","date_gmt":"2025-01-07T17:37:34","guid":{"rendered":"https:\/\/imagazine.it\/home_desk\/?post_type=mec-events&#038;p=61625"},"modified":"2025-01-07T18:37:34","modified_gmt":"2025-01-07T17:37:34","slug":"boa-un-salvagente-per-la-felicita","status":"publish","type":"mec-events","link":"https:\/\/imagazine.it\/home_desk\/events\/boa-un-salvagente-per-la-felicita\/","title":{"rendered":"BOA: un salvagente per la felicit\u00e0"},"content":{"rendered":"<p>Dopo un dicembre particolarmente intenso di spettacoli e animazioni in Fvg e in altre regioni italiane, <strong>Molino Rosenkranz<\/strong> \u00e8 pronto per la ripresa della rassegna <strong>Fila a Teatro<\/strong>: la nona tappa, grazie alla collaborazione del <strong>Comune di Spilimbergo, porta al teatro Miotto<\/strong>,<strong> domenica 12 gennaio ore 16.30<\/strong>, un\u2019altra <strong>prima regionale con \u201cBOA: \u00a0un salvagente per la felicit\u00e0\u201d, <\/strong>evento energizzante, divertente e coinvolgente per tutte le et\u00e0, uno spettacolo di circo contemporaneo che tra acrobazie e riflessioni ci ricorda che la felicit\u00e0 \u00e8 il motore per affrontare l\u2019oggi.<\/p>\n<p>Quante volte nella difficolt\u00e0 si \u00e8 alla ricerca di salvagenti e BOA \u00e8 un\u2019opportunit\u00e0 non solo per galleggiare, ma per sfiorare la felicit\u00e0, lasciarla arrivare, crescere e coglierla al volo. Felicit\u00e0 da non afferrare, ma da godere. Un istante di puro sentimento, ma anche uno stato d\u2019animo in movimento. La felicit\u00e0 da trovare dentro, quella per s\u00e8 e quella intorno a s\u00e8, ognuno la sua, al confine con quella degli altri.<\/p>\n<p>L\u2019intenso lavoro fisico e creativo di <strong>Damiano Fumagalli<\/strong> e <strong>Alice Roma<\/strong> <strong>della compagnia italo \u2013 francese Rasoterra Circo <\/strong>\u00e8 guidato dalla regista <strong>Juliette Hulot <\/strong>dando forma e impulso alla ricerca artistica di compiere un salto, un tentativo di decollo, una sfida ai nostri piedi incollati al suolo.<\/p>\n","protected":false},"excerpt":{"rendered":"<p>In prima regionale lo spettacolo di circo contemporaneo che tra acrobazie e riflessioni ricorda che la felicit\u00e0 \u00e8 il motore per affrontare l\u2019oggi<\/p>\n","protected":false},"author":28,"featured_media":61626,"comment_status":"closed","ping_status":"closed","template":"","tags":[329,261,826,821,302,52],"mec_category":[48],"class_list":["post-61625","mec-events","type-mec-events","status-publish","has-post-thumbnail","hentry","tag-circo","tag-eventi","tag-eventi-fvg","tag-spettacoli","tag-spilimbergo","tag-teatro","mec_category-classic-art"],"_links":{"self":[{"href":"https:\/\/imagazine.it\/home_desk\/wp-json\/wp\/v2\/mec-events\/61625","targetHints":{"allow":["GET"]}}],"collection":[{"href":"https:\/\/imagazine.it\/home_desk\/wp-json\/wp\/v2\/mec-events"}],"about":[{"href":"https:\/\/imagazine.it\/home_desk\/wp-json\/wp\/v2\/types\/mec-events"}],"author":[{"embeddable":true,"href":"https:\/\/imagazine.it\/home_desk\/wp-json\/wp\/v2\/users\/28"}],"replies":[{"embeddable":true,"href":"https:\/\/imagazine.it\/home_desk\/wp-json\/wp\/v2\/comments?post=61625"}],"wp:featuredmedia":[{"embeddable":true,"href":"https:\/\/imagazine.it\/home_desk\/wp-json\/wp\/v2\/media\/61626"}],"wp:attachment":[{"href":"https:\/\/imagazine.it\/home_desk\/wp-json\/wp\/v2\/media?parent=61625"}],"wp:term":[{"taxonomy":"post_tag","embeddable":true,"href":"https:\/\/imagazine.it\/home_desk\/wp-json\/wp\/v2\/tags?post=61625"},{"taxonomy":"mec_category","embeddable":true,"href":"https:\/\/imagazine.it\/home_desk\/wp-json\/wp\/v2\/mec_category?post=61625"}],"curies":[{"name":"wp","href":"https:\/\/api.w.org\/{rel}","templated":true}]}}

BOA: un salvagente per la felicità

<p>Dopo un dicembre particolarmente intenso di spettacoli e animazioni in Fvg e in altre regioni italiane, <strong>Molino Rosenkranz</strong> è pronto per la ripresa della rassegna <strong>Fila a Teatro</strong>: la nona tappa, grazie alla collaborazione del <strong>Comune di Spilimbergo, porta al teatro Miotto</strong>,<strong> domenica 12 gennaio ore 16.30</strong>, un’altra <strong>prima regionale con “BOA:  un salvagente per la felicità”, </strong>evento energizzante, divertente e coinvolgente per tutte le età, uno spettacolo di circo contemporaneo che tra acrobazie e riflessioni ci ricorda che la felicità è il motore per affrontare l’oggi.</p>
<p>Quante volte nella difficoltà si è alla ricerca di salvagenti e BOA è un’opportunità non solo per galleggiare, ma per sfiorare la felicità, lasciarla arrivare, crescere e coglierla al volo. Felicità da non afferrare, ma da godere. Un istante di puro sentimento, ma anche uno stato d’animo in movimento. La felicità da trovare dentro, quella per sè e quella intorno a sè, ognuno la sua, al confine con quella degli altri.</p>
<p>L’intenso lavoro fisico e creativo di <strong>Damiano Fumagalli</strong> e <strong>Alice Roma</strong> <strong>della compagnia italo – francese Rasoterra Circo </strong>è guidato dalla regista <strong>Juliette Hulot </strong>dando forma e impulso alla ricerca artistica di compiere un salto, un tentativo di decollo, una sfida ai nostri piedi incollati al suolo.</p>

<p>In prima regionale lo spettacolo di circo contemporaneo che tra acrobazie e riflessioni ricorda che la felicità è il motore per affrontare l’oggi</p>
