{"id":61525,"date":"2024-12-30T17:20:52","date_gmt":"2024-12-30T16:20:52","guid":{"rendered":"https:\/\/imagazine.it\/home_desk\/?post_type=mec-events&#038;p=61525"},"modified":"2024-12-30T17:20:52","modified_gmt":"2024-12-30T16:20:52","slug":"francamente-me-stesso","status":"publish","type":"mec-events","link":"https:\/\/imagazine.it\/home_desk\/events\/francamente-me-stesso\/","title":{"rendered":"Francamente me stesso"},"content":{"rendered":"<p style=\"font-weight: 400;\">Francamente me stesso \u00e8 il titolo della mostra diffusa con cui i Comuni di Castions di Strada e Palmanova\u00a0<strong>omaggiano l&#8217;opera e la vita artistica di Mauro Paviotti<\/strong>.\u00a0La dedica avviene a due anni dall&#8217;improvvisa scomparsa del fotografo che ha vissuto a Castions di Strada, dove una sua collezione permanente \u00e8 ospitata negli spazi comunali e ha avuto in Palmanova la sua culla artistica e una fitta rete di amicizie.<\/p>\n<p style=\"font-weight: 400;\">L&#8217;esposizione, resa possibile grazie al contributo della Regione Friuli Venezia Giulia, dei due Comuni e con la collaborazione di ArtOK,\u00a0<strong>si snoda in tre sedi e in fasi temporali concatenate<\/strong>, per restituire una sorta di antologia che riunisce i diversi filoni della produzione fotografica di Paviotti in quasi quarant&#8217;anni.<\/p>\n<p style=\"font-weight: 400;\">Sar\u00e0 Palmanova ad aprire l&#8217;esposizione\u00a0<strong>sabato 14 dicembre alle ore 11 in Polveriera Garzoni<\/strong>\u00a0e a seguire negli spazi di ArtOK in Borgo Cividale 23\/A, rimanendo aperta fino al 14 gennaio. Successivamente\u00a0<strong>dal 4 gennaio al 2 febbraio un&#8217;ulteriore sezione della mostra sar\u00e0 accolta nella biblioteca di Castions di Strada<\/strong>.<\/p>\n<p style=\"font-weight: 400;\">Era il 2012 quando l\u2019Amministrazione comunale della citt\u00e0 stellata chiam\u00f2 un gruppo di fotografi, tra cui Paviotti, a rappresentare la citt\u00e0 che si apprestava\u00a0<strong>a intraprendere il cammino verso il riconoscimento Unesco.\u00a0<\/strong>\u201cPalmanova di ombra e di luce\u201d restitu\u00ec la visione in bianco e nero di una citt\u00e0 rinascimentale contemporanea e lo stile, gi\u00e0 maturo, delle fotografie di Paviotti ne misero in evidenza la dinamicit\u00e0 e l\u2019impronta ancora fortemente ispiratrice.<\/p>\n<p style=\"font-weight: 400;\">Bisogna tornare indietro al 1987 per <strong>ritrovare sul Dongione di Porta Cividale \u201cI miei palmanovesi\u201d<\/strong>\u00a0esposizione di ritratti ironici e carichi di affetto con cui Paviotti aveva colto il quid nei volti e nella personalit\u00e0 di tanti amici e concittadini e di cui una parte si ritrova esposta in polveriera.<\/p>\n<p style=\"font-weight: 400;\">La mostra personale, restituisce una visione dell\u2019opera omnia di Mauro Paviotti, del suo percorso di <strong>ricerca, della sua evoluzione nell\u2019uso della macchina fotografica che gli valse, tra l\u2019altro, il premio Friuli Venezia Giulia Fotografia del Craf<\/strong>.<\/p>\n<p><img loading=\"lazy\" decoding=\"async\" class=\"aligncenter size-full wp-image-61526\" src=\"https:\/\/imagazine.it\/wp-content\/uploads\/2024\/12\/paviottiLocandina.jpg\" alt=\"\" width=\"800\" height=\"1000\" title=\"\" srcset=\"https:\/\/imagazine.it\/wp-content\/uploads\/2024\/12\/paviottiLocandina.jpg 800w, https:\/\/imagazine.it\/wp-content\/uploads\/2024\/12\/paviottiLocandina-240x300.jpg 240w, https:\/\/imagazine.it\/wp-content\/uploads\/2024\/12\/paviottiLocandina-768x960.jpg 768w\" sizes=\"auto, (max-width: 800px) 100vw, 800px\" \/><\/p>\n","protected":false},"excerpt":{"rendered":"<p>L\u2019opera fotografica di Mauro Paviotti in mostra a Palmanova (e altre tre sedi)<\/p>\n","protected":false},"author":28,"featured_media":61527,"comment_status":"closed","ping_status":"closed","template":"","tags":[261,826,293,60,154],"mec_category":[59],"class_list":["post-61525","mec-events","type-mec-events","status-publish","has-post-thumbnail","hentry","tag-eventi","tag-eventi-fvg","tag-fotografia","tag-mostre","tag-palmanova","mec_category-meeting"],"_links":{"self":[{"href":"https:\/\/imagazine.it\/home_desk\/wp-json\/wp\/v2\/mec-events\/61525","targetHints":{"allow":["GET"]}}],"collection":[{"href":"https:\/\/imagazine.it\/home_desk\/wp-json\/wp\/v2\/mec-events"}],"about":[{"href":"https:\/\/imagazine.it\/home_desk\/wp-json\/wp\/v2\/types\/mec-events"}],"author":[{"embeddable":true,"href":"https:\/\/imagazine.it\/home_desk\/wp-json\/wp\/v2\/users\/28"}],"replies":[{"embeddable":true,"href":"https:\/\/imagazine.it\/home_desk\/wp-json\/wp\/v2\/comments?post=61525"}],"wp:featuredmedia":[{"embeddable":true,"href":"https:\/\/imagazine.it\/home_desk\/wp-json\/wp\/v2\/media\/61527"}],"wp:attachment":[{"href":"https:\/\/imagazine.it\/home_desk\/wp-json\/wp\/v2\/media?parent=61525"}],"wp:term":[{"taxonomy":"post_tag","embeddable":true,"href":"https:\/\/imagazine.it\/home_desk\/wp-json\/wp\/v2\/tags?post=61525"},{"taxonomy":"mec_category","embeddable":true,"href":"https:\/\/imagazine.it\/home_desk\/wp-json\/wp\/v2\/mec_category?post=61525"}],"curies":[{"name":"wp","href":"https:\/\/api.w.org\/{rel}","templated":true}]}}

<p style="font-weight: 400;">Francamente me stesso è il titolo della mostra diffusa con cui i Comuni di Castions di Strada e Palmanova <strong>omaggiano l&#8217;opera e la vita artistica di Mauro Paviotti</strong>. La dedica avviene a due anni dall&#8217;improvvisa scomparsa del fotografo che ha vissuto a Castions di Strada, dove una sua collezione permanente è ospitata negli spazi comunali e ha avuto in Palmanova la sua culla artistica e una fitta rete di amicizie.</p>
<p style="font-weight: 400;">L&#8217;esposizione, resa possibile grazie al contributo della Regione Friuli Venezia Giulia, dei due Comuni e con la collaborazione di ArtOK, <strong>si snoda in tre sedi e in fasi temporali concatenate</strong>, per restituire una sorta di antologia che riunisce i diversi filoni della produzione fotografica di Paviotti in quasi quarant&#8217;anni.</p>
<p style="font-weight: 400;">Sarà Palmanova ad aprire l&#8217;esposizione <strong>sabato 14 dicembre alle ore 11 in Polveriera Garzoni</strong> e a seguire negli spazi di ArtOK in Borgo Cividale 23/A, rimanendo aperta fino al 14 gennaio. Successivamente <strong>dal 4 gennaio al 2 febbraio un&#8217;ulteriore sezione della mostra sarà accolta nella biblioteca di Castions di Strada</strong>.</p>
<p style="font-weight: 400;">Era il 2012 quando l’Amministrazione comunale della città stellata chiamò un gruppo di fotografi, tra cui Paviotti, a rappresentare la città che si apprestava <strong>a intraprendere il cammino verso il riconoscimento Unesco. </strong>“Palmanova di ombra e di luce” restituì la visione in bianco e nero di una città rinascimentale contemporanea e lo stile, già maturo, delle fotografie di Paviotti ne misero in evidenza la dinamicità e l’impronta ancora fortemente ispiratrice.</p>
<p style="font-weight: 400;">Bisogna tornare indietro al 1987 per <strong>ritrovare sul Dongione di Porta Cividale “I miei palmanovesi”</strong> esposizione di ritratti ironici e carichi di affetto con cui Paviotti aveva colto il quid nei volti e nella personalità di tanti amici e concittadini e di cui una parte si ritrova esposta in polveriera.</p>
<p style="font-weight: 400;">La mostra personale, restituisce una visione dell’opera omnia di Mauro Paviotti, del suo percorso di <strong>ricerca, della sua evoluzione nell’uso della macchina fotografica che gli valse, tra l’altro, il premio Friuli Venezia Giulia Fotografia del Craf</strong>.</p>
<p><img loading="lazy" decoding="async" class="aligncenter size-full wp-image-61526" src="https://imagazine.it/wp-content/uploads/2024/12/paviottiLocandina.jpg" alt="" width="800" height="1000" title="" srcset="https://imagazine.it/wp-content/uploads/2024/12/paviottiLocandina.jpg 800w, https://imagazine.it/wp-content/uploads/2024/12/paviottiLocandina-240x300.jpg 240w, https://imagazine.it/wp-content/uploads/2024/12/paviottiLocandina-768x960.jpg 768w" sizes="auto, (max-width: 800px) 100vw, 800px" /></p>
