{"id":61507,"date":"2024-12-30T10:56:55","date_gmt":"2024-12-30T09:56:55","guid":{"rendered":"https:\/\/imagazine.it\/home_desk\/?post_type=mec-events&#038;p=61507"},"modified":"2024-12-30T10:56:55","modified_gmt":"2024-12-30T09:56:55","slug":"concerto-di-capodanno-a-staranzano","status":"publish","type":"mec-events","link":"https:\/\/imagazine.it\/home_desk\/events\/concerto-di-capodanno-a-staranzano\/","title":{"rendered":"Concerto di Capodanno a Staranzano"},"content":{"rendered":"<p><strong>Alle ore 12 di mercoled\u00ec 1 gennaio <\/strong>nella <strong>Sala San Pio X<\/strong> \u00e8 attesa l\u2019orchestra <strong>dell\u2019Accademia d\u2019archi Arrigoni<\/strong>, compagine di San Vito al Tagliamento tra le pi\u00f9 attive e stimate in regione, nota per esibirsi al fianco dei pi\u00f9 importanti solisti e per organizzare il concorso internazionale Piccolo Violino Magico.<\/p>\n<p>Al fianco dell\u2019orchestra due giovani e strabilianti violinisti: <strong>Ulisse Mazzon<\/strong> e <strong>Christian Sebastianutto<\/strong>.<\/p>\n<p>Diretti da <strong>Domenico Mason<\/strong> (Direttore Artistico dell\u2019Accademia Arrigoni, orchestra e solisti presentano un repertorio di<strong> grande virtuosismo<\/strong>.<\/p>\n<p>Dal \u201cConcerto in re minore\u201d per violino e archi di <strong>Johann Sebastian Bach<\/strong>, al \u201cValse Scherzo in do maggiore\u201d di <strong>\u010cajkovskij<\/strong> &#8211; una delle pagine pi\u00f9 appassionate e virtuosistiche dell\u2019autore &#8211; fino all\u2019irresistibile <strong>\u201cNavarra\u201d<\/strong>, brano ricco di ironia e spunti popolari, dello spagnolo <strong>Pablo de Sarasate<\/strong>, dove i due virtuosi violinisti dialogano con impeto e divertimento.<\/p>\n<p>Chiudono il programma la <strong>\u201cCarmen fantasy\u201d<\/strong>, dal <strong>capolavoro di Bizet<\/strong>, trascritta per archi con violino solista da Waxman e scelta come colonna sonora per il film \u201cPerdutamente\u201d con Joan Crawford; e infine l\u2019affascinante<strong> \u201cPhanthasms 3, Flight of a Falcon\u201d <\/strong>del compositore ucraino Alexey Shor, dalla narrazione musicale molto coinvolgente, quasi pittorica.<\/p>\n<p>Un programma mozzafiato, dunque, per la difficolt\u00e0 e la passione: l&#8217;orchestra inossidabile e piena d&#8217;affetto, i solisti giovani e spettacolari: se le loro dita non si vedranno, per i grandi virtuosisimi, ci\u00f2 che si vedr\u00e0 &#8211; e si sentir\u00e0 &#8211; saranno <strong>la gioia di suonare insieme<\/strong>, dialogando; e il rispetto, la cura, la ricerca per ogni pagina musicale.<\/p>\n<p>Alla fine del concerto il pubblico <strong>\u00e8 invitato a un brindisi condiviso<\/strong> per iniziare l\u2019anno sotto i migliori auspici.<\/p>\n","protected":false},"excerpt":{"rendered":"<p>Protagonista l\u2019Accademia d\u2019archi Arrigoni e due eccellenti violini solisti. Un programma vivace e funambolico<\/p>\n","protected":false},"author":28,"featured_media":61508,"comment_status":"closed","ping_status":"closed","template":"","tags":[861,261,826,55,554],"mec_category":[99],"class_list":["post-61507","mec-events","type-mec-events","status-publish","has-post-thumbnail","hentry","tag-concerti","tag-eventi","tag-eventi-fvg","tag-musica","tag-staranzano","mec_category-music"],"_links":{"self":[{"href":"https:\/\/imagazine.it\/home_desk\/wp-json\/wp\/v2\/mec-events\/61507","targetHints":{"allow":["GET"]}}],"collection":[{"href":"https:\/\/imagazine.it\/home_desk\/wp-json\/wp\/v2\/mec-events"}],"about":[{"href":"https:\/\/imagazine.it\/home_desk\/wp-json\/wp\/v2\/types\/mec-events"}],"author":[{"embeddable":true,"href":"https:\/\/imagazine.it\/home_desk\/wp-json\/wp\/v2\/users\/28"}],"replies":[{"embeddable":true,"href":"https:\/\/imagazine.it\/home_desk\/wp-json\/wp\/v2\/comments?post=61507"}],"wp:featuredmedia":[{"embeddable":true,"href":"https:\/\/imagazine.it\/home_desk\/wp-json\/wp\/v2\/media\/61508"}],"wp:attachment":[{"href":"https:\/\/imagazine.it\/home_desk\/wp-json\/wp\/v2\/media?parent=61507"}],"wp:term":[{"taxonomy":"post_tag","embeddable":true,"href":"https:\/\/imagazine.it\/home_desk\/wp-json\/wp\/v2\/tags?post=61507"},{"taxonomy":"mec_category","embeddable":true,"href":"https:\/\/imagazine.it\/home_desk\/wp-json\/wp\/v2\/mec_category?post=61507"}],"curies":[{"name":"wp","href":"https:\/\/api.w.org\/{rel}","templated":true}]}}

<p><strong>Alle ore 12 di mercoledì 1 gennaio </strong>nella <strong>Sala San Pio X</strong> è attesa l’orchestra <strong>dell’Accademia d’archi Arrigoni</strong>, compagine di San Vito al Tagliamento tra le più attive e stimate in regione, nota per esibirsi al fianco dei più importanti solisti e per organizzare il concorso internazionale Piccolo Violino Magico.</p>
<p>Al fianco dell’orchestra due giovani e strabilianti violinisti: <strong>Ulisse Mazzon</strong> e <strong>Christian Sebastianutto</strong>.</p>
<p>Diretti da <strong>Domenico Mason</strong> (Direttore Artistico dell’Accademia Arrigoni, orchestra e solisti presentano un repertorio di<strong> grande virtuosismo</strong>.</p>
<p>Dal “Concerto in re minore” per violino e archi di <strong>Johann Sebastian Bach</strong>, al “Valse Scherzo in do maggiore” di <strong>Čajkovskij</strong> &#8211; una delle pagine più appassionate e virtuosistiche dell’autore &#8211; fino all’irresistibile <strong>“Navarra”</strong>, brano ricco di ironia e spunti popolari, dello spagnolo <strong>Pablo de Sarasate</strong>, dove i due virtuosi violinisti dialogano con impeto e divertimento.</p>
<p>Chiudono il programma la <strong>“Carmen fantasy”</strong>, dal <strong>capolavoro di Bizet</strong>, trascritta per archi con violino solista da Waxman e scelta come colonna sonora per il film “Perdutamente” con Joan Crawford; e infine l’affascinante<strong> “Phanthasms 3, Flight of a Falcon” </strong>del compositore ucraino Alexey Shor, dalla narrazione musicale molto coinvolgente, quasi pittorica.</p>
<p>Un programma mozzafiato, dunque, per la difficoltà e la passione: l&#8217;orchestra inossidabile e piena d&#8217;affetto, i solisti giovani e spettacolari: se le loro dita non si vedranno, per i grandi virtuosisimi, ciò che si vedrà &#8211; e si sentirà &#8211; saranno <strong>la gioia di suonare insieme</strong>, dialogando; e il rispetto, la cura, la ricerca per ogni pagina musicale.</p>
<p>Alla fine del concerto il pubblico <strong>è invitato a un brindisi condiviso</strong> per iniziare l’anno sotto i migliori auspici.</p>
