{"id":60958,"date":"2024-12-10T17:10:09","date_gmt":"2024-12-10T16:10:09","guid":{"rendered":"https:\/\/imagazine.it\/home_desk\/?post_type=mec-events&#038;p=60958"},"modified":"2024-12-10T17:10:09","modified_gmt":"2024-12-10T16:10:09","slug":"la-fvg-orchestra-in-concerto-a-palmanova","status":"publish","type":"mec-events","link":"https:\/\/imagazine.it\/home_desk\/events\/la-fvg-orchestra-in-concerto-a-palmanova\/","title":{"rendered":"La FVG Orchestra in concerto a Palmanova"},"content":{"rendered":"<p>La stagione teatrale di <strong>Palmanova<\/strong> accoglie nel suo cartellone, come da tradizione, la <strong>FVG Orchestra<\/strong>.<\/p>\n<p><strong>Venerd\u00ec 13 dicembre<\/strong> alle 20.45 al Teatro Gustavo Modena si esibir\u00e0 l\u2019ensemble regionale diretta dal <strong>M\u00b0 Enrico Fagone<\/strong> e con <strong>Fosca Briante<\/strong> flauto solista.<\/p>\n<p><strong><em>Il solista e l\u2019orchestra<\/em><\/strong> \u00e8 il titolo del concerto che ha in programma musiche di Mozart, Stravinskij e Prokofiev.<\/p>\n<p>La FVG Orchestra a Palmanova \u00e8 di casa, perch\u00e9 la citt\u00e0 stellata \u00e8 sede delle sue prove.<\/p>\n<p>Questo concerto presenta un repertorio in cui verr\u00e0 messa in evidenza una tra le \u201cprime parti\u201d dell\u2019orchestra, la flautista <strong>Fosca Briante<\/strong>, impegnata nel <em>Concerto per flauto e orchestra in sol maggiore <\/em>di Wolfgang Amadeus Mozart.<\/p>\n<p>Anche tutto il resto del repertorio della serata \u00e8 stato pensato per mettere in luce la bravura tecnica e interpretativa degli esecutori, grazie a due brani molto noti di carattere neoclassico di Igor Stravinsky \u2013 <em>Pulcinella<\/em>, suite da concerto &#8211; e Sergej Prokofiev \u2013 <em>Sinfonia n. 1 in re maggiore, op. 25 \u201cSinfonia classica\u201d<\/em> &#8211; in cui spicca la vena melodica inframezzata da melodie popolari e virtuosismi d\u2019assieme.<\/p>\n","protected":false},"excerpt":{"rendered":"<p>Serata speciale dal titolo &#8220;Il solista e l\u2019orchestra&#8221;. Con Fosca Briante al flauto e la direzione di Enrico Fagone<\/p>\n","protected":false},"author":28,"featured_media":60959,"comment_status":"closed","ping_status":"closed","template":"","tags":[861,261,826,55,154],"mec_category":[99],"class_list":["post-60958","mec-events","type-mec-events","status-publish","has-post-thumbnail","hentry","tag-concerti","tag-eventi","tag-eventi-fvg","tag-musica","tag-palmanova","mec_category-music"],"_links":{"self":[{"href":"https:\/\/imagazine.it\/home_desk\/wp-json\/wp\/v2\/mec-events\/60958","targetHints":{"allow":["GET"]}}],"collection":[{"href":"https:\/\/imagazine.it\/home_desk\/wp-json\/wp\/v2\/mec-events"}],"about":[{"href":"https:\/\/imagazine.it\/home_desk\/wp-json\/wp\/v2\/types\/mec-events"}],"author":[{"embeddable":true,"href":"https:\/\/imagazine.it\/home_desk\/wp-json\/wp\/v2\/users\/28"}],"replies":[{"embeddable":true,"href":"https:\/\/imagazine.it\/home_desk\/wp-json\/wp\/v2\/comments?post=60958"}],"wp:featuredmedia":[{"embeddable":true,"href":"https:\/\/imagazine.it\/home_desk\/wp-json\/wp\/v2\/media\/60959"}],"wp:attachment":[{"href":"https:\/\/imagazine.it\/home_desk\/wp-json\/wp\/v2\/media?parent=60958"}],"wp:term":[{"taxonomy":"post_tag","embeddable":true,"href":"https:\/\/imagazine.it\/home_desk\/wp-json\/wp\/v2\/tags?post=60958"},{"taxonomy":"mec_category","embeddable":true,"href":"https:\/\/imagazine.it\/home_desk\/wp-json\/wp\/v2\/mec_category?post=60958"}],"curies":[{"name":"wp","href":"https:\/\/api.w.org\/{rel}","templated":true}]}}

<p>La stagione teatrale di <strong>Palmanova</strong> accoglie nel suo cartellone, come da tradizione, la <strong>FVG Orchestra</strong>.</p>
<p><strong>Venerdì 13 dicembre</strong> alle 20.45 al Teatro Gustavo Modena si esibirà l’ensemble regionale diretta dal <strong>M° Enrico Fagone</strong> e con <strong>Fosca Briante</strong> flauto solista.</p>
<p><strong><em>Il solista e l’orchestra</em></strong> è il titolo del concerto che ha in programma musiche di Mozart, Stravinskij e Prokofiev.</p>
<p>La FVG Orchestra a Palmanova è di casa, perché la città stellata è sede delle sue prove.</p>
<p>Questo concerto presenta un repertorio in cui verrà messa in evidenza una tra le “prime parti” dell’orchestra, la flautista <strong>Fosca Briante</strong>, impegnata nel <em>Concerto per flauto e orchestra in sol maggiore </em>di Wolfgang Amadeus Mozart.</p>
<p>Anche tutto il resto del repertorio della serata è stato pensato per mettere in luce la bravura tecnica e interpretativa degli esecutori, grazie a due brani molto noti di carattere neoclassico di Igor Stravinsky – <em>Pulcinella</em>, suite da concerto &#8211; e Sergej Prokofiev – <em>Sinfonia n. 1 in re maggiore, op. 25 “Sinfonia classica”</em> &#8211; in cui spicca la vena melodica inframezzata da melodie popolari e virtuosismi d’assieme.</p>
