{"id":60829,"date":"2024-12-06T09:40:29","date_gmt":"2024-12-06T08:40:29","guid":{"rendered":"https:\/\/imagazine.it\/home_desk\/?post_type=mec-events&#038;p=60829"},"modified":"2024-12-06T09:40:29","modified_gmt":"2024-12-06T08:40:29","slug":"dio-salvi-i-papa","status":"publish","type":"mec-events","link":"https:\/\/imagazine.it\/home_desk\/events\/dio-salvi-i-papa\/","title":{"rendered":"Dio salvi i pap\u00e0"},"content":{"rendered":"<p><span style=\"font-size: 10pt;\"><em>L&#8217;illustrazione di copertina a cura di Luigi Erario e Johanna Riva<\/em><\/span><\/p>\n<p>Presentazione del libro scritto da <strong>Luca Mirabile<\/strong> &#8220;<em>God save the daddies<\/em>&#8221; (Dio salvi i pap\u00e0), con prefazione a cura di <strong>Riccardo Laterza<\/strong>, progetto grafico della copertina realizzato dagli architetti <strong>Luigi Erario e Johanna Riva.<\/strong><\/p>\n<p>Appuntamento <strong>mercoled\u00ec 11 dicembre alle ore 18<\/strong>\u00a0presso la Sala Maggiore della <strong>Unicusano<\/strong>, in via Fabio Severo 14\/b a <strong>Trieste<\/strong>.<\/p>\n<p>Interverr\u00e0 alla presentazione l&#8217;assessore regionale al lavoro, formazione, istruzione, ricerca, universit\u00e0 e famiglia <strong>Alessia Rosolen<\/strong>.<\/p>\n<p>L&#8217;incontro verr\u00e0 moderato da <strong>don Marco Eugenio Brusutti<\/strong>, giornalista e vice parroco della Parrocchia di S. Caterina da Siena a Trieste.<\/p>\n<p>Durante la presentazione sar\u00e0 possibile acquistare il libro e sar\u00e0 attivo il servizio di &#8220;firma copia&#8221;.\u00a0Solo per questo evento con l&#8217;acquisto del libro sar\u00e0 regalato un simpatico gadget.<\/p>\n<p>Per chi avesse necessit\u00e0 verr\u00e0 allestita una sala attigua per i bambini che saranno accuditi da degli educatori durante tutto l&#8217;evento.<\/p>\n<p>La sala \u00e8 in centro citt\u00e0 quindi raggiungibile con tutte le principali linee di autobus urbano ed inoltre a pochi metri \u00e8 disponibile il &#8220;Parcheggio Foro Ulpiano&#8221;.<\/p>\n<p>&#8220;Il ruolo dei pap\u00e0 &#8211; spiegano gli organizzatori &#8211; spesso non \u00e8 abbasta valorizzato: \u00e8 bello dare voce a tutti i super pap\u00e0 che ogni giorno fanno di tutto per essere presenti nella vita dei propri figli&#8221;.<\/p>\n<p>&nbsp;<\/p>\n","protected":false},"excerpt":{"rendered":"<p>A Trieste la presentazione del libro di Luca Mirabile sul ruolo dei padri nella crescita educativa dei propri figli<\/p>\n","protected":false},"author":28,"featured_media":60830,"comment_status":"closed","ping_status":"closed","template":"","tags":[261,826,286,2493,273,65],"mec_category":[59],"class_list":["post-60829","mec-events","type-mec-events","status-publish","has-post-thumbnail","hentry","tag-eventi","tag-eventi-fvg","tag-famiglia","tag-genitori","tag-libri","tag-trieste","mec_category-meeting"],"_links":{"self":[{"href":"https:\/\/imagazine.it\/home_desk\/wp-json\/wp\/v2\/mec-events\/60829","targetHints":{"allow":["GET"]}}],"collection":[{"href":"https:\/\/imagazine.it\/home_desk\/wp-json\/wp\/v2\/mec-events"}],"about":[{"href":"https:\/\/imagazine.it\/home_desk\/wp-json\/wp\/v2\/types\/mec-events"}],"author":[{"embeddable":true,"href":"https:\/\/imagazine.it\/home_desk\/wp-json\/wp\/v2\/users\/28"}],"replies":[{"embeddable":true,"href":"https:\/\/imagazine.it\/home_desk\/wp-json\/wp\/v2\/comments?post=60829"}],"wp:featuredmedia":[{"embeddable":true,"href":"https:\/\/imagazine.it\/home_desk\/wp-json\/wp\/v2\/media\/60830"}],"wp:attachment":[{"href":"https:\/\/imagazine.it\/home_desk\/wp-json\/wp\/v2\/media?parent=60829"}],"wp:term":[{"taxonomy":"post_tag","embeddable":true,"href":"https:\/\/imagazine.it\/home_desk\/wp-json\/wp\/v2\/tags?post=60829"},{"taxonomy":"mec_category","embeddable":true,"href":"https:\/\/imagazine.it\/home_desk\/wp-json\/wp\/v2\/mec_category?post=60829"}],"curies":[{"name":"wp","href":"https:\/\/api.w.org\/{rel}","templated":true}]}}

Dio salvi i papà

<p><span style="font-size: 10pt;"><em>L&#8217;illustrazione di copertina a cura di Luigi Erario e Johanna Riva</em></span></p>
<p>Presentazione del libro scritto da <strong>Luca Mirabile</strong> &#8220;<em>God save the daddies</em>&#8221; (Dio salvi i papà), con prefazione a cura di <strong>Riccardo Laterza</strong>, progetto grafico della copertina realizzato dagli architetti <strong>Luigi Erario e Johanna Riva.</strong></p>
<p>Appuntamento <strong>mercoledì 11 dicembre alle ore 18</strong> presso la Sala Maggiore della <strong>Unicusano</strong>, in via Fabio Severo 14/b a <strong>Trieste</strong>.</p>
<p>Interverrà alla presentazione l&#8217;assessore regionale al lavoro, formazione, istruzione, ricerca, università e famiglia <strong>Alessia Rosolen</strong>.</p>
<p>L&#8217;incontro verrà moderato da <strong>don Marco Eugenio Brusutti</strong>, giornalista e vice parroco della Parrocchia di S. Caterina da Siena a Trieste.</p>
<p>Durante la presentazione sarà possibile acquistare il libro e sarà attivo il servizio di &#8220;firma copia&#8221;. Solo per questo evento con l&#8217;acquisto del libro sarà regalato un simpatico gadget.</p>
<p>Per chi avesse necessità verrà allestita una sala attigua per i bambini che saranno accuditi da degli educatori durante tutto l&#8217;evento.</p>
<p>La sala è in centro città quindi raggiungibile con tutte le principali linee di autobus urbano ed inoltre a pochi metri è disponibile il &#8220;Parcheggio Foro Ulpiano&#8221;.</p>
<p>&#8220;Il ruolo dei papà &#8211; spiegano gli organizzatori &#8211; spesso non è abbasta valorizzato: è bello dare voce a tutti i super papà che ogni giorno fanno di tutto per essere presenti nella vita dei propri figli&#8221;.</p>
<p>&nbsp;</p>
