{"id":60606,"date":"2024-11-27T17:00:34","date_gmt":"2024-11-27T16:00:34","guid":{"rendered":"https:\/\/imagazine.it\/home_desk\/?post_type=mec-events&#038;p=60606"},"modified":"2024-11-27T17:00:34","modified_gmt":"2024-11-27T16:00:34","slug":"cervignano-corso-di-difesa-personale-per-donne","status":"publish","type":"mec-events","link":"https:\/\/imagazine.it\/home_desk\/events\/cervignano-corso-di-difesa-personale-per-donne\/","title":{"rendered":"Cervignano: corso di difesa personale per donne"},"content":{"rendered":"<p>CERVIGNANO DEL FRIULI \u2013 \u201cFatti Forte 2024!\u201d \u00e8 un progetto del comune di Cervignano del Friuli contro la violenza di genere, con il sostegno dell\u2019Associazione \u201cDa donna a donna\u201d, realizzato con il contributo della Ragione Friuli Venezia Giulia, direzione centrale lavoro, formazione istruzione e famiglia.<\/p>\n<p>In occasione della giornata internazionale contro la violenza sulle donne, anche quest&#8217;anno il Comune di Cervignano del Friuli organizza il <strong>percorso formativo \u201cDifesa Donna\u201d<\/strong>: 6 incontri pratici, con docenti esperti e qualificati individuati dall\u2019<strong>A.P.S. \u201cLaVia\u201d<\/strong>, utili per \u201cgettare le basi\u201d per una profonda presa di coscienza del s\u00e9 e per creare, grazie ad attivit\u00e0 tecnico-specifiche, una conoscenza della propria capacit\u00e0 di difendersi.<\/p>\n<p>Le lezioni si svolgeranno per sei mercoled\u00ec consecutivi (dal 27 novembre al 20 dicembre) presso la palestra Sport Planet in via Leonardo da Vinci 11 a Cervignano del Friuli dalle 20.00 alle 21.30; durante gli appuntamenti saranno fornite anche indicazioni pratiche sul comportamento da tenere in caso di potenziale pericolo.<\/p>\n<p>Per informazioni chiamare lo 0431.388604 (luned\u00ec e mercoled\u00ec dalle 8.30 alle 13.30 e dalle 14.30 alle 18; marted\u00ec, gioved\u00ec e venerd\u00ec dalle 8.30 alle 13).<br \/>\nPer iscrizioni scrivere a <a href=\"mailto:fattifortecervignano@gmail.com\">fattifortecervignano@gmail.com<\/a><\/p>\n<p>L&#8217;associazione \u201cLaVia\u201d \u00e8 un gruppo di persone che, attraverso le proprie storie personali, si sono incontrate e hanno deciso di cercare e trovare la via per contribuire e aiutare ad affrontare difficolt\u00e0, superare ostacoli, vincere sfide, uniti assieme.<\/p>\n<p>Dare ascolto e tendere una mano, \u00e8 la mission del gruppo di professionisti che con noi lavorano e ci aiutano. Assieme a loro si sono sviluppati diversi progetti ed iniziative sociali che si offrono quali strumenti per aiutare tutti:<\/p>\n<p>singoli o gruppi, privati o pubbliche amministrazioni, insegnati e scuole o altre associazioni, per raggiungere il proprio obiettivo e per rendere pi\u00f9 incisiva la propria azione.<\/p>\n<p><em>Livio Nonis<\/em><\/p>\n","protected":false},"excerpt":{"rendered":"<p>Al via il progetto &#8220;Fatti forte&#8221;: sei incontri sui comportamenti da tenere in caso di potenziale pericolo <\/p>\n","protected":false},"author":28,"featured_media":60607,"comment_status":"closed","ping_status":"closed","template":"","tags":[119,387,209,835],"mec_category":[131],"class_list":["post-60606","mec-events","type-mec-events","status-publish","has-post-thumbnail","hentry","tag-cervignano","tag-donne","tag-prevenzione","tag-violenza","mec_category-discovery"],"_links":{"self":[{"href":"https:\/\/imagazine.it\/home_desk\/wp-json\/wp\/v2\/mec-events\/60606","targetHints":{"allow":["GET"]}}],"collection":[{"href":"https:\/\/imagazine.it\/home_desk\/wp-json\/wp\/v2\/mec-events"}],"about":[{"href":"https:\/\/imagazine.it\/home_desk\/wp-json\/wp\/v2\/types\/mec-events"}],"author":[{"embeddable":true,"href":"https:\/\/imagazine.it\/home_desk\/wp-json\/wp\/v2\/users\/28"}],"replies":[{"embeddable":true,"href":"https:\/\/imagazine.it\/home_desk\/wp-json\/wp\/v2\/comments?post=60606"}],"wp:featuredmedia":[{"embeddable":true,"href":"https:\/\/imagazine.it\/home_desk\/wp-json\/wp\/v2\/media\/60607"}],"wp:attachment":[{"href":"https:\/\/imagazine.it\/home_desk\/wp-json\/wp\/v2\/media?parent=60606"}],"wp:term":[{"taxonomy":"post_tag","embeddable":true,"href":"https:\/\/imagazine.it\/home_desk\/wp-json\/wp\/v2\/tags?post=60606"},{"taxonomy":"mec_category","embeddable":true,"href":"https:\/\/imagazine.it\/home_desk\/wp-json\/wp\/v2\/mec_category?post=60606"}],"curies":[{"name":"wp","href":"https:\/\/api.w.org\/{rel}","templated":true}]}}

<p>CERVIGNANO DEL FRIULI – “Fatti Forte 2024!” è un progetto del comune di Cervignano del Friuli contro la violenza di genere, con il sostegno dell’Associazione “Da donna a donna”, realizzato con il contributo della Ragione Friuli Venezia Giulia, direzione centrale lavoro, formazione istruzione e famiglia.</p>
<p>In occasione della giornata internazionale contro la violenza sulle donne, anche quest&#8217;anno il Comune di Cervignano del Friuli organizza il <strong>percorso formativo “Difesa Donna”</strong>: 6 incontri pratici, con docenti esperti e qualificati individuati dall’<strong>A.P.S. “LaVia”</strong>, utili per “gettare le basi” per una profonda presa di coscienza del sé e per creare, grazie ad attività tecnico-specifiche, una conoscenza della propria capacità di difendersi.</p>
<p>Le lezioni si svolgeranno per sei mercoledì consecutivi (dal 27 novembre al 20 dicembre) presso la palestra Sport Planet in via Leonardo da Vinci 11 a Cervignano del Friuli dalle 20.00 alle 21.30; durante gli appuntamenti saranno fornite anche indicazioni pratiche sul comportamento da tenere in caso di potenziale pericolo.</p>
<p>Per informazioni chiamare lo 0431.388604 (lunedì e mercoledì dalle 8.30 alle 13.30 e dalle 14.30 alle 18; martedì, giovedì e venerdì dalle 8.30 alle 13).<br />
Per iscrizioni scrivere a <a href="mailto:fattifortecervignano@gmail.com">fattifortecervignano@gmail.com</a></p>
<p>L&#8217;associazione “LaVia” è un gruppo di persone che, attraverso le proprie storie personali, si sono incontrate e hanno deciso di cercare e trovare la via per contribuire e aiutare ad affrontare difficoltà, superare ostacoli, vincere sfide, uniti assieme.</p>
<p>Dare ascolto e tendere una mano, è la mission del gruppo di professionisti che con noi lavorano e ci aiutano. Assieme a loro si sono sviluppati diversi progetti ed iniziative sociali che si offrono quali strumenti per aiutare tutti:</p>
<p>singoli o gruppi, privati o pubbliche amministrazioni, insegnati e scuole o altre associazioni, per raggiungere il proprio obiettivo e per rendere più incisiva la propria azione.</p>
<p><em>Livio Nonis</em></p>
