{"id":60586,"date":"2024-11-26T17:17:21","date_gmt":"2024-11-26T16:17:21","guid":{"rendered":"https:\/\/imagazine.it\/home_desk\/?post_type=mec-events&#038;p=60586"},"modified":"2024-11-26T17:17:21","modified_gmt":"2024-11-26T16:17:21","slug":"storia-postale-del-friuli-della-venezia-giulia-e-della-dalmazia","status":"publish","type":"mec-events","link":"https:\/\/imagazine.it\/home_desk\/events\/storia-postale-del-friuli-della-venezia-giulia-e-della-dalmazia\/","title":{"rendered":"Storia postale del Friuli, della Venezia Giulia e della Dalmazia"},"content":{"rendered":"<p>Al Museo Postale e Telegrafico della Mitteleuropa \u00e8 visitabile la mostra: \u201c<em>Storia postale del Friuli, della Venezia Giulia e della Dalmazia<\/em>\u201d.<\/p>\n<p>L\u2019esposizione \u00e8 divenuta, nel tempo, un appuntamento periodico durante il quale i soci dell\u2019Associazione di Storia Postale del Friuli e della Venezia Giulia espongono alcune selezioni delle loro collezioni allo scopo di evidenziare, attraverso documenti postali, aspetti poco noti della storia dei territori orientali del nostro paese.<\/p>\n<p>L\u2019 Associazione, fondata nel 2002, ha lo scopo di riunire ed approfondire le conoscenze sulla Storia Postale\u00a0della Regione Friuli Venezia Giulia nel suo percorso storico.<\/p>\n<p>La mostra ha un respiro che va oltre i confini nazionali e, infatti, l\u2019Associazione annovera fra gli iscritti collezionisti e studiosi provenienti anche dalla Germania e dalla Slovenia.<\/p>\n<p>L\u2019obiettivo \u00e8 quello di promuovere la filatelia e la storia postale, cercando di avvicinare un pubblico curioso che desidera approfondire le proprie conoscenze sulle origini del vasto mondo delle comunicazioni, in cui le Poste \u2013 oggi come allora \u2013 svolgono un ruolo di primo piano.<\/p>\n<p>La mostra, ospitata nei locali del Museo, potr\u00e0 essere visitata dal luned\u00ec al venerd\u00ec con orario dalle 9 alle 13 e rester\u00e0 disponibile fino al prossimo 18 gennaio.<\/p>\n","protected":false},"excerpt":{"rendered":"<p>L\u2019esposizione di Trieste racchiude il lavoro di una collettiva di filatelici che periodicamente espongono le loro collezioni<\/p>\n","protected":false},"author":28,"featured_media":60587,"comment_status":"closed","ping_status":"closed","template":"","tags":[261,826,2547,251,1036,65],"mec_category":[59],"class_list":["post-60586","mec-events","type-mec-events","status-publish","has-post-thumbnail","hentry","tag-eventi","tag-eventi-fvg","tag-filatelia","tag-mostra","tag-poste","tag-trieste","mec_category-meeting"],"_links":{"self":[{"href":"https:\/\/imagazine.it\/home_desk\/wp-json\/wp\/v2\/mec-events\/60586","targetHints":{"allow":["GET"]}}],"collection":[{"href":"https:\/\/imagazine.it\/home_desk\/wp-json\/wp\/v2\/mec-events"}],"about":[{"href":"https:\/\/imagazine.it\/home_desk\/wp-json\/wp\/v2\/types\/mec-events"}],"author":[{"embeddable":true,"href":"https:\/\/imagazine.it\/home_desk\/wp-json\/wp\/v2\/users\/28"}],"replies":[{"embeddable":true,"href":"https:\/\/imagazine.it\/home_desk\/wp-json\/wp\/v2\/comments?post=60586"}],"wp:featuredmedia":[{"embeddable":true,"href":"https:\/\/imagazine.it\/home_desk\/wp-json\/wp\/v2\/media\/60587"}],"wp:attachment":[{"href":"https:\/\/imagazine.it\/home_desk\/wp-json\/wp\/v2\/media?parent=60586"}],"wp:term":[{"taxonomy":"post_tag","embeddable":true,"href":"https:\/\/imagazine.it\/home_desk\/wp-json\/wp\/v2\/tags?post=60586"},{"taxonomy":"mec_category","embeddable":true,"href":"https:\/\/imagazine.it\/home_desk\/wp-json\/wp\/v2\/mec_category?post=60586"}],"curies":[{"name":"wp","href":"https:\/\/api.w.org\/{rel}","templated":true}]}}

<p>Al Museo Postale e Telegrafico della Mitteleuropa è visitabile la mostra: “<em>Storia postale del Friuli, della Venezia Giulia e della Dalmazia</em>”.</p>
<p>L’esposizione è divenuta, nel tempo, un appuntamento periodico durante il quale i soci dell’Associazione di Storia Postale del Friuli e della Venezia Giulia espongono alcune selezioni delle loro collezioni allo scopo di evidenziare, attraverso documenti postali, aspetti poco noti della storia dei territori orientali del nostro paese.</p>
<p>L’ Associazione, fondata nel 2002, ha lo scopo di riunire ed approfondire le conoscenze sulla Storia Postale della Regione Friuli Venezia Giulia nel suo percorso storico.</p>
<p>La mostra ha un respiro che va oltre i confini nazionali e, infatti, l’Associazione annovera fra gli iscritti collezionisti e studiosi provenienti anche dalla Germania e dalla Slovenia.</p>
<p>L’obiettivo è quello di promuovere la filatelia e la storia postale, cercando di avvicinare un pubblico curioso che desidera approfondire le proprie conoscenze sulle origini del vasto mondo delle comunicazioni, in cui le Poste – oggi come allora – svolgono un ruolo di primo piano.</p>
<p>La mostra, ospitata nei locali del Museo, potrà essere visitata dal lunedì al venerdì con orario dalle 9 alle 13 e resterà disponibile fino al prossimo 18 gennaio.</p>
