{"id":60275,"date":"2024-11-13T11:35:17","date_gmt":"2024-11-13T10:35:17","guid":{"rendered":"https:\/\/imagazine.it\/home_desk\/?post_type=mec-events&#038;p=60275"},"modified":"2024-11-13T11:35:17","modified_gmt":"2024-11-13T10:35:17","slug":"romans-in-festa-per-santa-elisabetta","status":"publish","type":"mec-events","link":"https:\/\/imagazine.it\/home_desk\/events\/romans-in-festa-per-santa-elisabetta\/","title":{"rendered":"Romans in festa per Santa Elisabetta"},"content":{"rendered":"<p>Le proposte della 191\u00aa <strong>Fiera di Santa Elisabetta<\/strong> che si tiene a <strong>Romans d&#8217;Isonzo<\/strong> domenica 17 novembre sono frutto del lavoro di coordinamento tra Amministrazione comunale, Pro Loco e molte altre associazioni del paese che partecipano attivamente al tradizionale appuntamento paesano.<\/p>\n<p>Dal 1834 ad oggi la fiera mercato \u00e8 un momento fisso ed imperdibile, proprio come il ricco programma che dal 15 al 17 novembre avr\u00e0 un crescendo di eventi, con tante iniziative collaterali e collegate.<\/p>\n<p>Un programma che non lascia spazio ai dubbi del &#8220;cosa c&#8217;\u00e8 da fare questo fine settimana?&#8221; quello che viene proposto a Romans in occasione della 191ma fiera di santa Elisabetta, che avr\u00e0 il suo momento clou il 16 e il 17 novembre 2024.<\/p>\n<p>Alcuni appuntamenti consueti e consolidati si alternano alle proposte fresche e ricercate, vediamole nel dettaglio.<\/p>\n<p>Gioved\u00ec 14 novembre alle 19 avr\u00e0 luogo la presentazione e premiazione\u00a0del tradizionale &#8220;Piatto ricordo&#8221; con l&#8217;accompagnamento musicale degli allievi de &#8220;Il flauto magico&#8221; a cura della Pro Loco in collaborazione con la Scuola Secondaria di I grado di Romans d&#8217;Isonzo.<\/p>\n<h3>Venerd\u00ec 15 novembre<\/h3>\n<p>L&#8217;indomani venerd\u00ec 15 novembre alle 11 ritrovo presso il cimitero comunale per la cerimonia commemorativa a ricordo dei concittadini romanesi caduti e dispersi in divisa austro-ungarica, a cura del Gruppo di Ricerca &#8220;I Scuss\u00f2ns&#8221;\u00a0con la partecipazione della Scuola Secondaria di I grado di Romans.<\/p>\n<p>Nel pomeriggio di gioved\u00ec apertura luna park e, presso il tendone riscaldato della Pro Loco nel piazzale del palasport, cena a base di tacchino e prodotti tipici a cura della Pro Loco e de &#8220;Gli amici del Quaiat&#8221;.<\/p>\n<p>La musica dal vivo verr\u00e0 proposta anche presso il parcheggio dell&#8217;area sportiva e, a seguire, reggaeton nel tendone RoYoung.<\/p>\n<p>ASAR Basket propone una partita di campionato U13 e il Trofeo Dindiat cat. DR2.<\/p>\n<h3>Sabato 16 novembre<\/h3>\n<p>Sabato mattina\u00a0presso il parcheggio dell&#8217;area sportiva\u00a0inaugurazione e premiazioni delle mostre-concorso &#8220;tacchino gigante&#8221; e &#8220;l&#8217;animale pi\u00f9 bello&#8221; e a seguire\u00a0animazione per bambini con il mago Mark.<\/p>\n<p>Dalle 14 presso il palasport avranno luogo le semifinali di basket del &#8220;Memorial Luca Miani e Elio Doriano Demartin&#8221;.<\/p>\n<p>In piazza Candussi dalle 14 alle 16 presso\u00a0lo stand del Fotoclub &#8220;Il Torrione&#8221; sar\u00e0 possibile farsi scattare una foto ricordo con il\u00a0set fotografico a tema.<\/p>\n<p>Il pomeriggio sar\u00e0 all&#8217;insegna dell&#8217;intrattenimento musicale nell&#8217;area sportiva: dalle 16 si esibiranno i &#8220;Killing Klub&#8221; a cura di A.S.D. Pro Romans 1921; dalle 18 &#8220;Senza Patria&#8221; Nomadi tribute band a cura dell&#8217;amministrazione comunale; a seguire DJ set con Luca Bix e Mopse nel tendone Royoung.<\/p>\n<p>Alle 20:30 nella Chiesa di Santa Maria Annunziata si terr\u00e0 il concerto commemorativo per organo e tromba &#8220;Cent&#8217;anni di musica sacra a Romans&#8221; con i Maestri Valerio Simoni e Giuseppe Minin.<\/p>\n<p>Presso la palestra alle 20:30 si terr\u00e0 l&#8217;incontro di basket di serie B Dinamo GO vs Calorflex Oderzo.<\/p>\n<p>Chiude la giornata il cabaret musicale proposto dalla Pro Loco e da &#8220;Gli amici del Quaiat&#8221; con l&#8217;esplosivo trio Maxino, Flavio Furlan ed Elisa Bombacigno che animer\u00e0 il pubblico nel tendone riscaldato.<\/p>\n<h3>Domenica 17 novembre<\/h3>\n<p>La domenica di fiera inizia con l&#8217;apertura, di buon mattino, del tradizionale mercato di Santa Elisabetta lungo le vie del paese e, in via Atleti Azzurri d&#8217;Italia, con l&#8217;apertura del mercatino dell&#8217;artigianato e dell&#8217;hobbistica.<\/p>\n<p>Durante la giornata si terranno esibizioni con giocolieri del fuoco e con il Gruppo Folcloristico Santa Gorizia.<\/p>\n<p>Dalle 9 presso il palasport si giocheranno le finali di basket del &#8220;Memorial Luca Miani e Elio Doriano Demartin&#8221;.<\/p>\n<p>Per tutto il giorno presso lo studio artistico &#8220;Maninarte&#8221; in via XXV Maggio, 42 sar\u00e0 visitabile la mostra &#8220;Genti, resoconti di viaggio&#8221; con opere di Manuel Grosso e sculture di Graziano Cuberli.<\/p>\n<p>La mostra antologica\u00a0\u201cCuki, fogli tele graffiti pietre e colore di Enzo Valentinuz\u201d,\u00a0inaugurata sabato 9 novembre, sar\u00e0 visitabile dalle 10 alle 12 e dalle 15 alle 17 presso il centro culturale Casa Candussi Pasiani, aperto per l&#8217;occasione.<\/p>\n<p>Presso il campo sportivo di via Aquileia dalle 9 alle 17 sar\u00e0 possibile assistere alle esibizioni di Agility Dog e di Disc Dog proposte da ASD Mamadog.<\/p>\n<p>Dalle 10 alle 14 siete tutti invitati al &#8220;Brindisi bianconero&#8221; a cura dell&#8217;Associazione Udinese Club presso la sede in via Aquileia, 14.<\/p>\n<h3>Attivit\u00e0 culturali<\/h3>\n<p>In piazza Candussi tutto il giorno si trover\u00e0 lo stand di rappresentanza del Comune di Romans d&#8217;Isonzo e delle attivit\u00e0 culturali promosse. Ci sar\u00e0 una rappresentanza\u00a0anche del Consiglio Comunale delle ragazze e dei ragazzi.<\/p>\n<p>Alle 14.30 la maestra Nevia proporr\u00e0 un assaggio delle sue storie animate, appuntamento fisso per bambini da 3 a 7 anni che si tiene in biblioteca al mercoled\u00ec pomeriggio alle 16.30 e che per l&#8217;occasione viene spostato in piazza.<\/p>\n<p>Ancora nella zona centrale e rappresentativa di piazza Candussi alle 10 alle 12 e dalle 16 alle 18 i bambini potranno partecipare a laboratori creativi a cura di Fantasticamente e fino alle 19 sar\u00e0 attivo lo stand del Fotoclub &#8220;Il Torrione&#8221; che propone un set fotografico live e una mostra fotografica.<\/p>\n<p>Presso il parcheggio dell&#8217;area sportiva verranno allestite le mostre curate da Vespa Club Romans &#8220;I Giglers&#8221;, da Quaiat Racing Team Romans e dal gruppo allegorico Igino Valdemarin 1965.<\/p>\n<p>Alle 11 Santa Messa presso la chiesa di Santa Maria Annunziata.<\/p>\n<p>Dalle 11:30 presso il tendone Pro Loco intrattenimento musicale con Daniel Lounge 360&#8242;.<\/p>\n<h3>Lo sport<\/h3>\n<p>L&#8217;A.S.D. Insport cura le promozioni sportive in piazza Candussi dalle 10 alle 17 e l&#8217;esibizione di ginnastica artistica e ritmica\u00a0alle 14:30 al palasport. A seguire, alle 15:30, esibizione di pattinaggio artistico a cura di A.S.D. Roller Time Romans.<\/p>\n<p>Alle 15 in piazza Candussi avr\u00e0 luogo la rievocazione storica e lettura della concessione dell&#8217;Imperatore Francesco I a tenere la fiera-mercato annuale.<\/p>\n<p>A seguire la tradizionale cerimonia di pesatura dei tacchini giganti allietata dal gruppo folcloristico Santa Gorizia.<\/p>\n<p>Il pomeriggio musicale prosegue presso il parcheggio dell&#8217;area sportiva con musica dal vivo dalle 16 con &#8220;Tnt&#8221; a cura di A.S.D. Pro Romans 1921, dalle 18 con &#8220;5 uomini sulla cassa del morto&#8221; a cura di ASAR Basket e dalle 21 Dj set curato da Royoung.<\/p>\n<p>La &#8220;Festa dello scolaro&#8221; al luna park chiude i festeggiamenti luned\u00ec pomeriggio 18 novembre.<\/p>\n","protected":false},"excerpt":{"rendered":"<p>Torna la fiera mercato con la pesatura dei tacchini giganti. Numerosi eventi in programma tra sport, spettacoli, arte <\/p>\n","protected":false},"author":28,"featured_media":60276,"comment_status":"closed","ping_status":"closed","template":"","tags":[261,826,501,2085],"mec_category":[131],"class_list":["post-60275","mec-events","type-mec-events","status-publish","has-post-thumbnail","hentry","tag-eventi","tag-eventi-fvg","tag-fiera","tag-romans","mec_category-discovery"],"_links":{"self":[{"href":"https:\/\/imagazine.it\/home_desk\/wp-json\/wp\/v2\/mec-events\/60275","targetHints":{"allow":["GET"]}}],"collection":[{"href":"https:\/\/imagazine.it\/home_desk\/wp-json\/wp\/v2\/mec-events"}],"about":[{"href":"https:\/\/imagazine.it\/home_desk\/wp-json\/wp\/v2\/types\/mec-events"}],"author":[{"embeddable":true,"href":"https:\/\/imagazine.it\/home_desk\/wp-json\/wp\/v2\/users\/28"}],"replies":[{"embeddable":true,"href":"https:\/\/imagazine.it\/home_desk\/wp-json\/wp\/v2\/comments?post=60275"}],"wp:featuredmedia":[{"embeddable":true,"href":"https:\/\/imagazine.it\/home_desk\/wp-json\/wp\/v2\/media\/60276"}],"wp:attachment":[{"href":"https:\/\/imagazine.it\/home_desk\/wp-json\/wp\/v2\/media?parent=60275"}],"wp:term":[{"taxonomy":"post_tag","embeddable":true,"href":"https:\/\/imagazine.it\/home_desk\/wp-json\/wp\/v2\/tags?post=60275"},{"taxonomy":"mec_category","embeddable":true,"href":"https:\/\/imagazine.it\/home_desk\/wp-json\/wp\/v2\/mec_category?post=60275"}],"curies":[{"name":"wp","href":"https:\/\/api.w.org\/{rel}","templated":true}]}}

<p>Le proposte della 191ª <strong>Fiera di Santa Elisabetta</strong> che si tiene a <strong>Romans d&#8217;Isonzo</strong> domenica 17 novembre sono frutto del lavoro di coordinamento tra Amministrazione comunale, Pro Loco e molte altre associazioni del paese che partecipano attivamente al tradizionale appuntamento paesano.</p>
<p>Dal 1834 ad oggi la fiera mercato è un momento fisso ed imperdibile, proprio come il ricco programma che dal 15 al 17 novembre avrà un crescendo di eventi, con tante iniziative collaterali e collegate.</p>
<p>Un programma che non lascia spazio ai dubbi del &#8220;cosa c&#8217;è da fare questo fine settimana?&#8221; quello che viene proposto a Romans in occasione della 191ma fiera di santa Elisabetta, che avrà il suo momento clou il 16 e il 17 novembre 2024.</p>
<p>Alcuni appuntamenti consueti e consolidati si alternano alle proposte fresche e ricercate, vediamole nel dettaglio.</p>
<p>Giovedì 14 novembre alle 19 avrà luogo la presentazione e premiazione del tradizionale &#8220;Piatto ricordo&#8221; con l&#8217;accompagnamento musicale degli allievi de &#8220;Il flauto magico&#8221; a cura della Pro Loco in collaborazione con la Scuola Secondaria di I grado di Romans d&#8217;Isonzo.</p>
<h3>Venerdì 15 novembre</h3>
<p>L&#8217;indomani venerdì 15 novembre alle 11 ritrovo presso il cimitero comunale per la cerimonia commemorativa a ricordo dei concittadini romanesi caduti e dispersi in divisa austro-ungarica, a cura del Gruppo di Ricerca &#8220;I Scussòns&#8221; con la partecipazione della Scuola Secondaria di I grado di Romans.</p>
<p>Nel pomeriggio di giovedì apertura luna park e, presso il tendone riscaldato della Pro Loco nel piazzale del palasport, cena a base di tacchino e prodotti tipici a cura della Pro Loco e de &#8220;Gli amici del Quaiat&#8221;.</p>
<p>La musica dal vivo verrà proposta anche presso il parcheggio dell&#8217;area sportiva e, a seguire, reggaeton nel tendone RoYoung.</p>
<p>ASAR Basket propone una partita di campionato U13 e il Trofeo Dindiat cat. DR2.</p>
<h3>Sabato 16 novembre</h3>
<p>Sabato mattina presso il parcheggio dell&#8217;area sportiva inaugurazione e premiazioni delle mostre-concorso &#8220;tacchino gigante&#8221; e &#8220;l&#8217;animale più bello&#8221; e a seguire animazione per bambini con il mago Mark.</p>
<p>Dalle 14 presso il palasport avranno luogo le semifinali di basket del &#8220;Memorial Luca Miani e Elio Doriano Demartin&#8221;.</p>
<p>In piazza Candussi dalle 14 alle 16 presso lo stand del Fotoclub &#8220;Il Torrione&#8221; sarà possibile farsi scattare una foto ricordo con il set fotografico a tema.</p>
<p>Il pomeriggio sarà all&#8217;insegna dell&#8217;intrattenimento musicale nell&#8217;area sportiva: dalle 16 si esibiranno i &#8220;Killing Klub&#8221; a cura di A.S.D. Pro Romans 1921; dalle 18 &#8220;Senza Patria&#8221; Nomadi tribute band a cura dell&#8217;amministrazione comunale; a seguire DJ set con Luca Bix e Mopse nel tendone Royoung.</p>
<p>Alle 20:30 nella Chiesa di Santa Maria Annunziata si terrà il concerto commemorativo per organo e tromba &#8220;Cent&#8217;anni di musica sacra a Romans&#8221; con i Maestri Valerio Simoni e Giuseppe Minin.</p>
<p>Presso la palestra alle 20:30 si terrà l&#8217;incontro di basket di serie B Dinamo GO vs Calorflex Oderzo.</p>
<p>Chiude la giornata il cabaret musicale proposto dalla Pro Loco e da &#8220;Gli amici del Quaiat&#8221; con l&#8217;esplosivo trio Maxino, Flavio Furlan ed Elisa Bombacigno che animerà il pubblico nel tendone riscaldato.</p>
<h3>Domenica 17 novembre</h3>
<p>La domenica di fiera inizia con l&#8217;apertura, di buon mattino, del tradizionale mercato di Santa Elisabetta lungo le vie del paese e, in via Atleti Azzurri d&#8217;Italia, con l&#8217;apertura del mercatino dell&#8217;artigianato e dell&#8217;hobbistica.</p>
<p>Durante la giornata si terranno esibizioni con giocolieri del fuoco e con il Gruppo Folcloristico Santa Gorizia.</p>
<p>Dalle 9 presso il palasport si giocheranno le finali di basket del &#8220;Memorial Luca Miani e Elio Doriano Demartin&#8221;.</p>
<p>Per tutto il giorno presso lo studio artistico &#8220;Maninarte&#8221; in via XXV Maggio, 42 sarà visitabile la mostra &#8220;Genti, resoconti di viaggio&#8221; con opere di Manuel Grosso e sculture di Graziano Cuberli.</p>
<p>La mostra antologica “Cuki, fogli tele graffiti pietre e colore di Enzo Valentinuz”, inaugurata sabato 9 novembre, sarà visitabile dalle 10 alle 12 e dalle 15 alle 17 presso il centro culturale Casa Candussi Pasiani, aperto per l&#8217;occasione.</p>
<p>Presso il campo sportivo di via Aquileia dalle 9 alle 17 sarà possibile assistere alle esibizioni di Agility Dog e di Disc Dog proposte da ASD Mamadog.</p>
<p>Dalle 10 alle 14 siete tutti invitati al &#8220;Brindisi bianconero&#8221; a cura dell&#8217;Associazione Udinese Club presso la sede in via Aquileia, 14.</p>
<h3>Attività culturali</h3>
<p>In piazza Candussi tutto il giorno si troverà lo stand di rappresentanza del Comune di Romans d&#8217;Isonzo e delle attività culturali promosse. Ci sarà una rappresentanza anche del Consiglio Comunale delle ragazze e dei ragazzi.</p>
<p>Alle 14.30 la maestra Nevia proporrà un assaggio delle sue storie animate, appuntamento fisso per bambini da 3 a 7 anni che si tiene in biblioteca al mercoledì pomeriggio alle 16.30 e che per l&#8217;occasione viene spostato in piazza.</p>
<p>Ancora nella zona centrale e rappresentativa di piazza Candussi alle 10 alle 12 e dalle 16 alle 18 i bambini potranno partecipare a laboratori creativi a cura di Fantasticamente e fino alle 19 sarà attivo lo stand del Fotoclub &#8220;Il Torrione&#8221; che propone un set fotografico live e una mostra fotografica.</p>
<p>Presso il parcheggio dell&#8217;area sportiva verranno allestite le mostre curate da Vespa Club Romans &#8220;I Giglers&#8221;, da Quaiat Racing Team Romans e dal gruppo allegorico Igino Valdemarin 1965.</p>
<p>Alle 11 Santa Messa presso la chiesa di Santa Maria Annunziata.</p>
<p>Dalle 11:30 presso il tendone Pro Loco intrattenimento musicale con Daniel Lounge 360&#8242;.</p>
<h3>Lo sport</h3>
<p>L&#8217;A.S.D. Insport cura le promozioni sportive in piazza Candussi dalle 10 alle 17 e l&#8217;esibizione di ginnastica artistica e ritmica alle 14:30 al palasport. A seguire, alle 15:30, esibizione di pattinaggio artistico a cura di A.S.D. Roller Time Romans.</p>
<p>Alle 15 in piazza Candussi avrà luogo la rievocazione storica e lettura della concessione dell&#8217;Imperatore Francesco I a tenere la fiera-mercato annuale.</p>
<p>A seguire la tradizionale cerimonia di pesatura dei tacchini giganti allietata dal gruppo folcloristico Santa Gorizia.</p>
<p>Il pomeriggio musicale prosegue presso il parcheggio dell&#8217;area sportiva con musica dal vivo dalle 16 con &#8220;Tnt&#8221; a cura di A.S.D. Pro Romans 1921, dalle 18 con &#8220;5 uomini sulla cassa del morto&#8221; a cura di ASAR Basket e dalle 21 Dj set curato da Royoung.</p>
<p>La &#8220;Festa dello scolaro&#8221; al luna park chiude i festeggiamenti lunedì pomeriggio 18 novembre.</p>
