{"id":60212,"date":"2024-11-11T11:54:39","date_gmt":"2024-11-11T10:54:39","guid":{"rendered":"https:\/\/imagazine.it\/home_desk\/?post_type=mec-events&#038;p=60212"},"modified":"2024-11-11T11:54:39","modified_gmt":"2024-11-11T10:54:39","slug":"la-nuova-stella-del-jazz-brilla-a-cervignano","status":"publish","type":"mec-events","link":"https:\/\/imagazine.it\/home_desk\/events\/la-nuova-stella-del-jazz-brilla-a-cervignano\/","title":{"rendered":"La nuova stella del jazz brilla a Cervignano"},"content":{"rendered":"<p>La pianista\/vocalist <strong>Francesca Tandoi<\/strong> sar\u00e0 in concerto al <strong>Teatro Pasolini di Cervignano del Friuli<\/strong>, gioved\u00ec 14 novembre (ore 20.45), secondo appuntamento della stagione musicale curata da <strong>Euritmica<\/strong>.<\/p>\n<p>Indiscussa <em>rising star<\/em> del jazz,\u00a0<strong>Francesca Tandoi<\/strong> pianista virtuosa, vocalist elegante, ottima compositrice e straordinaria band leader, vanta ormai da anni un percorso costellato di successi in tutto il mondo ed \u00e8 acclamata dalla critica e dal pubblico internazionale.<\/p>\n<p>Ha collaborato con artisti di fama internazionale e negli ultimi anni \u00e8 stata la formula in trio ad esserle pi\u00f9 congeniale, permettendole una libert\u00e0 espressiva ad ampio raggio in cui mantiene ben saldo il legame con la tradizione jazzistica ma con la mente proiettata verso il futuro.<\/p>\n<p>Le sue performance sono state definite \u201cun\u2019esplosione di swing\u201d e il suo pianismo, energetico ed elegante, allo stesso tempo.<\/p>\n<p>Al Pasolini presenta il suo nuovo album <strong><em>Bop Web<\/em><\/strong>, disco composto quasi interamente da brani originali, la pianista ha scelto per\u00f2 di riarrangiare e reinterpretare due grandi classici della musica internazionale: \u201cOverjoyed\u201d di Steve Wonder, unico brano cantato dell\u2019album, e \u201cAgua de beber\u201d di Tom Jobim, donando alle composizioni una veste pi\u00f9 moderna e ricercata.<\/p>\n<p>Come nel disco, <strong>Francesca Tandoi<\/strong> sar\u00e0 accompagnata dal vivo da <strong>Matheus Nicolaiewsky<\/strong> al basso e <strong>Sander Smeets<\/strong> alla batteria.<\/p>\n","protected":false},"excerpt":{"rendered":"<p>Francesca Tandoi in concerto al Pasolini con il suo nuovo album &#8220;Bop Web&#8221;. Accompagnata dal vivo da Matheus Nicolaiewsky e Sander Smeets <\/p>\n","protected":false},"author":28,"featured_media":60213,"comment_status":"closed","ping_status":"closed","template":"","tags":[119,861,261,826,281,55],"mec_category":[99],"class_list":["post-60212","mec-events","type-mec-events","status-publish","has-post-thumbnail","hentry","tag-cervignano","tag-concerti","tag-eventi","tag-eventi-fvg","tag-jazz","tag-musica","mec_category-music"],"_links":{"self":[{"href":"https:\/\/imagazine.it\/home_desk\/wp-json\/wp\/v2\/mec-events\/60212","targetHints":{"allow":["GET"]}}],"collection":[{"href":"https:\/\/imagazine.it\/home_desk\/wp-json\/wp\/v2\/mec-events"}],"about":[{"href":"https:\/\/imagazine.it\/home_desk\/wp-json\/wp\/v2\/types\/mec-events"}],"author":[{"embeddable":true,"href":"https:\/\/imagazine.it\/home_desk\/wp-json\/wp\/v2\/users\/28"}],"replies":[{"embeddable":true,"href":"https:\/\/imagazine.it\/home_desk\/wp-json\/wp\/v2\/comments?post=60212"}],"wp:featuredmedia":[{"embeddable":true,"href":"https:\/\/imagazine.it\/home_desk\/wp-json\/wp\/v2\/media\/60213"}],"wp:attachment":[{"href":"https:\/\/imagazine.it\/home_desk\/wp-json\/wp\/v2\/media?parent=60212"}],"wp:term":[{"taxonomy":"post_tag","embeddable":true,"href":"https:\/\/imagazine.it\/home_desk\/wp-json\/wp\/v2\/tags?post=60212"},{"taxonomy":"mec_category","embeddable":true,"href":"https:\/\/imagazine.it\/home_desk\/wp-json\/wp\/v2\/mec_category?post=60212"}],"curies":[{"name":"wp","href":"https:\/\/api.w.org\/{rel}","templated":true}]}}

<p>La pianista/vocalist <strong>Francesca Tandoi</strong> sarà in concerto al <strong>Teatro Pasolini di Cervignano del Friuli</strong>, giovedì 14 novembre (ore 20.45), secondo appuntamento della stagione musicale curata da <strong>Euritmica</strong>.</p>
<p>Indiscussa <em>rising star</em> del jazz, <strong>Francesca Tandoi</strong> pianista virtuosa, vocalist elegante, ottima compositrice e straordinaria band leader, vanta ormai da anni un percorso costellato di successi in tutto il mondo ed è acclamata dalla critica e dal pubblico internazionale.</p>
<p>Ha collaborato con artisti di fama internazionale e negli ultimi anni è stata la formula in trio ad esserle più congeniale, permettendole una libertà espressiva ad ampio raggio in cui mantiene ben saldo il legame con la tradizione jazzistica ma con la mente proiettata verso il futuro.</p>
<p>Le sue performance sono state definite “un’esplosione di swing” e il suo pianismo, energetico ed elegante, allo stesso tempo.</p>
<p>Al Pasolini presenta il suo nuovo album <strong><em>Bop Web</em></strong>, disco composto quasi interamente da brani originali, la pianista ha scelto però di riarrangiare e reinterpretare due grandi classici della musica internazionale: “Overjoyed” di Steve Wonder, unico brano cantato dell’album, e “Agua de beber” di Tom Jobim, donando alle composizioni una veste più moderna e ricercata.</p>
<p>Come nel disco, <strong>Francesca Tandoi</strong> sarà accompagnata dal vivo da <strong>Matheus Nicolaiewsky</strong> al basso e <strong>Sander Smeets</strong> alla batteria.</p>
