{"id":60197,"date":"2024-11-08T12:12:41","date_gmt":"2024-11-08T11:12:41","guid":{"rendered":"https:\/\/imagazine.it\/home_desk\/?post_type=mec-events&#038;p=60197"},"modified":"2024-11-08T12:12:41","modified_gmt":"2024-11-08T11:12:41","slug":"aquileia-in-cammino-contro-la-violenza-di-genere","status":"publish","type":"mec-events","link":"https:\/\/imagazine.it\/home_desk\/events\/aquileia-in-cammino-contro-la-violenza-di-genere\/","title":{"rendered":"Aquileia in cammino contro la violenza di genere"},"content":{"rendered":"<p><strong>Domenica 17 novembre<\/strong>, alle ore 9.30, ad<strong> Aquileia,<\/strong> la passeggiata guidata &#8220;<strong>10mila passi di salute\u201d <\/strong>sar\u00e0 dedicata alla sensibilizzazione contro la violenza di genere.<\/p>\n<p>L\u2019evento anticiper\u00e0 la \u201c<strong>Giornata Internazionale contro la Violenza sulle Donne<\/strong>\u201d (25 novembre), per sensibilizzare l&#8217;opinione pubblica su un problema grave e urgente, troppo spesso sottovalutato.<\/p>\n<p>Il punto di partenza \/ ritrovo sar\u00e0 in piazza Capitolo e si svilupper\u00e0 lungo l\u2019itinerario dei &#8220;10.000 passi di salute&#8221;, percorso identificato dal Comune di Aquileia e realizzato nell\u2019ambito del progetto \u201cFVG in movimento 10mila passi di salute\u201d (2019 -2025), coordinato da Federsanit\u00e0 ANCI FVG e sostenuto dalla Regione FVG \u2013 Direzione centrale Salute,\u00a0 in collaborazione\u00a0 con il Dipartimento di Scienze Economiche e Statistiche dell\u2019Universit\u00e0 di Udine e PromoTurismo FVG.<\/p>\n<p>La camminata sar\u00e0 condotta da un laureato in Scienze Motorie \u2013 con il coordinamento di A.S.D. \u201cSport&amp;Fun\u201d che far\u00e0 praticare facili esercizi di ginnastica (\u201cLinee Guida per Conduttori di Gruppi di Cammino\u201d, a cura del prof. <strong>Stefano Lazzer<\/strong>).<\/p>\n<p>Il progetto \u00e8 finanziato dalla Regione nell\u2019ambito del \u201c<em>Piano Regionale della Prevenzione \u2013 Comunit\u00e0 Attive\u201d. <\/em><\/p>\n<p>A tal fine, il Comune di Aquileia, che patrocina l\u2019iniziativa, ha attivato una rete con le \u00a0Associazioni \u201cAuser Insieme Bassa Friulana\u201d, S.O.S Rosa Gorizia Odv, Imprenditori citt\u00e0 di Aquileia e vedr\u00e0 la partecipazione del \u201cGruppo Piedini della Notte\u201d; il tutto patrocinato del Comune di Aquileia.<\/p>\n<p>L\u2019iniziativa \u00e8 gratuita e aperta a tutti gli interessati.<\/p>\n<p>Tutti sono invitati a partecipare, dai pi\u00f9 giovani agli anziani, grazie al percorso pianeggiante e accessibile a chiunque.<\/p>\n<p>Si raggiunger\u00e0 la foce del fiume Natissa, dove ci sar\u00e0 il ristoro, gli interventi delle autorit\u00e0 e un momento di riflessione sul tema della violenza di genere.<\/p>\n","protected":false},"excerpt":{"rendered":"<p>La passeggiata guidata &#8220;10mila passi di salute\u201d diventer\u00e0 occasione di sensibilizzazione grazie al coinvolgimento di diverse associazioni<\/p>\n","protected":false},"author":28,"featured_media":60198,"comment_status":"closed","ping_status":"closed","template":"","tags":[349,1822,387,198,261,826,97,835],"mec_category":[131],"class_list":["post-60197","mec-events","type-mec-events","status-publish","has-post-thumbnail","hentry","tag-aquileia","tag-cammino","tag-donne","tag-educazione","tag-eventi","tag-eventi-fvg","tag-salute","tag-violenza","mec_category-discovery"],"_links":{"self":[{"href":"https:\/\/imagazine.it\/home_desk\/wp-json\/wp\/v2\/mec-events\/60197","targetHints":{"allow":["GET"]}}],"collection":[{"href":"https:\/\/imagazine.it\/home_desk\/wp-json\/wp\/v2\/mec-events"}],"about":[{"href":"https:\/\/imagazine.it\/home_desk\/wp-json\/wp\/v2\/types\/mec-events"}],"author":[{"embeddable":true,"href":"https:\/\/imagazine.it\/home_desk\/wp-json\/wp\/v2\/users\/28"}],"replies":[{"embeddable":true,"href":"https:\/\/imagazine.it\/home_desk\/wp-json\/wp\/v2\/comments?post=60197"}],"wp:featuredmedia":[{"embeddable":true,"href":"https:\/\/imagazine.it\/home_desk\/wp-json\/wp\/v2\/media\/60198"}],"wp:attachment":[{"href":"https:\/\/imagazine.it\/home_desk\/wp-json\/wp\/v2\/media?parent=60197"}],"wp:term":[{"taxonomy":"post_tag","embeddable":true,"href":"https:\/\/imagazine.it\/home_desk\/wp-json\/wp\/v2\/tags?post=60197"},{"taxonomy":"mec_category","embeddable":true,"href":"https:\/\/imagazine.it\/home_desk\/wp-json\/wp\/v2\/mec_category?post=60197"}],"curies":[{"name":"wp","href":"https:\/\/api.w.org\/{rel}","templated":true}]}}

<p><strong>Domenica 17 novembre</strong>, alle ore 9.30, ad<strong> Aquileia,</strong> la passeggiata guidata &#8220;<strong>10mila passi di salute” </strong>sarà dedicata alla sensibilizzazione contro la violenza di genere.</p>
<p>L’evento anticiperà la “<strong>Giornata Internazionale contro la Violenza sulle Donne</strong>” (25 novembre), per sensibilizzare l&#8217;opinione pubblica su un problema grave e urgente, troppo spesso sottovalutato.</p>
<p>Il punto di partenza / ritrovo sarà in piazza Capitolo e si svilupperà lungo l’itinerario dei &#8220;10.000 passi di salute&#8221;, percorso identificato dal Comune di Aquileia e realizzato nell’ambito del progetto “FVG in movimento 10mila passi di salute” (2019 -2025), coordinato da Federsanità ANCI FVG e sostenuto dalla Regione FVG – Direzione centrale Salute,  in collaborazione  con il Dipartimento di Scienze Economiche e Statistiche dell’Università di Udine e PromoTurismo FVG.</p>
<p>La camminata sarà condotta da un laureato in Scienze Motorie – con il coordinamento di A.S.D. “Sport&amp;Fun” che farà praticare facili esercizi di ginnastica (“Linee Guida per Conduttori di Gruppi di Cammino”, a cura del prof. <strong>Stefano Lazzer</strong>).</p>
<p>Il progetto è finanziato dalla Regione nell’ambito del “<em>Piano Regionale della Prevenzione – Comunità Attive”. </em></p>
<p>A tal fine, il Comune di Aquileia, che patrocina l’iniziativa, ha attivato una rete con le  Associazioni “Auser Insieme Bassa Friulana”, S.O.S Rosa Gorizia Odv, Imprenditori città di Aquileia e vedrà la partecipazione del “Gruppo Piedini della Notte”; il tutto patrocinato del Comune di Aquileia.</p>
<p>L’iniziativa è gratuita e aperta a tutti gli interessati.</p>
<p>Tutti sono invitati a partecipare, dai più giovani agli anziani, grazie al percorso pianeggiante e accessibile a chiunque.</p>
<p>Si raggiungerà la foce del fiume Natissa, dove ci sarà il ristoro, gli interventi delle autorità e un momento di riflessione sul tema della violenza di genere.</p>

<p>La passeggiata guidata &#8220;10mila passi di salute” diventerà occasione di sensibilizzazione grazie al coinvolgimento di diverse associazioni</p>
