{"id":60195,"date":"2024-11-08T11:55:29","date_gmt":"2024-11-08T10:55:29","guid":{"rendered":"https:\/\/imagazine.it\/home_desk\/?post_type=mec-events&#038;p=60195"},"modified":"2024-11-08T11:55:29","modified_gmt":"2024-11-08T10:55:29","slug":"da-new-york-a-sacile-a-ritmo-di-jazz","status":"publish","type":"mec-events","link":"https:\/\/imagazine.it\/home_desk\/events\/da-new-york-a-sacile-a-ritmo-di-jazz\/","title":{"rendered":"Da New York a Sacile a ritmo di Jazz"},"content":{"rendered":"<p><em><span style=\"font-size: 10pt;\">Rachel Z<\/span><\/em><\/p>\n<p>Dopo un&#8217;anteprima da tutto esaurito con il leggendario Brad Mehldau, la 20\u00aa edizione de &#8220;<em>Il Volo del Jazz<\/em>&#8221; si apre ufficialmente al Teatro Zancanaro di Sacile, sabato 9 novembre, alle 21.<\/p>\n<p>Protagonista il concerto di <strong>Rachel Z &amp; Omar Hakim Quartet<\/strong>, mix eclettico di talenti di fama mondiale.<\/p>\n<p>Il progetto &#8220;Sensual Project&#8221; vedr\u00e0 sul palco <strong>Rachel Z<\/strong> al pianoforte, <strong>Omar Hakim<\/strong> alla batteria, <strong>Bendik Hofseth<\/strong> al sax tenore e soprano, e <strong>Jonathan Toscano <\/strong>al contrabbasso, promettendo un&#8217;esperienza musicale di sicuro impatto.<\/p>\n<p>Al centro della scena, Rachel Z., pianista newyorkese di origini italiane, che porta con s\u00e9 una carriera costellata di successi, tra cui un Grammy vinto con Wayne Shorter e collaborazioni con artisti del calibro di Pino Daniele e Peter Gabriel.<\/p>\n<p>Rachel Z \u00e8 molto pi\u00f9 di una pianista: \u00e8 un\u2019icona del jazz contemporaneo. Con all&#8217;attivo 11 album come bandleader, ha saputo conquistare palcoscenici internazionali, collaborando con giganti della musica come George Coleman, Bobby Watson e Al Di Meola. Il suo talento \u00e8 emerso anche nei celebri film concerto di Peter Gabriel, \u201cGrowing Up Live\u201d e \u201cStill Growing Up Live\u201d. La sua capacit\u00e0 di fondere melodie delicate con ritmi incisivi rende ogni sua esibizione un evento da non perdere.<\/p>\n","protected":false},"excerpt":{"rendered":"<p>Rachel Z &#038; Omar Hakim Quartet in concerto allo Zancanaro per l&#8217;apertura ufficiale de &#8220;Il Volo del Jazz&#8221;<\/p>\n","protected":false},"author":28,"featured_media":60196,"comment_status":"closed","ping_status":"closed","template":"","tags":[861,261,826,281,55,1159],"mec_category":[99],"class_list":["post-60195","mec-events","type-mec-events","status-publish","has-post-thumbnail","hentry","tag-concerti","tag-eventi","tag-eventi-fvg","tag-jazz","tag-musica","tag-sacile","mec_category-music"],"_links":{"self":[{"href":"https:\/\/imagazine.it\/home_desk\/wp-json\/wp\/v2\/mec-events\/60195","targetHints":{"allow":["GET"]}}],"collection":[{"href":"https:\/\/imagazine.it\/home_desk\/wp-json\/wp\/v2\/mec-events"}],"about":[{"href":"https:\/\/imagazine.it\/home_desk\/wp-json\/wp\/v2\/types\/mec-events"}],"author":[{"embeddable":true,"href":"https:\/\/imagazine.it\/home_desk\/wp-json\/wp\/v2\/users\/28"}],"replies":[{"embeddable":true,"href":"https:\/\/imagazine.it\/home_desk\/wp-json\/wp\/v2\/comments?post=60195"}],"wp:featuredmedia":[{"embeddable":true,"href":"https:\/\/imagazine.it\/home_desk\/wp-json\/wp\/v2\/media\/60196"}],"wp:attachment":[{"href":"https:\/\/imagazine.it\/home_desk\/wp-json\/wp\/v2\/media?parent=60195"}],"wp:term":[{"taxonomy":"post_tag","embeddable":true,"href":"https:\/\/imagazine.it\/home_desk\/wp-json\/wp\/v2\/tags?post=60195"},{"taxonomy":"mec_category","embeddable":true,"href":"https:\/\/imagazine.it\/home_desk\/wp-json\/wp\/v2\/mec_category?post=60195"}],"curies":[{"name":"wp","href":"https:\/\/api.w.org\/{rel}","templated":true}]}}

<p><em><span style="font-size: 10pt;">Rachel Z</span></em></p>
<p>Dopo un&#8217;anteprima da tutto esaurito con il leggendario Brad Mehldau, la 20ª edizione de &#8220;<em>Il Volo del Jazz</em>&#8221; si apre ufficialmente al Teatro Zancanaro di Sacile, sabato 9 novembre, alle 21.</p>
<p>Protagonista il concerto di <strong>Rachel Z &amp; Omar Hakim Quartet</strong>, mix eclettico di talenti di fama mondiale.</p>
<p>Il progetto &#8220;Sensual Project&#8221; vedrà sul palco <strong>Rachel Z</strong> al pianoforte, <strong>Omar Hakim</strong> alla batteria, <strong>Bendik Hofseth</strong> al sax tenore e soprano, e <strong>Jonathan Toscano </strong>al contrabbasso, promettendo un&#8217;esperienza musicale di sicuro impatto.</p>
<p>Al centro della scena, Rachel Z., pianista newyorkese di origini italiane, che porta con sé una carriera costellata di successi, tra cui un Grammy vinto con Wayne Shorter e collaborazioni con artisti del calibro di Pino Daniele e Peter Gabriel.</p>
<p>Rachel Z è molto più di una pianista: è un’icona del jazz contemporaneo. Con all&#8217;attivo 11 album come bandleader, ha saputo conquistare palcoscenici internazionali, collaborando con giganti della musica come George Coleman, Bobby Watson e Al Di Meola. Il suo talento è emerso anche nei celebri film concerto di Peter Gabriel, “Growing Up Live” e “Still Growing Up Live”. La sua capacità di fondere melodie delicate con ritmi incisivi rende ogni sua esibizione un evento da non perdere.</p>
