{"id":60132,"date":"2024-11-06T17:33:42","date_gmt":"2024-11-06T16:33:42","guid":{"rendered":"https:\/\/imagazine.it\/home_desk\/?post_type=mec-events&#038;p=60132"},"modified":"2024-11-19T06:44:02","modified_gmt":"2024-11-19T05:44:02","slug":"patto-digitale-tra-famiglie-incontro-a-cervignano","status":"publish","type":"mec-events","link":"https:\/\/imagazine.it\/home_desk\/events\/patto-digitale-tra-famiglie-incontro-a-cervignano\/","title":{"rendered":"Patto digitale tra famiglie: incontro a Cervignano"},"content":{"rendered":"<p>Il gruppo Noi Generativo organizza <strong>gioved\u00ec 21 novembre<\/strong> incontro dal titolo: &#8220;<em>Patto Digitale tra Famiglie: insieme per il benessere digitale dei nostri bambini<\/em>&#8220;.<\/p>\n<p>Appuntamento alle <strong>20.30 in Sala Aurora<\/strong>.<\/p>\n<p>L&#8217;incontro con <strong>Dora Tubaro<\/strong> \u00e8 un&#8217;iniziativa per promuovere il benessere digitale dei bambini e ragazzi. Vuole essere un modo concreto per affrontare insieme le sfide poste dall&#8217;uso sempre pi\u00f9 precoce e diffuso dei dispositivi digitali.<\/p>\n<p>Non esiste un&#8217;et\u00e0 precisa e universale per l\u2019uso delle tecnologie digitali in quanto ogni bambino \u00e8 diverso e matura a ritmi differenti. \u00c8 importante considerare fattori come la maturit\u00e0 emotiva, la capacit\u00e0 di autocontrollo e le attivit\u00e0 che gi\u00e0 svolgono. \u00c8 comprensibile che i bambini vogliano essere come i loro amici, tuttavia \u00e8 fondamentale spiegare loro l&#8217;importanza di stabilire dei limiti e di utilizzare i dispositivi in modo responsabile.<\/p>\n<p>Coinvolgendo il bambino nelle decisioni, si pu\u00f2 ascoltare le sue ragioni e cercare di trovare un compromesso. I genitori sono comunque il modello di riferimento e l\u2019esempio fondamentale.<\/p>\n<p>L\u2019alleanza con gli altri genitori sarebbe un&#8217;ottima idea, mettendo in atto regole comuni si pu\u00f2 creare un ambiente pi\u00f9 coeso e si facilita la comunicazione con i bambini. Inoltre, condividere esperienze e consigli pu\u00f2 essere molto utile per affrontare le sfide dell&#8217;educazione digitale.<\/p>\n<p><em>Livio Nonis<\/em><\/p>\n","protected":false},"excerpt":{"rendered":"<p>L&#8217;esperta Dora Tubaro condivider\u00e0 le sfide poste dall&#8217;uso sempre pi\u00f9 precoce e diffuso dei dispositivi digitali<\/p>\n","protected":false},"author":22,"featured_media":60133,"comment_status":"closed","ping_status":"closed","template":"","tags":[119,1380,198,330,83],"mec_category":[59],"class_list":["post-60132","mec-events","type-mec-events","status-publish","has-post-thumbnail","hentry","tag-cervignano","tag-digitale","tag-educazione","tag-famiglie","tag-giovani","mec_category-meeting"],"_links":{"self":[{"href":"https:\/\/imagazine.it\/home_desk\/wp-json\/wp\/v2\/mec-events\/60132","targetHints":{"allow":["GET"]}}],"collection":[{"href":"https:\/\/imagazine.it\/home_desk\/wp-json\/wp\/v2\/mec-events"}],"about":[{"href":"https:\/\/imagazine.it\/home_desk\/wp-json\/wp\/v2\/types\/mec-events"}],"author":[{"embeddable":true,"href":"https:\/\/imagazine.it\/home_desk\/wp-json\/wp\/v2\/users\/22"}],"replies":[{"embeddable":true,"href":"https:\/\/imagazine.it\/home_desk\/wp-json\/wp\/v2\/comments?post=60132"}],"wp:featuredmedia":[{"embeddable":true,"href":"https:\/\/imagazine.it\/home_desk\/wp-json\/wp\/v2\/media\/60133"}],"wp:attachment":[{"href":"https:\/\/imagazine.it\/home_desk\/wp-json\/wp\/v2\/media?parent=60132"}],"wp:term":[{"taxonomy":"post_tag","embeddable":true,"href":"https:\/\/imagazine.it\/home_desk\/wp-json\/wp\/v2\/tags?post=60132"},{"taxonomy":"mec_category","embeddable":true,"href":"https:\/\/imagazine.it\/home_desk\/wp-json\/wp\/v2\/mec_category?post=60132"}],"curies":[{"name":"wp","href":"https:\/\/api.w.org\/{rel}","templated":true}]}}

<p>Il gruppo Noi Generativo organizza <strong>giovedì 21 novembre</strong> incontro dal titolo: &#8220;<em>Patto Digitale tra Famiglie: insieme per il benessere digitale dei nostri bambini</em>&#8220;.</p>
<p>Appuntamento alle <strong>20.30 in Sala Aurora</strong>.</p>
<p>L&#8217;incontro con <strong>Dora Tubaro</strong> è un&#8217;iniziativa per promuovere il benessere digitale dei bambini e ragazzi. Vuole essere un modo concreto per affrontare insieme le sfide poste dall&#8217;uso sempre più precoce e diffuso dei dispositivi digitali.</p>
<p>Non esiste un&#8217;età precisa e universale per l’uso delle tecnologie digitali in quanto ogni bambino è diverso e matura a ritmi differenti. È importante considerare fattori come la maturità emotiva, la capacità di autocontrollo e le attività che già svolgono. È comprensibile che i bambini vogliano essere come i loro amici, tuttavia è fondamentale spiegare loro l&#8217;importanza di stabilire dei limiti e di utilizzare i dispositivi in modo responsabile.</p>
<p>Coinvolgendo il bambino nelle decisioni, si può ascoltare le sue ragioni e cercare di trovare un compromesso. I genitori sono comunque il modello di riferimento e l’esempio fondamentale.</p>
<p>L’alleanza con gli altri genitori sarebbe un&#8217;ottima idea, mettendo in atto regole comuni si può creare un ambiente più coeso e si facilita la comunicazione con i bambini. Inoltre, condividere esperienze e consigli può essere molto utile per affrontare le sfide dell&#8217;educazione digitale.</p>
<p><em>Livio Nonis</em></p>

<p>L&#8217;esperta Dora Tubaro condividerà le sfide poste dall&#8217;uso sempre più precoce e diffuso dei dispositivi digitali</p>
