{"id":60097,"date":"2024-11-05T18:04:46","date_gmt":"2024-11-05T17:04:46","guid":{"rendered":"https:\/\/imagazine.it\/home_desk\/?post_type=mec-events&#038;p=60097"},"modified":"2024-11-05T18:04:46","modified_gmt":"2024-11-05T17:04:46","slug":"donna-vita-liberta-contro-ogni-oppressione","status":"publish","type":"mec-events","link":"https:\/\/imagazine.it\/home_desk\/events\/donna-vita-liberta-contro-ogni-oppressione\/","title":{"rendered":"Donna vita libert\u00e0. Contro ogni oppressione"},"content":{"rendered":"<p>La mostra &#8220;<em>Donna vita libert\u00e0. Contro ogni oppressione<\/em>&#8221; \u00e8 il primo evento nell\u2019ambito della rassegna &#8220;<strong><em>Mai pi\u00f9 in gabbia<\/em><\/strong>&#8221; promossa dal Comune di Turriaco grazie al contributo della Regione FVG e la collaborazione con l&#8217;Onlus &#8220;Da Donna a Donna&#8221;.<\/p>\n<p>Una serie di eventi previsti per tutto il mese di novembre in occasione della Giornata mondiale contro la violenza sulle donne.<\/p>\n<p>La mostra \u00e8 organizzata dall&#8217;associazione Xearte di Padova in collaborazione con il Collettivo Donna, Amici di Chioggia Citt\u00e0 d&#8217;Arte e Circolo Silone di Chioggia e che ha avuto il patrocinio di entrambe le due citt\u00e0.<\/p>\n<p>Una <strong>collettiva di pi\u00f9 di 30 artisti<\/strong> che propongono i loro dipinti e sculture per riflettere sul tema.<\/p>\n<p>La mostra, allestita presso <strong>l&#8217;atrio del Municipio di Turriaco<\/strong>, \u00e8 visitabile negli orari di apertura degli uffici comunali <strong>fino a venerd\u00ec\u00a015 novembre<\/strong>.<\/p>\n<p><em>Livio Nonis<\/em><\/p>\n","protected":false},"excerpt":{"rendered":"<p>A Turriaco la mostra collettiva itinerante con opere di oltre 30 artisti, nell&#8217;ambito della rassegna &#8220;Mai pi\u00f9 in gabbia&#8221;<\/p>\n","protected":false},"author":22,"featured_media":60098,"comment_status":"closed","ping_status":"closed","template":"","tags":[165,387,261,826,251,1666],"mec_category":[59],"class_list":["post-60097","mec-events","type-mec-events","status-publish","has-post-thumbnail","hentry","tag-arte","tag-donne","tag-eventi","tag-eventi-fvg","tag-mostra","tag-turriaco","mec_category-meeting"],"_links":{"self":[{"href":"https:\/\/imagazine.it\/home_desk\/wp-json\/wp\/v2\/mec-events\/60097","targetHints":{"allow":["GET"]}}],"collection":[{"href":"https:\/\/imagazine.it\/home_desk\/wp-json\/wp\/v2\/mec-events"}],"about":[{"href":"https:\/\/imagazine.it\/home_desk\/wp-json\/wp\/v2\/types\/mec-events"}],"author":[{"embeddable":true,"href":"https:\/\/imagazine.it\/home_desk\/wp-json\/wp\/v2\/users\/22"}],"replies":[{"embeddable":true,"href":"https:\/\/imagazine.it\/home_desk\/wp-json\/wp\/v2\/comments?post=60097"}],"wp:featuredmedia":[{"embeddable":true,"href":"https:\/\/imagazine.it\/home_desk\/wp-json\/wp\/v2\/media\/60098"}],"wp:attachment":[{"href":"https:\/\/imagazine.it\/home_desk\/wp-json\/wp\/v2\/media?parent=60097"}],"wp:term":[{"taxonomy":"post_tag","embeddable":true,"href":"https:\/\/imagazine.it\/home_desk\/wp-json\/wp\/v2\/tags?post=60097"},{"taxonomy":"mec_category","embeddable":true,"href":"https:\/\/imagazine.it\/home_desk\/wp-json\/wp\/v2\/mec_category?post=60097"}],"curies":[{"name":"wp","href":"https:\/\/api.w.org\/{rel}","templated":true}]}}

Donna vita libertà. Contro ogni oppressione

<p>La mostra &#8220;<em>Donna vita libertà. Contro ogni oppressione</em>&#8221; è il primo evento nell’ambito della rassegna &#8220;<strong><em>Mai più in gabbia</em></strong>&#8221; promossa dal Comune di Turriaco grazie al contributo della Regione FVG e la collaborazione con l&#8217;Onlus &#8220;Da Donna a Donna&#8221;.</p>
<p>Una serie di eventi previsti per tutto il mese di novembre in occasione della Giornata mondiale contro la violenza sulle donne.</p>
<p>La mostra è organizzata dall&#8217;associazione Xearte di Padova in collaborazione con il Collettivo Donna, Amici di Chioggia Città d&#8217;Arte e Circolo Silone di Chioggia e che ha avuto il patrocinio di entrambe le due città.</p>
<p>Una <strong>collettiva di più di 30 artisti</strong> che propongono i loro dipinti e sculture per riflettere sul tema.</p>
<p>La mostra, allestita presso <strong>l&#8217;atrio del Municipio di Turriaco</strong>, è visitabile negli orari di apertura degli uffici comunali <strong>fino a venerdì 15 novembre</strong>.</p>
<p><em>Livio Nonis</em></p>

<p>A Turriaco la mostra collettiva itinerante con opere di oltre 30 artisti, nell&#8217;ambito della rassegna &#8220;Mai più in gabbia&#8221;</p>
