{"id":60021,"date":"2024-11-04T12:25:45","date_gmt":"2024-11-04T11:25:45","guid":{"rendered":"https:\/\/imagazine.it\/home_desk\/?post_type=mec-events&#038;p=60021"},"modified":"2024-11-04T12:25:45","modified_gmt":"2024-11-04T11:25:45","slug":"fiesta-a-gradisca-in-onore-della-carra","status":"publish","type":"mec-events","link":"https:\/\/imagazine.it\/home_desk\/events\/fiesta-a-gradisca-in-onore-della-carra\/","title":{"rendered":"Fiesta a Gradisca in onore della Carr\u00e0"},"content":{"rendered":"<p>Conto alla rovescia per l\u2019avvio della stagione artistica al <strong>Nuovo Teatro Comunale di Gradisca d\u2019Isonzo<\/strong>: <strong>mercoled\u00ec 6 novembre, alle 21<\/strong>, spazio a \u2018<strong><em>Fiesta<\/em><\/strong>\u2019, in prima regionale, con <strong>Fabio Canino<\/strong> in questa spumeggiante commedia straripante degli indimenticabili brani della Carr\u00e0.<\/p>\n<p>Lo spettacolo \u00e8 scritto a sei mani da <strong>Roberto Biondi, Fabio Canino e Paolo Lanfredini, ed \u00e8 diretto da Piero Di Blasio. Accanto a Canino, sul palco vedremo: Mariano Gallo,<\/strong>\u00a0<strong>Sandro Stefanini, Simone Veltroni, Samuele Picchi.<\/strong><\/p>\n<p>Dopo venti anni Fabio Canino riporta in scena questa commedia esilarante che ebbe un grande successo di pubblico per tre stagioni di fila.<\/p>\n<p>Luca (Fabio Canino) \u00e8 un fan di Raffaella Carr\u00e0, ma non uno qualsiasi, \u00e8 il pi\u00f9 scatenato, il pi\u00f9 fedele, il pi\u00f9 innamorato.<\/p>\n<p>Tanto innamorato da celebrare ogni 18 giugno il compleanno del suo mito in una vera e propria festa con tanto di torta, invitati, canti e balli sulle note dei pi\u00f9 grandi successi della Raffa nazionale.<\/p>\n<p>Per la \u201cGaya\u201d serata Luca invita, come ogni anno, i suoi due migliori amici Renato (Mariano Gallo) e Ivano (Sandro Stefanini). Il primo \u00e8 un esuberante infermiere amante della palestra e dei bei ragazzi, il secondo un aspirante scrittore, uomo di fede e truccatore di una nota diva. A sorpresa, anche se non troppo, sopraggiunge un terzo ospite, Giuseppe (Simone Veltroni), un collega di Luca dall\u2019incerta identit\u00e0 sessuale\u2026 Solo per lui.\u00a0La Fiesta sar\u00e0 un pretesto per piccanti confessioni tra amici, ma anche per liberare gli animi da desideri e paure.<\/p>\n<p>Proprio durante il gioco della verit\u00e0 con la \u201cstatuina-idolo\u201d di Raffa, Giuseppe metter\u00e0 a nudo inclinazioni e segreti (di pulcinella e non). Come in tutte le feste che si rispettino, arriva all\u2019improvviso l\u2019elemento dirompente, come una meteora imprevista, che obbligher\u00e0 gli invitati a rocamboleschi giochi di parole e divertenti fraintendimenti. Questa meteora ha il volto (e soprattutto il corpo) di Massimo (Samuele Picchi), il bel poliziotto, eterosessuale al 150%. Sar\u00e0 lui a mettere in crisi le convinzioni di Luca e company o saranno loro a mettere in crisi il fascinoso Massimo? Una cosa \u00e8 certa, qualsiasi sia il risultato, ci sar\u00e0 da ridere! Sempre sotto l\u2019occhio vigile, amorevole e mai giudicatore del mito Carr\u00e0!<\/p>\n<p>Anche perch\u00e9 senza le sue musiche e la sua energia, che \u201cFiesta\u201d sarebbe?<\/p>\n","protected":false},"excerpt":{"rendered":"<p>La spumeggiante commedia in prima regionale di Fabio Cannino apre la stagione teatrale del Nuovo Teatro Comunale<\/p>\n","protected":false},"author":28,"featured_media":60022,"comment_status":"closed","ping_status":"closed","template":"","tags":[261,826,254,821,52],"mec_category":[48],"class_list":["post-60021","mec-events","type-mec-events","status-publish","has-post-thumbnail","hentry","tag-eventi","tag-eventi-fvg","tag-gradisca","tag-spettacoli","tag-teatro","mec_category-classic-art"],"_links":{"self":[{"href":"https:\/\/imagazine.it\/home_desk\/wp-json\/wp\/v2\/mec-events\/60021","targetHints":{"allow":["GET"]}}],"collection":[{"href":"https:\/\/imagazine.it\/home_desk\/wp-json\/wp\/v2\/mec-events"}],"about":[{"href":"https:\/\/imagazine.it\/home_desk\/wp-json\/wp\/v2\/types\/mec-events"}],"author":[{"embeddable":true,"href":"https:\/\/imagazine.it\/home_desk\/wp-json\/wp\/v2\/users\/28"}],"replies":[{"embeddable":true,"href":"https:\/\/imagazine.it\/home_desk\/wp-json\/wp\/v2\/comments?post=60021"}],"wp:featuredmedia":[{"embeddable":true,"href":"https:\/\/imagazine.it\/home_desk\/wp-json\/wp\/v2\/media\/60022"}],"wp:attachment":[{"href":"https:\/\/imagazine.it\/home_desk\/wp-json\/wp\/v2\/media?parent=60021"}],"wp:term":[{"taxonomy":"post_tag","embeddable":true,"href":"https:\/\/imagazine.it\/home_desk\/wp-json\/wp\/v2\/tags?post=60021"},{"taxonomy":"mec_category","embeddable":true,"href":"https:\/\/imagazine.it\/home_desk\/wp-json\/wp\/v2\/mec_category?post=60021"}],"curies":[{"name":"wp","href":"https:\/\/api.w.org\/{rel}","templated":true}]}}

Fiesta a Gradisca in onore della Carrà

<p>Conto alla rovescia per l’avvio della stagione artistica al <strong>Nuovo Teatro Comunale di Gradisca d’Isonzo</strong>: <strong>mercoledì 6 novembre, alle 21</strong>, spazio a ‘<strong><em>Fiesta</em></strong>’, in prima regionale, con <strong>Fabio Canino</strong> in questa spumeggiante commedia straripante degli indimenticabili brani della Carrà.</p>
<p>Lo spettacolo è scritto a sei mani da <strong>Roberto Biondi, Fabio Canino e Paolo Lanfredini, ed è diretto da Piero Di Blasio. Accanto a Canino, sul palco vedremo: Mariano Gallo,</strong> <strong>Sandro Stefanini, Simone Veltroni, Samuele Picchi.</strong></p>
<p>Dopo venti anni Fabio Canino riporta in scena questa commedia esilarante che ebbe un grande successo di pubblico per tre stagioni di fila.</p>
<p>Luca (Fabio Canino) è un fan di Raffaella Carrà, ma non uno qualsiasi, è il più scatenato, il più fedele, il più innamorato.</p>
<p>Tanto innamorato da celebrare ogni 18 giugno il compleanno del suo mito in una vera e propria festa con tanto di torta, invitati, canti e balli sulle note dei più grandi successi della Raffa nazionale.</p>
<p>Per la “Gaya” serata Luca invita, come ogni anno, i suoi due migliori amici Renato (Mariano Gallo) e Ivano (Sandro Stefanini). Il primo è un esuberante infermiere amante della palestra e dei bei ragazzi, il secondo un aspirante scrittore, uomo di fede e truccatore di una nota diva. A sorpresa, anche se non troppo, sopraggiunge un terzo ospite, Giuseppe (Simone Veltroni), un collega di Luca dall’incerta identità sessuale… Solo per lui. La Fiesta sarà un pretesto per piccanti confessioni tra amici, ma anche per liberare gli animi da desideri e paure.</p>
<p>Proprio durante il gioco della verità con la “statuina-idolo” di Raffa, Giuseppe metterà a nudo inclinazioni e segreti (di pulcinella e non). Come in tutte le feste che si rispettino, arriva all’improvviso l’elemento dirompente, come una meteora imprevista, che obbligherà gli invitati a rocamboleschi giochi di parole e divertenti fraintendimenti. Questa meteora ha il volto (e soprattutto il corpo) di Massimo (Samuele Picchi), il bel poliziotto, eterosessuale al 150%. Sarà lui a mettere in crisi le convinzioni di Luca e company o saranno loro a mettere in crisi il fascinoso Massimo? Una cosa è certa, qualsiasi sia il risultato, ci sarà da ridere! Sempre sotto l’occhio vigile, amorevole e mai giudicatore del mito Carrà!</p>
<p>Anche perché senza le sue musiche e la sua energia, che “Fiesta” sarebbe?</p>
