{"id":59690,"date":"2024-10-23T13:35:34","date_gmt":"2024-10-23T11:35:34","guid":{"rendered":"https:\/\/imagazine.it\/home_desk\/?post_type=mec-events&#038;p=59690"},"modified":"2024-10-23T13:35:34","modified_gmt":"2024-10-23T11:35:34","slug":"linvenzione-delloccidente","status":"publish","type":"mec-events","link":"https:\/\/imagazine.it\/home_desk\/events\/linvenzione-delloccidente\/","title":{"rendered":"L&#8217;invenzione dell&#8217;Occidente"},"content":{"rendered":"<p>L&#8217;Associazione Nazionale Marinai d&#8217;Italia di Monfalcone, <strong>sabato 26 ottobre<\/strong> alle ore 10 presso la Villa Vicentini Miniussi in Piazza Unit\u00e0 d&#8217;Italia 24, sede del Centro Culturale del Monfalconese a <strong>Ronchi dei Legionari<\/strong>, presenta un ospite di eccezione, lo scrittore <strong>Alessandro Vanoli<\/strong> con il suo libro &#8220;<em>L&#8217;Invenzione dell&#8217;Occidente<\/em>&#8220;.<\/p>\n<p>Nel 1494, solo due anni dopo la \u2018scoperta dell\u2019America\u2019, a Tordesillas, una piccola localit\u00e0 della Castiglia, veniva firmato un trattato tra Spagna e Portogallo che divideva il mondo in due e inventava l\u2019Occidente come spazio, comunit\u00e0 e cultura. Mai nessuno si sarebbe potuto aspettare che una semplice firma avesse conseguenze cos\u00ec gigantesche e durature.<\/p>\n<p>Questa \u00e8 la storia di come, tra medioevo ed et\u00e0 moderna, le societ\u00e0 europee (all\u2019inizio spagnoli e portoghesi in testa) spinsero le proprie ambizioni sempre pi\u00f9 verso l\u2019oceano e cos\u00ec facendo trasformarono l\u2019idea che esse avevano dell\u2019Ovest: quella che era una direzione divenne poco alla volta uno spazio pensabile.<\/p>\n<p>\u00c8 perci\u00f2 una storia di grandi navigatori e di dibattiti violenti tra geografi, una storia di sfide e di esplorazioni che solcarono l\u2019ignoto. Ma \u00e8 anche la storia dei dibattiti culturali che ne seguirono e che inventarono e definirono quell\u2019Occidente che prima mancava dalle mappe. E il punto di arrivo di questa storia siamo noi.<\/p>\n<p>In un momento in cui tutto questo appare ormai largamente messo in discussione, forse vale la pena riprendere il discorso da capo e chiedersi come si sia giunti alla nostra idea di Occidente.<\/p>\n<p>Ingresso libero.<\/p>\n","protected":false},"excerpt":{"rendered":"<p>A Ronchi la presentazione del libro di Alessandro Vanoli a cura dell&#8217;Associazione Nazionale Marinai d&#8217;Italia<\/p>\n","protected":false},"author":28,"featured_media":59692,"comment_status":"closed","ping_status":"closed","template":"","tags":[261,826,273,149,568],"mec_category":[59],"class_list":["post-59690","mec-events","type-mec-events","status-publish","has-post-thumbnail","hentry","tag-eventi","tag-eventi-fvg","tag-libri","tag-ronchi","tag-storia","mec_category-meeting"],"_links":{"self":[{"href":"https:\/\/imagazine.it\/home_desk\/wp-json\/wp\/v2\/mec-events\/59690","targetHints":{"allow":["GET"]}}],"collection":[{"href":"https:\/\/imagazine.it\/home_desk\/wp-json\/wp\/v2\/mec-events"}],"about":[{"href":"https:\/\/imagazine.it\/home_desk\/wp-json\/wp\/v2\/types\/mec-events"}],"author":[{"embeddable":true,"href":"https:\/\/imagazine.it\/home_desk\/wp-json\/wp\/v2\/users\/28"}],"replies":[{"embeddable":true,"href":"https:\/\/imagazine.it\/home_desk\/wp-json\/wp\/v2\/comments?post=59690"}],"wp:featuredmedia":[{"embeddable":true,"href":"https:\/\/imagazine.it\/home_desk\/wp-json\/wp\/v2\/media\/59692"}],"wp:attachment":[{"href":"https:\/\/imagazine.it\/home_desk\/wp-json\/wp\/v2\/media?parent=59690"}],"wp:term":[{"taxonomy":"post_tag","embeddable":true,"href":"https:\/\/imagazine.it\/home_desk\/wp-json\/wp\/v2\/tags?post=59690"},{"taxonomy":"mec_category","embeddable":true,"href":"https:\/\/imagazine.it\/home_desk\/wp-json\/wp\/v2\/mec_category?post=59690"}],"curies":[{"name":"wp","href":"https:\/\/api.w.org\/{rel}","templated":true}]}}

<p>L&#8217;Associazione Nazionale Marinai d&#8217;Italia di Monfalcone, <strong>sabato 26 ottobre</strong> alle ore 10 presso la Villa Vicentini Miniussi in Piazza Unità d&#8217;Italia 24, sede del Centro Culturale del Monfalconese a <strong>Ronchi dei Legionari</strong>, presenta un ospite di eccezione, lo scrittore <strong>Alessandro Vanoli</strong> con il suo libro &#8220;<em>L&#8217;Invenzione dell&#8217;Occidente</em>&#8220;.</p>
<p>Nel 1494, solo due anni dopo la ‘scoperta dell’America’, a Tordesillas, una piccola località della Castiglia, veniva firmato un trattato tra Spagna e Portogallo che divideva il mondo in due e inventava l’Occidente come spazio, comunità e cultura. Mai nessuno si sarebbe potuto aspettare che una semplice firma avesse conseguenze così gigantesche e durature.</p>
<p>Questa è la storia di come, tra medioevo ed età moderna, le società europee (all’inizio spagnoli e portoghesi in testa) spinsero le proprie ambizioni sempre più verso l’oceano e così facendo trasformarono l’idea che esse avevano dell’Ovest: quella che era una direzione divenne poco alla volta uno spazio pensabile.</p>
<p>È perciò una storia di grandi navigatori e di dibattiti violenti tra geografi, una storia di sfide e di esplorazioni che solcarono l’ignoto. Ma è anche la storia dei dibattiti culturali che ne seguirono e che inventarono e definirono quell’Occidente che prima mancava dalle mappe. E il punto di arrivo di questa storia siamo noi.</p>
<p>In un momento in cui tutto questo appare ormai largamente messo in discussione, forse vale la pena riprendere il discorso da capo e chiedersi come si sia giunti alla nostra idea di Occidente.</p>
<p>Ingresso libero.</p>
