{"id":59588,"date":"2024-10-21T12:39:47","date_gmt":"2024-10-21T10:39:47","guid":{"rendered":"https:\/\/imagazine.it\/home_desk\/?post_type=mec-events&#038;p=59588"},"modified":"2024-10-21T12:39:47","modified_gmt":"2024-10-21T10:39:47","slug":"la-sparanoia","status":"publish","type":"mec-events","link":"https:\/\/imagazine.it\/home_desk\/events\/la-sparanoia\/","title":{"rendered":"La Sparanoia"},"content":{"rendered":"<p>Innesti &#8211; Connessioni teatrali affatto prevedibili alzer\u00e0 il sipario gioved\u00ec\u00a024 (con repliche\u00a0venerd\u00ec\u00a025,\u00a0sabato\u00a026) alle 20.30, alla <strong>Sala Bergamas di Gradisca d&#8217;Isonzo<\/strong>, con <strong><em>La Sparanoia &#8211; Atto unico senza feriti gravi purtroppo<\/em><\/strong>.<\/p>\n<p>Un progetto ideato, scritto e diretto da\u00a0Niccol\u00f2 Fettarappa con\u00a0<strong>Niccol\u00f2 Fettarappa<\/strong> e <strong>Lorenzo Guerrieri <\/strong>e il contributo intellettuale di\u00a0Christian Raimo.<\/p>\n<p><em>La sparanoia<\/em>, prodotto da Sardegna Teatro, Agidi con il sostegno di\u00a0Armunia Teatro, Spazio Zut, Circuito Claps, Officine della cultura, \u00e8 il grido perforante che muore in gola, il ruggito addomesticato delle nuove generazioni.<\/p>\n<p>Non ci sono buone notizie. La Sinistra \u00e8 defunta ed \u00e8 meglio cos\u00ec. I giovani, addomesticati, non trovano pi\u00f9 il piacere di delinquere: vivono a casa, perimetrati da un metro quadro e con l\u2019ossessione dei lavaggi delicati.<\/p>\n<p>Il compagno Niccol\u00f2 si innamora di colonnelli e programma orgasmi in caserma.<\/p>\n<p>La Sparanoia\u00a0\u00e8 il grido perforante che muore in gola, \u00e8 il pianto dei\u00a0serial killer narcolettici e dei bolscevichi da divano. Felice repressione, a tutti. Dal profondo del cuore.<\/p>\n<p>Niccol\u00f2 Fettarappa e Lorenzo Guerrieri sono autori, attori e registi. Tra le realt\u00e0 teatrali giovani pi\u00f9 apprezzate sul panorama nazionale, i loro lavori vengono rappresentati e prodotti da importanti realt\u00e0 teatrali.<\/p>\n<p>Attraverso un uso dinamico del corpo e un\u2019atletica agitata della parola, portano in scena con drammaticit\u00e0 e graffiante ironia i temi pi\u00f9 scomodi del contemporaneo dando voce sulla scena ai conflitti politici di una generazione oppressa e sfruttata, per riaccendere nel pubblico la rabbia rivoluzionaria.<\/p>\n<p>La prevendita dei biglietti sar\u00e0 aperta un&#8217;ora prima dell&#8217;inizio dello spettacolo.<\/p>\n","protected":false},"excerpt":{"rendered":"<p>A Gradisca il grido perforante che muore in gola, il pianto dei serial killer narcolettici e dei bolscevichi da divano<\/p>\n","protected":false},"author":28,"featured_media":59589,"comment_status":"closed","ping_status":"closed","template":"","tags":[261,826,254,821,52],"mec_category":[48],"class_list":["post-59588","mec-events","type-mec-events","status-publish","has-post-thumbnail","hentry","tag-eventi","tag-eventi-fvg","tag-gradisca","tag-spettacoli","tag-teatro","mec_category-classic-art"],"_links":{"self":[{"href":"https:\/\/imagazine.it\/home_desk\/wp-json\/wp\/v2\/mec-events\/59588","targetHints":{"allow":["GET"]}}],"collection":[{"href":"https:\/\/imagazine.it\/home_desk\/wp-json\/wp\/v2\/mec-events"}],"about":[{"href":"https:\/\/imagazine.it\/home_desk\/wp-json\/wp\/v2\/types\/mec-events"}],"author":[{"embeddable":true,"href":"https:\/\/imagazine.it\/home_desk\/wp-json\/wp\/v2\/users\/28"}],"replies":[{"embeddable":true,"href":"https:\/\/imagazine.it\/home_desk\/wp-json\/wp\/v2\/comments?post=59588"}],"wp:featuredmedia":[{"embeddable":true,"href":"https:\/\/imagazine.it\/home_desk\/wp-json\/wp\/v2\/media\/59589"}],"wp:attachment":[{"href":"https:\/\/imagazine.it\/home_desk\/wp-json\/wp\/v2\/media?parent=59588"}],"wp:term":[{"taxonomy":"post_tag","embeddable":true,"href":"https:\/\/imagazine.it\/home_desk\/wp-json\/wp\/v2\/tags?post=59588"},{"taxonomy":"mec_category","embeddable":true,"href":"https:\/\/imagazine.it\/home_desk\/wp-json\/wp\/v2\/mec_category?post=59588"}],"curies":[{"name":"wp","href":"https:\/\/api.w.org\/{rel}","templated":true}]}}

<p>Innesti &#8211; Connessioni teatrali affatto prevedibili alzerà il sipario giovedì 24 (con repliche venerdì 25, sabato 26) alle 20.30, alla <strong>Sala Bergamas di Gradisca d&#8217;Isonzo</strong>, con <strong><em>La Sparanoia &#8211; Atto unico senza feriti gravi purtroppo</em></strong>.</p>
<p>Un progetto ideato, scritto e diretto da Niccolò Fettarappa con <strong>Niccolò Fettarappa</strong> e <strong>Lorenzo Guerrieri </strong>e il contributo intellettuale di Christian Raimo.</p>
<p><em>La sparanoia</em>, prodotto da Sardegna Teatro, Agidi con il sostegno di Armunia Teatro, Spazio Zut, Circuito Claps, Officine della cultura, è il grido perforante che muore in gola, il ruggito addomesticato delle nuove generazioni.</p>
<p>Non ci sono buone notizie. La Sinistra è defunta ed è meglio così. I giovani, addomesticati, non trovano più il piacere di delinquere: vivono a casa, perimetrati da un metro quadro e con l’ossessione dei lavaggi delicati.</p>
<p>Il compagno Niccolò si innamora di colonnelli e programma orgasmi in caserma.</p>
<p>La Sparanoia è il grido perforante che muore in gola, è il pianto dei serial killer narcolettici e dei bolscevichi da divano. Felice repressione, a tutti. Dal profondo del cuore.</p>
<p>Niccolò Fettarappa e Lorenzo Guerrieri sono autori, attori e registi. Tra le realtà teatrali giovani più apprezzate sul panorama nazionale, i loro lavori vengono rappresentati e prodotti da importanti realtà teatrali.</p>
<p>Attraverso un uso dinamico del corpo e un’atletica agitata della parola, portano in scena con drammaticità e graffiante ironia i temi più scomodi del contemporaneo dando voce sulla scena ai conflitti politici di una generazione oppressa e sfruttata, per riaccendere nel pubblico la rabbia rivoluzionaria.</p>
<p>La prevendita dei biglietti sarà aperta un&#8217;ora prima dell&#8217;inizio dello spettacolo.</p>
