{"id":59536,"date":"2024-10-18T17:08:10","date_gmt":"2024-10-18T15:08:10","guid":{"rendered":"https:\/\/imagazine.it\/home_desk\/?post_type=mec-events&#038;p=59536"},"modified":"2024-10-18T17:08:10","modified_gmt":"2024-10-18T15:08:10","slug":"brad-mehldau-in-concerto-in-fvg","status":"publish","type":"mec-events","link":"https:\/\/imagazine.it\/home_desk\/events\/brad-mehldau-in-concerto-in-fvg\/","title":{"rendered":"Brad Mehldau in concerto in FVG"},"content":{"rendered":"<p><span style=\"font-size: 10pt;\"><em>Brad Mehldau (ph. David Bazemore) <\/em><\/span><\/p>\n<p>Anteprima speciale, quella che si regala per i suoi 20 anni il Volo del Jazz di Sacile, che sabato 19 ottobre nel teatro Zancanaro, alle 21, porta una tappa del nuovo tour (in esclusiva italiana) di<strong> Brad Mehldau<\/strong>.<\/p>\n<p>Sul palco in trio, con Felix Moseholm al contrabbasso e Jorge Rossi alla batteria, Mehldau, statunitense classe 1970, \u00e8 uno dei pi\u00f9 rinomati pianisti jazz della sua generazione e una delle voci pi\u00f9 liriche e intime del pianoforte jazz contemporaneo.<\/p>\n<p>Un\u2019artista che ha forgiato un percorso unico, che incarna l\u2019essenza dell\u2019esplorazione jazz, del Romanticismo classico e del fascino pop.<\/p>\n<p>Dal successo di critica come band leader al successo internazionale grazie a collaborazioni con Pat Metheny, Ren\u00e9e Fleming e Joshua Redman, Mehldau continua a raccogliere numerosi premi e ammirazione da parte sia dei puristi del jazz sia degli appassionati di musica.<\/p>\n","protected":false},"excerpt":{"rendered":"<p>\u201cIl pi\u00f9 influente pianista di jazz degli ultimi 20 anni\u201d apre a Sacile, in esclusiva italiana, la 20esima edizione della rassegna<\/p>\n","protected":false},"author":28,"featured_media":59537,"comment_status":"closed","ping_status":"closed","template":"","tags":[861,261,826,281,55,1159],"mec_category":[99],"class_list":["post-59536","mec-events","type-mec-events","status-publish","has-post-thumbnail","hentry","tag-concerti","tag-eventi","tag-eventi-fvg","tag-jazz","tag-musica","tag-sacile","mec_category-music"],"_links":{"self":[{"href":"https:\/\/imagazine.it\/home_desk\/wp-json\/wp\/v2\/mec-events\/59536","targetHints":{"allow":["GET"]}}],"collection":[{"href":"https:\/\/imagazine.it\/home_desk\/wp-json\/wp\/v2\/mec-events"}],"about":[{"href":"https:\/\/imagazine.it\/home_desk\/wp-json\/wp\/v2\/types\/mec-events"}],"author":[{"embeddable":true,"href":"https:\/\/imagazine.it\/home_desk\/wp-json\/wp\/v2\/users\/28"}],"replies":[{"embeddable":true,"href":"https:\/\/imagazine.it\/home_desk\/wp-json\/wp\/v2\/comments?post=59536"}],"wp:featuredmedia":[{"embeddable":true,"href":"https:\/\/imagazine.it\/home_desk\/wp-json\/wp\/v2\/media\/59537"}],"wp:attachment":[{"href":"https:\/\/imagazine.it\/home_desk\/wp-json\/wp\/v2\/media?parent=59536"}],"wp:term":[{"taxonomy":"post_tag","embeddable":true,"href":"https:\/\/imagazine.it\/home_desk\/wp-json\/wp\/v2\/tags?post=59536"},{"taxonomy":"mec_category","embeddable":true,"href":"https:\/\/imagazine.it\/home_desk\/wp-json\/wp\/v2\/mec_category?post=59536"}],"curies":[{"name":"wp","href":"https:\/\/api.w.org\/{rel}","templated":true}]}}

<p><span style="font-size: 10pt;"><em>Brad Mehldau (ph. David Bazemore) </em></span></p>
<p>Anteprima speciale, quella che si regala per i suoi 20 anni il Volo del Jazz di Sacile, che sabato 19 ottobre nel teatro Zancanaro, alle 21, porta una tappa del nuovo tour (in esclusiva italiana) di<strong> Brad Mehldau</strong>.</p>
<p>Sul palco in trio, con Felix Moseholm al contrabbasso e Jorge Rossi alla batteria, Mehldau, statunitense classe 1970, è uno dei più rinomati pianisti jazz della sua generazione e una delle voci più liriche e intime del pianoforte jazz contemporaneo.</p>
<p>Un’artista che ha forgiato un percorso unico, che incarna l’essenza dell’esplorazione jazz, del Romanticismo classico e del fascino pop.</p>
<p>Dal successo di critica come band leader al successo internazionale grazie a collaborazioni con Pat Metheny, Renée Fleming e Joshua Redman, Mehldau continua a raccogliere numerosi premi e ammirazione da parte sia dei puristi del jazz sia degli appassionati di musica.</p>

<p>“Il più influente pianista di jazz degli ultimi 20 anni” apre a Sacile, in esclusiva italiana, la 20esima edizione della rassegna</p>
