{"id":59326,"date":"2024-10-11T18:14:42","date_gmt":"2024-10-11T16:14:42","guid":{"rendered":"https:\/\/imagazine.it\/home_desk\/?post_type=mec-events&#038;p=59326"},"modified":"2024-10-11T18:14:42","modified_gmt":"2024-10-11T16:14:42","slug":"a-cervignano-il-primo-convegno-regionale-sulla-micologia","status":"publish","type":"mec-events","link":"https:\/\/imagazine.it\/home_desk\/events\/a-cervignano-il-primo-convegno-regionale-sulla-micologia\/","title":{"rendered":"A Cervignano il primo convegno regionale sulla micologia"},"content":{"rendered":"<p>L&#8217;<strong>Associazione<\/strong> <strong>Micologica Bassa Friulana APS<\/strong>, in collaborazione con la Federazione Regionale Gruppi Micologici del Friuli Venezia Giulia, con il patrocinio della Regione Friuli Venezia Giulia e del Comune di Cervignano del Friuli, ha organizzato il Primo Convegno Regionale sulla Micologia incentrato su &#8220;<em>Biodiversit\u00e0 ed Ecologia dei Funghi<\/em>&#8220;.<\/p>\n<p>L&#8217;evento si terr\u00e0 gioved\u00ec 31 ottobre 2024, a partire dalle ore 9.30, presso la Casa della Musica, con entrata solo su prenotazione.<\/p>\n<p>Come anticipa l\u2019ideatore <strong>Giuliano Ferisin<\/strong>, il convegno si propone di creare un&#8217;opportunit\u00e0 di scambio e confronto tra diverse realt\u00e0 scientifiche, con l&#8217;obiettivo di approfondire il ruolo dei funghi negli ecosistemi.<\/p>\n<p>Si inizier\u00e0 la giornata esplorando la biodiversit\u00e0 micologica delle aree golenali del fiume Isonzo, un habitat unico e ricco di sorprese.<\/p>\n<p>Successivamente, ci si addentrer\u00e0 nell&#8217;affascinante mondo del trofismo fungino, scoprendo come questi organismi si nutrono e interagiscono con l&#8217;ambiente circostante.<\/p>\n<p>A seguire si affronteranno temi come l&#8217;impatto dell&#8217;espansione dei boschi sulla biodiversit\u00e0 fungina e il ruolo dei funghi nel contrastare i cambiamenti climatici.<\/p>\n<p>Nel pomeriggio ci si concentrer\u00e0 su aspetti pi\u00f9 applicativi, come la lotta biologica alle malattie fungine e la gestione forestale sostenibile.<\/p>\n<p>Si scoprir\u00e0 come i funghi possono essere utilizzati per proteggere le piante e come le scelte di gestione forestale possono influenzare la biodiversit\u00e0 micologica.<\/p>\n<p>Non mancheranno approfondimenti su organismi meno conosciuti, come i mixomiceti e i microfunghi associati ai licheni, veri e propri esploratori degli ambienti estremi.<\/p>\n<p>Sul palco si alterneranno autorevoli esperti <strong>provenienti da tutta Italia<\/strong>, portando con s\u00e9 un bagaglio di conoscenze e esperienze unico nel suo genere. La loro partecipazione conferir\u00e0 prestigio all&#8217;evento e garantir\u00e0 un approfondimento scientifico di altissimo livello.<\/p>\n<p><em>Livio Nonis<\/em><\/p>\n","protected":false},"excerpt":{"rendered":"<p>Autorevoli esperti provenienti da tutta Italia si confronteranno sul tema &#8220;Biodiversit\u00e0 ed Ecologia dei Funghi&#8221;<\/p>\n","protected":false},"author":22,"featured_media":59327,"comment_status":"closed","ping_status":"closed","template":"","tags":[119,2506,1521,1522],"mec_category":[59],"class_list":["post-59326","mec-events","type-mec-events","status-publish","has-post-thumbnail","hentry","tag-cervignano","tag-convegno","tag-funghi","tag-micologia","mec_category-meeting"],"_links":{"self":[{"href":"https:\/\/imagazine.it\/home_desk\/wp-json\/wp\/v2\/mec-events\/59326","targetHints":{"allow":["GET"]}}],"collection":[{"href":"https:\/\/imagazine.it\/home_desk\/wp-json\/wp\/v2\/mec-events"}],"about":[{"href":"https:\/\/imagazine.it\/home_desk\/wp-json\/wp\/v2\/types\/mec-events"}],"author":[{"embeddable":true,"href":"https:\/\/imagazine.it\/home_desk\/wp-json\/wp\/v2\/users\/22"}],"replies":[{"embeddable":true,"href":"https:\/\/imagazine.it\/home_desk\/wp-json\/wp\/v2\/comments?post=59326"}],"wp:featuredmedia":[{"embeddable":true,"href":"https:\/\/imagazine.it\/home_desk\/wp-json\/wp\/v2\/media\/59327"}],"wp:attachment":[{"href":"https:\/\/imagazine.it\/home_desk\/wp-json\/wp\/v2\/media?parent=59326"}],"wp:term":[{"taxonomy":"post_tag","embeddable":true,"href":"https:\/\/imagazine.it\/home_desk\/wp-json\/wp\/v2\/tags?post=59326"},{"taxonomy":"mec_category","embeddable":true,"href":"https:\/\/imagazine.it\/home_desk\/wp-json\/wp\/v2\/mec_category?post=59326"}],"curies":[{"name":"wp","href":"https:\/\/api.w.org\/{rel}","templated":true}]}}

<p>L&#8217;<strong>Associazione</strong> <strong>Micologica Bassa Friulana APS</strong>, in collaborazione con la Federazione Regionale Gruppi Micologici del Friuli Venezia Giulia, con il patrocinio della Regione Friuli Venezia Giulia e del Comune di Cervignano del Friuli, ha organizzato il Primo Convegno Regionale sulla Micologia incentrato su &#8220;<em>Biodiversità ed Ecologia dei Funghi</em>&#8220;.</p>
<p>L&#8217;evento si terrà giovedì 31 ottobre 2024, a partire dalle ore 9.30, presso la Casa della Musica, con entrata solo su prenotazione.</p>
<p>Come anticipa l’ideatore <strong>Giuliano Ferisin</strong>, il convegno si propone di creare un&#8217;opportunità di scambio e confronto tra diverse realtà scientifiche, con l&#8217;obiettivo di approfondire il ruolo dei funghi negli ecosistemi.</p>
<p>Si inizierà la giornata esplorando la biodiversità micologica delle aree golenali del fiume Isonzo, un habitat unico e ricco di sorprese.</p>
<p>Successivamente, ci si addentrerà nell&#8217;affascinante mondo del trofismo fungino, scoprendo come questi organismi si nutrono e interagiscono con l&#8217;ambiente circostante.</p>
<p>A seguire si affronteranno temi come l&#8217;impatto dell&#8217;espansione dei boschi sulla biodiversità fungina e il ruolo dei funghi nel contrastare i cambiamenti climatici.</p>
<p>Nel pomeriggio ci si concentrerà su aspetti più applicativi, come la lotta biologica alle malattie fungine e la gestione forestale sostenibile.</p>
<p>Si scoprirà come i funghi possono essere utilizzati per proteggere le piante e come le scelte di gestione forestale possono influenzare la biodiversità micologica.</p>
<p>Non mancheranno approfondimenti su organismi meno conosciuti, come i mixomiceti e i microfunghi associati ai licheni, veri e propri esploratori degli ambienti estremi.</p>
<p>Sul palco si alterneranno autorevoli esperti <strong>provenienti da tutta Italia</strong>, portando con sé un bagaglio di conoscenze e esperienze unico nel suo genere. La loro partecipazione conferirà prestigio all&#8217;evento e garantirà un approfondimento scientifico di altissimo livello.</p>
<p><em>Livio Nonis</em></p>

<p>Autorevoli esperti provenienti da tutta Italia si confronteranno sul tema &#8220;Biodiversità ed Ecologia dei Funghi&#8221;</p>
