{"id":59288,"date":"2024-10-10T11:03:55","date_gmt":"2024-10-10T09:03:55","guid":{"rendered":"https:\/\/imagazine.it\/home_desk\/?post_type=mec-events&#038;p=59288"},"modified":"2024-10-10T11:03:55","modified_gmt":"2024-10-10T09:03:55","slug":"killing-klub-in-concerto-alla-barcolana","status":"publish","type":"mec-events","link":"https:\/\/imagazine.it\/home_desk\/events\/killing-klub-in-concerto-alla-barcolana\/","title":{"rendered":"Killing Klub in concerto alla Barcolana"},"content":{"rendered":"<p>Alla Barcolana 56 quest&#8217;anno parteciperanno anche i <span style=\"text-decoration: underline;\"><a href=\"https:\/\/imagazine.it\/home_desk\/esce-il-primo-singolo-dei-killing-klub\/\"><strong>Killing Klub<\/strong>, una tra le pi\u00f9 giovani rock band del Friuli Venezia Giulia<\/a><\/span>, che per la prima volta rappresenteranno la bassa friulana a Trieste.<\/p>\n<p>Sono stati scelti da BarcolanaCultura per portare la loro giovane musica ed energia in <strong>sala Luttazzi<\/strong>, <strong>sabato 12 ottobre <\/strong>alle<strong> ore 20.30<\/strong>.<\/p>\n<p>Il concerto alla Barcolana sar\u00e0 la prima esperienza live di questo genere della band, che si trover\u00e0 a suonare nel Porto Vecchio, nella zona recentemente rinnovata del Magazzino 26.<\/p>\n<p>I Killing Klub hanno gi\u00e0 suonato quest&#8217;anno in una trentina di live, dai motoraduni agli eventi a scopo benefico, senza tralasciare sagre e festival musicali.<\/p>\n<p>Nel corso degli ultimi due anni hanno maturato importanti esperienze live che hanno plasmato la loro personalit\u00e0 musicale, rendendoli pi\u00f9 sicuri di s\u00e9 sul palco e decisi nella scelta del genere che intendono perseguire.<\/p>\n<p>Oltre a interpretare molte cover di brani rock, i ragazzi hanno composto gi\u00e0 sette brani propri, di cui uno registrato a gennaio, intitolato <em>Slaves of Reality<\/em> e pubblicato su tutte le piattaforme musicali.<\/p>\n<p>Tra i concerti del 2024 si annoverano anche i live in Piazza Grande a Palmanova, la Fieste dai Borcs a Jalmicco, Fusi di Rock, Festa dello Sport di Flumignano, la Festa dall\u2019Uva a Corm\u00f2ns e i Festeggiamenti Settembrini a Mortegliano.<\/p>\n<p>Dopo l&#8217;esperienza alla Barcolana, a novembre si potranno ascoltare il 3 alla Fiera di San Carlo ad Aiello del Friuli e il 16 alla Fiera di Sant&#8217; Elisabetta a Romans d&#8217;Isonzo.<\/p>\n<p><em>Livio Nonis<\/em><\/p>\n","protected":false},"excerpt":{"rendered":"<p>La giovane band della bassa friulana protagonista sabato sera in sala Luttazzi di Porto Vecchio <\/p>\n","protected":false},"author":22,"featured_media":59289,"comment_status":"closed","ping_status":"closed","template":"","tags":[1501,861,261,826,55,65],"mec_category":[99],"class_list":["post-59288","mec-events","type-mec-events","status-publish","has-post-thumbnail","hentry","tag-barcolana","tag-concerti","tag-eventi","tag-eventi-fvg","tag-musica","tag-trieste","mec_category-music"],"_links":{"self":[{"href":"https:\/\/imagazine.it\/home_desk\/wp-json\/wp\/v2\/mec-events\/59288","targetHints":{"allow":["GET"]}}],"collection":[{"href":"https:\/\/imagazine.it\/home_desk\/wp-json\/wp\/v2\/mec-events"}],"about":[{"href":"https:\/\/imagazine.it\/home_desk\/wp-json\/wp\/v2\/types\/mec-events"}],"author":[{"embeddable":true,"href":"https:\/\/imagazine.it\/home_desk\/wp-json\/wp\/v2\/users\/22"}],"replies":[{"embeddable":true,"href":"https:\/\/imagazine.it\/home_desk\/wp-json\/wp\/v2\/comments?post=59288"}],"wp:featuredmedia":[{"embeddable":true,"href":"https:\/\/imagazine.it\/home_desk\/wp-json\/wp\/v2\/media\/59289"}],"wp:attachment":[{"href":"https:\/\/imagazine.it\/home_desk\/wp-json\/wp\/v2\/media?parent=59288"}],"wp:term":[{"taxonomy":"post_tag","embeddable":true,"href":"https:\/\/imagazine.it\/home_desk\/wp-json\/wp\/v2\/tags?post=59288"},{"taxonomy":"mec_category","embeddable":true,"href":"https:\/\/imagazine.it\/home_desk\/wp-json\/wp\/v2\/mec_category?post=59288"}],"curies":[{"name":"wp","href":"https:\/\/api.w.org\/{rel}","templated":true}]}}

<p>Alla Barcolana 56 quest&#8217;anno parteciperanno anche i <span style="text-decoration: underline;"><a href="https://imagazine.it/home_desk/esce-il-primo-singolo-dei-killing-klub/"><strong>Killing Klub</strong>, una tra le più giovani rock band del Friuli Venezia Giulia</a></span>, che per la prima volta rappresenteranno la bassa friulana a Trieste.</p>
<p>Sono stati scelti da BarcolanaCultura per portare la loro giovane musica ed energia in <strong>sala Luttazzi</strong>, <strong>sabato 12 ottobre </strong>alle<strong> ore 20.30</strong>.</p>
<p>Il concerto alla Barcolana sarà la prima esperienza live di questo genere della band, che si troverà a suonare nel Porto Vecchio, nella zona recentemente rinnovata del Magazzino 26.</p>
<p>I Killing Klub hanno già suonato quest&#8217;anno in una trentina di live, dai motoraduni agli eventi a scopo benefico, senza tralasciare sagre e festival musicali.</p>
<p>Nel corso degli ultimi due anni hanno maturato importanti esperienze live che hanno plasmato la loro personalità musicale, rendendoli più sicuri di sé sul palco e decisi nella scelta del genere che intendono perseguire.</p>
<p>Oltre a interpretare molte cover di brani rock, i ragazzi hanno composto già sette brani propri, di cui uno registrato a gennaio, intitolato <em>Slaves of Reality</em> e pubblicato su tutte le piattaforme musicali.</p>
<p>Tra i concerti del 2024 si annoverano anche i live in Piazza Grande a Palmanova, la Fieste dai Borcs a Jalmicco, Fusi di Rock, Festa dello Sport di Flumignano, la Festa dall’Uva a Cormòns e i Festeggiamenti Settembrini a Mortegliano.</p>
<p>Dopo l&#8217;esperienza alla Barcolana, a novembre si potranno ascoltare il 3 alla Fiera di San Carlo ad Aiello del Friuli e il 16 alla Fiera di Sant&#8217; Elisabetta a Romans d&#8217;Isonzo.</p>
<p><em>Livio Nonis</em></p>
