{"id":59193,"date":"2024-10-07T17:06:30","date_gmt":"2024-10-07T15:06:30","guid":{"rendered":"https:\/\/imagazine.it\/home_desk\/?post_type=mec-events&#038;p=59193"},"modified":"2024-10-07T17:06:30","modified_gmt":"2024-10-07T15:06:30","slug":"trieste-e-il-mare","status":"publish","type":"mec-events","link":"https:\/\/imagazine.it\/home_desk\/events\/trieste-e-il-mare\/","title":{"rendered":"Trieste \u00e8 il mare"},"content":{"rendered":"<p>Gioved\u00ec 10 ottobre alle ore 20 al Teatro Miela verr\u00e0 proposto lo spettacolo <em>Trieste \u00e8 il mare<\/em>, una coproduzione\u00a0<strong>Bonawentura, Teatro La Contrada, Teatro Stabile Sloveno,<\/strong> in collaborazione con Barcolana56.<\/p>\n<p>Un testo a cura di\u00a0<strong>Stefano Dongetti,<\/strong> con la collaborazione di<strong>\u00a0<\/strong><strong>Lino Marrazzo che ne cura la regia,<\/strong> con\u00a0<strong>Ariella Reggio, Alessandro Mizzi, Ilija Ota e le<\/strong> musiche\u00a0<strong>Enza De Rose, Ilija Ota<\/strong><strong>, <\/strong>videomaker\u00a0<strong>Mario Bobbio<\/strong>.<\/p>\n<p>Lo spettacolo potrebbe anche chiamarsi \u201c<em>Il mare \u00e8 Trieste<\/em>\u201d visto quanto indissolubili e dipendenti sono le due realt\u00e0.<\/p>\n<p>Uno spettacolo nato e concepito per raccogliere, nell\u2019arco di un\u2019ora, il significato che ne d\u00e0 la gente comune, i personaggi legati economicamente, lavorativamente e sportivamente a questo dualismo ma soprattutto l\u2019interpretazione attraverso poeti, letterati che nelle loro parole hanno voluto esprimere l\u2019essenza di una citt\u00e0 abituata a respirare e vivere attraverso l\u2019abbraccio del suo mare.<\/p>\n","protected":false},"excerpt":{"rendered":"<p>Uno spettacolo nato e concepito per raccogliere, nell\u2019arco di un\u2019ora, il significato che la gente comune d\u00e0 a questo legame<\/p>\n","protected":false},"author":28,"featured_media":59194,"comment_status":"closed","ping_status":"closed","template":"","tags":[261,826,175,821,52,65],"mec_category":[48],"class_list":["post-59193","mec-events","type-mec-events","status-publish","has-post-thumbnail","hentry","tag-eventi","tag-eventi-fvg","tag-mare","tag-spettacoli","tag-teatro","tag-trieste","mec_category-classic-art"],"_links":{"self":[{"href":"https:\/\/imagazine.it\/home_desk\/wp-json\/wp\/v2\/mec-events\/59193","targetHints":{"allow":["GET"]}}],"collection":[{"href":"https:\/\/imagazine.it\/home_desk\/wp-json\/wp\/v2\/mec-events"}],"about":[{"href":"https:\/\/imagazine.it\/home_desk\/wp-json\/wp\/v2\/types\/mec-events"}],"author":[{"embeddable":true,"href":"https:\/\/imagazine.it\/home_desk\/wp-json\/wp\/v2\/users\/28"}],"replies":[{"embeddable":true,"href":"https:\/\/imagazine.it\/home_desk\/wp-json\/wp\/v2\/comments?post=59193"}],"wp:featuredmedia":[{"embeddable":true,"href":"https:\/\/imagazine.it\/home_desk\/wp-json\/wp\/v2\/media\/59194"}],"wp:attachment":[{"href":"https:\/\/imagazine.it\/home_desk\/wp-json\/wp\/v2\/media?parent=59193"}],"wp:term":[{"taxonomy":"post_tag","embeddable":true,"href":"https:\/\/imagazine.it\/home_desk\/wp-json\/wp\/v2\/tags?post=59193"},{"taxonomy":"mec_category","embeddable":true,"href":"https:\/\/imagazine.it\/home_desk\/wp-json\/wp\/v2\/mec_category?post=59193"}],"curies":[{"name":"wp","href":"https:\/\/api.w.org\/{rel}","templated":true}]}}

Trieste è il mare

<p>Giovedì 10 ottobre alle ore 20 al Teatro Miela verrà proposto lo spettacolo <em>Trieste è il mare</em>, una coproduzione <strong>Bonawentura, Teatro La Contrada, Teatro Stabile Sloveno,</strong> in collaborazione con Barcolana56.</p>
<p>Un testo a cura di <strong>Stefano Dongetti,</strong> con la collaborazione di<strong> </strong><strong>Lino Marrazzo che ne cura la regia,</strong> con <strong>Ariella Reggio, Alessandro Mizzi, Ilija Ota e le</strong> musiche <strong>Enza De Rose, Ilija Ota</strong><strong>, </strong>videomaker <strong>Mario Bobbio</strong>.</p>
<p>Lo spettacolo potrebbe anche chiamarsi “<em>Il mare è Trieste</em>” visto quanto indissolubili e dipendenti sono le due realtà.</p>
<p>Uno spettacolo nato e concepito per raccogliere, nell’arco di un’ora, il significato che ne dà la gente comune, i personaggi legati economicamente, lavorativamente e sportivamente a questo dualismo ma soprattutto l’interpretazione attraverso poeti, letterati che nelle loro parole hanno voluto esprimere l’essenza di una città abituata a respirare e vivere attraverso l’abbraccio del suo mare.</p>

<p>Uno spettacolo nato e concepito per raccogliere, nell’arco di un’ora, il significato che la gente comune dà a questo legame</p>
