{"id":58977,"date":"2024-09-30T13:03:17","date_gmt":"2024-09-30T11:03:17","guid":{"rendered":"https:\/\/imagazine.it\/home_desk\/?post_type=mec-events&#038;p=58977"},"modified":"2024-09-30T13:03:17","modified_gmt":"2024-09-30T11:03:17","slug":"vladimir-luxuria-apre-la-stagione-della-contrada","status":"publish","type":"mec-events","link":"https:\/\/imagazine.it\/home_desk\/events\/vladimir-luxuria-apre-la-stagione-della-contrada\/","title":{"rendered":"Vladimir Luxuria apre la stagione della Contrada"},"content":{"rendered":"<p><span style=\"font-size: large;\">Si alza il sipario della Contrada con il primo Evento Speciale di questa stagione, venerd\u00ec 4 ottobre, alle 20.30,\u00a0<b><i>Princesa\u00a0<\/i><\/b>di Fabrizio Coniglio e con il noto personaggio televisivo <strong>Vladimir Luxuria<\/strong> che ripropone la storia vera della transessuale brasiliana Fernanda Farias de Albuquerque, resa nota dalla musica e dal testo di Fabrizio De Andr\u00e9 nel 1996 e dall&#8217;autobiografia scritta con Maurizio Iannelli (pubblicata da Sensibili alle foglie nel 1994).\u00a0Vladimir Luxuria regaler\u00e0 al pubblico le emozioni e le malinconie di Princesa che ha purtroppo vissuto anche lei, in parte, sulla sua pelle.<\/span><\/p>\n<p><span style=\"font-size: large;\">Principessa \u00e8 un ragazzino che non si riconosce nel proprio corpo e, fin da piccola, desidera essere una ragazza: si trucca, gioca con le bambole, vuole disperatamente essere altro (altra). Inizia cos\u00ec. un viaggio difficile e sofferto, che parte da un paese rurale del Brasile, per arrivare alle metropoli brasiliane ed europee, alla ricerca della propria identit\u00e0 sessuale. Nella sua vita cadr\u00e0 vittima di droga, alcolismo, prostituzione. Un incontro importante, per\u00f2, avverr\u00e0 in carcere, quando conosce un vicino di cella, Giovanni, da cui nascer\u00e0 un amore platonico che la salver\u00e0, almeno in parte, da quell&#8217;inferno.<\/span><\/p>\n<p><span style=\"font-size: large;\">Per lo spettacolo teatrale, scritto e diretto da Fabrizio Coniglio, si sono prese le parole della stessa\u00a0<i>Princesa<\/i>, che ha scritto un\u2019autobiografia con Maurizio Iannelli durante un comune periodo nel carcere di Rebibbia.\u00a0<\/span><\/p>\n<p><span style=\"font-size: large;\">Vladimir Luxuria ha inoltre spiegato: \u00abPer realizzare il suo sogno,\u00a0<i>Princesa<\/i>\u00a0ha dovuto combattere contro tanti mostri, quello della violenza sessuale, perch\u00e9 \u00e8 stato abusato da bambino, quello della discriminazione, e purtroppo il mostro della solitudine, che spesso come effetto ha anche il perdersi prima nell\u2019alcol e poi nella droga. E infine, come se non bastasse, la sieropositivit\u00e0.\u00bb<\/span><\/p>\n<p><span style=\"font-size: large;\">L\u2019ex conduttrice de\u00a0<i>L\u2019Isola dei Famosi<\/i>\u00a0non ha mai incontrato personalmente\u00a0<i>Princesa<\/i>, ma l\u2019ha conosciuta tramite il libro gi\u00e0 citato e tramite una canzone che Fabrizio De Andr\u00e9 le aveva dedicato nel disco\u00a0<i>Anime Salve<\/i>. Ha spiegato a\u00a0<i>TgCom24<\/i>: \u00abIo ho vissuto come Fernanda, ho sperimentato di tutto, dall\u2019insulto alle botte, ma ho avuto la fortuna di avere un carattere forte, di avere anche un sostegno familiare, una solidariet\u00e0 tra amici\u00bb.<\/span><\/p>\n<p><span style=\"font-size: large;\"><i>Princesa<\/i>, invece, \u00abnon \u00e8 riuscita a superare la violenza che ha incontrato sul suo cammino e alla fine ha deciso di dire addio alla sua vita. Quindi forse\u00a0il messaggio che vorrei trasmettere io \u00e8: mai pi\u00f9 \u201cprincese\u201d, mai pi\u00f9 vittime di quella solitudine.\u00bb<\/span><\/p>\n<p><span style=\"font-size: large;\">Lo spettacolo, tutto tratto da lettere autentiche, si svolge in carcere, dove il pubblico diventa testimone dei sogni, delle malinconie della protagonista, che trover\u00e0 conforto grazie al rapporto che ha, soltanto dalla sua finestra, col suo vicino di cella, con cui nascer\u00e0 un amore platonico che la salver\u00e0 dall&#8217;inferno.<\/span><\/p>\n","protected":false},"excerpt":{"rendered":"<p>Al Bobbio in scena Princesa: la storia vera della transessuale brasiliana resa nota dalla musica e dal testo di Fabrizio De Andr\u00e9<\/p>\n","protected":false},"author":28,"featured_media":58978,"comment_status":"closed","ping_status":"closed","template":"","tags":[492,261,826,2480,821,52,65],"mec_category":[48],"class_list":["post-58977","mec-events","type-mec-events","status-publish","has-post-thumbnail","hentry","tag-contrada","tag-eventi","tag-eventi-fvg","tag-luxuria","tag-spettacoli","tag-teatro","tag-trieste","mec_category-classic-art"],"_links":{"self":[{"href":"https:\/\/imagazine.it\/home_desk\/wp-json\/wp\/v2\/mec-events\/58977","targetHints":{"allow":["GET"]}}],"collection":[{"href":"https:\/\/imagazine.it\/home_desk\/wp-json\/wp\/v2\/mec-events"}],"about":[{"href":"https:\/\/imagazine.it\/home_desk\/wp-json\/wp\/v2\/types\/mec-events"}],"author":[{"embeddable":true,"href":"https:\/\/imagazine.it\/home_desk\/wp-json\/wp\/v2\/users\/28"}],"replies":[{"embeddable":true,"href":"https:\/\/imagazine.it\/home_desk\/wp-json\/wp\/v2\/comments?post=58977"}],"wp:featuredmedia":[{"embeddable":true,"href":"https:\/\/imagazine.it\/home_desk\/wp-json\/wp\/v2\/media\/58978"}],"wp:attachment":[{"href":"https:\/\/imagazine.it\/home_desk\/wp-json\/wp\/v2\/media?parent=58977"}],"wp:term":[{"taxonomy":"post_tag","embeddable":true,"href":"https:\/\/imagazine.it\/home_desk\/wp-json\/wp\/v2\/tags?post=58977"},{"taxonomy":"mec_category","embeddable":true,"href":"https:\/\/imagazine.it\/home_desk\/wp-json\/wp\/v2\/mec_category?post=58977"}],"curies":[{"name":"wp","href":"https:\/\/api.w.org\/{rel}","templated":true}]}}

<p><span style="font-size: large;">Si alza il sipario della Contrada con il primo Evento Speciale di questa stagione, venerdì 4 ottobre, alle 20.30, <b><i>Princesa </i></b>di Fabrizio Coniglio e con il noto personaggio televisivo <strong>Vladimir Luxuria</strong> che ripropone la storia vera della transessuale brasiliana Fernanda Farias de Albuquerque, resa nota dalla musica e dal testo di Fabrizio De André nel 1996 e dall&#8217;autobiografia scritta con Maurizio Iannelli (pubblicata da Sensibili alle foglie nel 1994). Vladimir Luxuria regalerà al pubblico le emozioni e le malinconie di Princesa che ha purtroppo vissuto anche lei, in parte, sulla sua pelle.</span></p>
<p><span style="font-size: large;">Principessa è un ragazzino che non si riconosce nel proprio corpo e, fin da piccola, desidera essere una ragazza: si trucca, gioca con le bambole, vuole disperatamente essere altro (altra). Inizia così. un viaggio difficile e sofferto, che parte da un paese rurale del Brasile, per arrivare alle metropoli brasiliane ed europee, alla ricerca della propria identità sessuale. Nella sua vita cadrà vittima di droga, alcolismo, prostituzione. Un incontro importante, però, avverrà in carcere, quando conosce un vicino di cella, Giovanni, da cui nascerà un amore platonico che la salverà, almeno in parte, da quell&#8217;inferno.</span></p>
<p><span style="font-size: large;">Per lo spettacolo teatrale, scritto e diretto da Fabrizio Coniglio, si sono prese le parole della stessa <i>Princesa</i>, che ha scritto un’autobiografia con Maurizio Iannelli durante un comune periodo nel carcere di Rebibbia. </span></p>
<p><span style="font-size: large;">Vladimir Luxuria ha inoltre spiegato: «Per realizzare il suo sogno, <i>Princesa</i> ha dovuto combattere contro tanti mostri, quello della violenza sessuale, perché è stato abusato da bambino, quello della discriminazione, e purtroppo il mostro della solitudine, che spesso come effetto ha anche il perdersi prima nell’alcol e poi nella droga. E infine, come se non bastasse, la sieropositività.»</span></p>
<p><span style="font-size: large;">L’ex conduttrice de <i>L’Isola dei Famosi</i> non ha mai incontrato personalmente <i>Princesa</i>, ma l’ha conosciuta tramite il libro già citato e tramite una canzone che Fabrizio De André le aveva dedicato nel disco <i>Anime Salve</i>. Ha spiegato a <i>TgCom24</i>: «Io ho vissuto come Fernanda, ho sperimentato di tutto, dall’insulto alle botte, ma ho avuto la fortuna di avere un carattere forte, di avere anche un sostegno familiare, una solidarietà tra amici».</span></p>
<p><span style="font-size: large;"><i>Princesa</i>, invece, «non è riuscita a superare la violenza che ha incontrato sul suo cammino e alla fine ha deciso di dire addio alla sua vita. Quindi forse il messaggio che vorrei trasmettere io è: mai più “princese”, mai più vittime di quella solitudine.»</span></p>
<p><span style="font-size: large;">Lo spettacolo, tutto tratto da lettere autentiche, si svolge in carcere, dove il pubblico diventa testimone dei sogni, delle malinconie della protagonista, che troverà conforto grazie al rapporto che ha, soltanto dalla sua finestra, col suo vicino di cella, con cui nascerà un amore platonico che la salverà dall&#8217;inferno.</span></p>

<p>Al Bobbio in scena Princesa: la storia vera della transessuale brasiliana resa nota dalla musica e dal testo di Fabrizio De André</p>
