{"id":58924,"date":"2024-09-27T15:30:15","date_gmt":"2024-09-27T13:30:15","guid":{"rendered":"https:\/\/imagazine.it\/home_desk\/?post_type=mec-events&#038;p=58924"},"modified":"2024-09-27T15:30:15","modified_gmt":"2024-09-27T13:30:15","slug":"uniti-contro-la-sla","status":"publish","type":"mec-events","link":"https:\/\/imagazine.it\/home_desk\/events\/uniti-contro-la-sla\/","title":{"rendered":"Uniti contro la SLA"},"content":{"rendered":"<p><strong>Progetto Futuro<\/strong> rinnova anche quest&#8217;anno il suo impegno nella lotta alla sclerosi laterale amiotrofica (SLA), presentando la nona edizione di <strong><em>&#8216;Uniti contro la Sla&#8217;<\/em><\/strong>.<\/p>\n<p>Dedicato alla memoria di <strong>Mauro Zanchin<\/strong>, il giovane scomparso a causa di questa malattia, l&#8217;evento si terr\u00e0 <strong>sabato 5 ottobre<\/strong>, dalle 9 alle 15, presso la loggia del Municipio.<\/p>\n<p>L&#8217;iniziativa, promossa dal sodalizio e sostenuta dal Comune di Cervignano e dalla BCC Venezia Giulia, si svolger\u00e0 secondo la formula ormai consolidata: un banchetto dove sar\u00e0 possibile ricevere gadget in cambio di una donazione. L&#8217;intero ricavato sar\u00e0 destinato ad AISLA FVG per supportare i pazienti affetti da SLA.<\/p>\n<p>Progetto Futuro invita a sostenere la lotta alla SLA anche attraverso un bonifico bancario (IBAN: IT 61 Z 0887 71240 000000000706868, BCC Venezia Giulia, filiale di Gorizia, causale: UNITI CONTRO LA SLA ED. 9).<\/p>\n<p>Le attivit\u00e0 commerciali interessate a ospitare una cassettina per le offerte possono contattare l&#8217;associazione o al numero\u00a0 3248877633. Come sottolinea il presidente Luca Furios, ogni gesto di solidariet\u00e0, dal contributo economico alla partecipazione attiva, fa la differenza nella vita di chi combatte questa malattia.<\/p>\n<p>La nona edizione di \u201cUniti contro la Sla\u201d si concluder\u00e0 <strong>venerd\u00ec 8 novembre<\/strong> alle ore 18.30 presso l\u2019Hostaria al Porto di Cervignano, dove verr\u00e0 organizzato un aperitivo solidale dedicato alla compianta <strong>Nadia Narduzzi<\/strong>, gi\u00e0 presidente di Aisla FVG, che da pochi mesi ci ha lasciati.<\/p>\n<figure id=\"attachment_58926\" aria-describedby=\"caption-attachment-58926\" style=\"width: 800px\" class=\"wp-caption aligncenter\"><img loading=\"lazy\" decoding=\"async\" class=\"size-full wp-image-58926\" src=\"https:\/\/imagazine.it\/wp-content\/uploads\/2024\/09\/foto-uniti-contro-la-sla.jpg\" alt=\"\" width=\"800\" height=\"855\" title=\"\" srcset=\"https:\/\/imagazine.it\/wp-content\/uploads\/2024\/09\/foto-uniti-contro-la-sla.jpg 800w, https:\/\/imagazine.it\/wp-content\/uploads\/2024\/09\/foto-uniti-contro-la-sla-281x300.jpg 281w, https:\/\/imagazine.it\/wp-content\/uploads\/2024\/09\/foto-uniti-contro-la-sla-768x821.jpg 768w\" sizes=\"auto, (max-width: 800px) 100vw, 800px\" \/><figcaption id=\"caption-attachment-58926\" class=\"wp-caption-text\">Da sinistra Luca Furios, presidente di Progetto Futuro, Nadia Nar-duzzi, ex presidente di AISLA FVG venuta a mancare poco tempo fa, e Sandro Ciulla, vicepresidente Progetto Futuro: foto scattata lo scorso anno a casa di Nadia durante la consegna del ricavato<\/figcaption><\/figure>\n<p>Sar\u00e0 presente <strong>Andrea Macorig<\/strong>, marito di Nadia e attuale presidente dell\u2019associazione che parler\u00e0 di tutte le iniziative di Aisla e ricorder\u00e0 brevemente la figura di Nadia.<\/p>\n<p>La vicesindaca di Cervignano, <strong>Laura Centore<\/strong>, esprime un sentito ringraziamento all&#8217;associazione Progetto Futuro per l&#8217;impegno costante nella lotta alla SLA:<\/p>\n<p>\u201cGrazie a iniziative come &#8220;Uniti contro la SLA&#8221;, si sostiene la ricerca scientifica, fondamentale per trovare una cura a questa malattia ancora oggi incurabile e poco conosciuta&#8221;.<\/p>\n<p><em>Livio Nonis<\/em><\/p>\n","protected":false},"excerpt":{"rendered":"<p>Torna a Cervignano la raccolta fondi promossa da Progetto Futuro in favore della ricerca contro la Sclerosi Laterale Amiotrofica<\/p>\n","protected":false},"author":28,"featured_media":58925,"comment_status":"closed","ping_status":"closed","template":"","tags":[119,261,826,98,95,145],"mec_category":[131],"class_list":["post-58924","mec-events","type-mec-events","status-publish","has-post-thumbnail","hentry","tag-cervignano","tag-eventi","tag-eventi-fvg","tag-ricerca","tag-sanita","tag-solidarieta","mec_category-discovery"],"_links":{"self":[{"href":"https:\/\/imagazine.it\/home_desk\/wp-json\/wp\/v2\/mec-events\/58924","targetHints":{"allow":["GET"]}}],"collection":[{"href":"https:\/\/imagazine.it\/home_desk\/wp-json\/wp\/v2\/mec-events"}],"about":[{"href":"https:\/\/imagazine.it\/home_desk\/wp-json\/wp\/v2\/types\/mec-events"}],"author":[{"embeddable":true,"href":"https:\/\/imagazine.it\/home_desk\/wp-json\/wp\/v2\/users\/28"}],"replies":[{"embeddable":true,"href":"https:\/\/imagazine.it\/home_desk\/wp-json\/wp\/v2\/comments?post=58924"}],"wp:featuredmedia":[{"embeddable":true,"href":"https:\/\/imagazine.it\/home_desk\/wp-json\/wp\/v2\/media\/58925"}],"wp:attachment":[{"href":"https:\/\/imagazine.it\/home_desk\/wp-json\/wp\/v2\/media?parent=58924"}],"wp:term":[{"taxonomy":"post_tag","embeddable":true,"href":"https:\/\/imagazine.it\/home_desk\/wp-json\/wp\/v2\/tags?post=58924"},{"taxonomy":"mec_category","embeddable":true,"href":"https:\/\/imagazine.it\/home_desk\/wp-json\/wp\/v2\/mec_category?post=58924"}],"curies":[{"name":"wp","href":"https:\/\/api.w.org\/{rel}","templated":true}]}}

<p><strong>Progetto Futuro</strong> rinnova anche quest&#8217;anno il suo impegno nella lotta alla sclerosi laterale amiotrofica (SLA), presentando la nona edizione di <strong><em>&#8216;Uniti contro la Sla&#8217;</em></strong>.</p>
<p>Dedicato alla memoria di <strong>Mauro Zanchin</strong>, il giovane scomparso a causa di questa malattia, l&#8217;evento si terrà <strong>sabato 5 ottobre</strong>, dalle 9 alle 15, presso la loggia del Municipio.</p>
<p>L&#8217;iniziativa, promossa dal sodalizio e sostenuta dal Comune di Cervignano e dalla BCC Venezia Giulia, si svolgerà secondo la formula ormai consolidata: un banchetto dove sarà possibile ricevere gadget in cambio di una donazione. L&#8217;intero ricavato sarà destinato ad AISLA FVG per supportare i pazienti affetti da SLA.</p>
<p>Progetto Futuro invita a sostenere la lotta alla SLA anche attraverso un bonifico bancario (IBAN: IT 61 Z 0887 71240 000000000706868, BCC Venezia Giulia, filiale di Gorizia, causale: UNITI CONTRO LA SLA ED. 9).</p>
<p>Le attività commerciali interessate a ospitare una cassettina per le offerte possono contattare l&#8217;associazione o al numero  3248877633. Come sottolinea il presidente Luca Furios, ogni gesto di solidarietà, dal contributo economico alla partecipazione attiva, fa la differenza nella vita di chi combatte questa malattia.</p>
<p>La nona edizione di “Uniti contro la Sla” si concluderà <strong>venerdì 8 novembre</strong> alle ore 18.30 presso l’Hostaria al Porto di Cervignano, dove verrà organizzato un aperitivo solidale dedicato alla compianta <strong>Nadia Narduzzi</strong>, già presidente di Aisla FVG, che da pochi mesi ci ha lasciati.</p>
<figure id="attachment_58926" aria-describedby="caption-attachment-58926" style="width: 800px" class="wp-caption aligncenter"><img loading="lazy" decoding="async" class="size-full wp-image-58926" src="https://imagazine.it/wp-content/uploads/2024/09/foto-uniti-contro-la-sla.jpg" alt="" width="800" height="855" title="" srcset="https://imagazine.it/wp-content/uploads/2024/09/foto-uniti-contro-la-sla.jpg 800w, https://imagazine.it/wp-content/uploads/2024/09/foto-uniti-contro-la-sla-281x300.jpg 281w, https://imagazine.it/wp-content/uploads/2024/09/foto-uniti-contro-la-sla-768x821.jpg 768w" sizes="auto, (max-width: 800px) 100vw, 800px" /><figcaption id="caption-attachment-58926" class="wp-caption-text">Da sinistra Luca Furios, presidente di Progetto Futuro, Nadia Nar-duzzi, ex presidente di AISLA FVG venuta a mancare poco tempo fa, e Sandro Ciulla, vicepresidente Progetto Futuro: foto scattata lo scorso anno a casa di Nadia durante la consegna del ricavato</figcaption></figure>
<p>Sarà presente <strong>Andrea Macorig</strong>, marito di Nadia e attuale presidente dell’associazione che parlerà di tutte le iniziative di Aisla e ricorderà brevemente la figura di Nadia.</p>
<p>La vicesindaca di Cervignano, <strong>Laura Centore</strong>, esprime un sentito ringraziamento all&#8217;associazione Progetto Futuro per l&#8217;impegno costante nella lotta alla SLA:</p>
<p>“Grazie a iniziative come &#8220;Uniti contro la SLA&#8221;, si sostiene la ricerca scientifica, fondamentale per trovare una cura a questa malattia ancora oggi incurabile e poco conosciuta&#8221;.</p>
<p><em>Livio Nonis</em></p>
