{"id":58901,"date":"2024-09-26T11:26:03","date_gmt":"2024-09-26T09:26:03","guid":{"rendered":"https:\/\/imagazine.it\/home_desk\/?post_type=mec-events&#038;p=58901"},"modified":"2024-09-26T14:14:31","modified_gmt":"2024-09-26T12:14:31","slug":"aquileia-rivive-la-battaglia-del-frigido","status":"publish","type":"mec-events","link":"https:\/\/imagazine.it\/home_desk\/events\/aquileia-rivive-la-battaglia-del-frigido\/","title":{"rendered":"Aquileia rivive la Battaglia del Frigido"},"content":{"rendered":"<p><em><span style=\"font-size: 10pt;\">(\u00a9 G. Pera)<\/span><\/em><\/p>\n<p><strong>Sabato 28 e domenica 29 settembre <\/strong>si terr\u00e0 ad<strong> Aquileia <\/strong>la prima edizione della rievocazione storica<strong> \u201c<em>Aquileia splendida civitas<\/em>\u201d<\/strong>.<\/p>\n<p><strong>La citt\u00e0 si tuffer\u00e0 nel IV secolo all&#8217;epoca della Battaglia del Frigido<\/strong> per due giornate ricche di attivit\u00e0 animate da <strong>un centinaio di rievocatori<\/strong>: coinvolgenti didattiche nell\u2019accampamento romano, danze antiche, ludi gladiatori e appassionanti spettacoli per vivere in prima persona un importante tassello della storia romana di Aquileia e non solo.<\/p>\n<p>Il 6 settembre 394, nella zona tra Hru\u0161ica (Ad Pirum), dove sorgeva il forte romano e la fortezza di Castra, corrispondente all&#8217;odierna Ajdov\u0161\u010dina (Aidussina), si svolse un importante scontro noto come \u201cbattaglia del Frigido\u201d, che prese il nome dal fiume Frigidus (l&#8217;odierno fiume Vipacco con il suo affluente Hubelj).<\/p>\n<p>Si tratt\u00f2 di una delle pi\u00f9 importanti battaglie della tarda antichit\u00e0, con conseguenze di vasta portata per la storia dell&#8217;Impero romano.<\/p>\n<h3>La battaglia<\/h3>\n<p>Lo scontro si svolse tra le forze militari dell&#8217;imperatore Teodosio I e quelle dell&#8217;usurpatore Eugenio.<\/p>\n<p>Eugenio, sostenuto da Arbogaste, un soldato romano di origine franca, prese il controllo della met\u00e0 occidentale dell&#8217;Impero e tent\u00f2 di ripristinare i culti pagani che all&#8217;epoca erano gi\u00e0 in declino.<\/p>\n<p>Teodosio I decise di sopprimere questa ribellione con la forza. Secondo alcuni scrittori antichi, un forte vento spost\u00f2 l&#8217;esito della battaglia a favore di Teodosio, soffiando sul viso dei soldati di Eugenio e rendendo difficile l&#8217;uso delle armi.<\/p>\n<p>Questo fatto fu in seguito interpretato come un segno divino di sostegno a Teodosio, che ottenne cos\u00ec una vittoria definitiva. Eugenio fu catturato e giustiziato e Arbogaste si suicid\u00f2.<\/p>\n<h3>Il programma<\/h3>\n<p><strong>L\u2019accampamento sar\u00e0 allestito sul prato di piazza Patriarcato <\/strong>dove si potranno scoprire i segreti, le tecniche e gli usi e costumi del mondo romano: le armature dei gladiatori, l\u2019artiglieria nell&#8217;antichit\u00e0, i giochi da tavolo, l\u2019elaborazione di fibbie, l\u2019arte romana, la topografia, i tipi di tiro con l\u2019arco, la cucina, la scrittura, il viaggio e molto altro.<\/p>\n<p><strong>10.30-11.30 si potr\u00e0 assistere in piazza Capitolo all\u2019addestramento e alle manovre dell\u2019esercito.<\/strong><\/p>\n<p><strong>14.00-15.00<\/strong> nell\u2019area dei fondi Pasqualis si terranno <strong>i \u201cludi aquileiensi\u201d,<\/strong> in cui i rievocatori si cimenteranno nelle prove di tiro con l\u2019arco, lancio della <em>plumbata e <\/em>lancio del giavellotto.<\/p>\n<p><strong>16.00-17.00<\/strong> in Piazza Capitolo si terr\u00e0 la rappresentazione storica della strage di Tessalonica e dell\u2019incontro tra Ambrogio e Teodosio. <strong>Dalle 16.30 alle 18<\/strong> nell\u2019area degli antichi mercati si potr\u00e0 assistere alle esercitazioni di tiro con l\u2019arco.<\/p>\n<p><strong>18.00-19.00<\/strong> il pubblico potr\u00e0 assistere allo spettacolo di gladiatura e danza in piazza Capitolo.<\/p>\n<p><strong>Domenica 29 settembre dalle 10 alle 16<\/strong> si potr\u00e0 visitare l\u2019accampamento in piazza Patriarcato e scoprire i segreti, gli usi e i costumi del mondo romano del IV secolo.<\/p>\n<p><strong>Dalle 10.30<\/strong> si potr\u00e0 assistere alla <strong>parata militare<\/strong> che partir\u00e0 da piazza Patriarcato e raggiunger\u00e0 piazza Capitolo dove ci sar\u00e0 la <strong>rappresentazione della battaglia del Frigido.<\/strong><\/p>\n<p><strong>Dalle 13.30 alle 15 esercitazioni di tiro con l\u2019arco<\/strong> nell\u2019area degli antichi mercati e <strong>dalle 15 alle 16 gladiatura e danze in piazza Capitolo.<\/strong><\/p>\n<p>L\u2019evento \u00e8 organizzato da Fondazione Aquileia in collaborazione con Comune di Aquileia, Basilica di Aquileia, Soprintendenza archeologia belle arti e paesaggio del FVG, Pro Loco Aquileia, Associazione Imprenditori Aquileia &#8211; nell\u2019ambito del progetto RIMROM che vede come partner Fondazione Aquileia e Comune di Ajdov\u0161\u010dina ed \u00e8 finanziato dall&#8217;Unione europea grazie al Fondo per piccoli progetti (Small Project Fund) GO! 2025 del Programma Interreg VI-A Italia-Slovenia 2021-2027, gestito dal GECT GO.<\/p>\n","protected":false},"excerpt":{"rendered":"<p>Prima edizione della rievocazione storica \u201cAquileia splendida civitas\u201d. Un centinaio di rievocatori per un tuffo nel IV secolo<\/p>\n","protected":false},"author":28,"featured_media":58902,"comment_status":"closed","ping_status":"closed","template":"","tags":[349,261,826,1009,568],"mec_category":[131],"class_list":["post-58901","mec-events","type-mec-events","status-publish","has-post-thumbnail","hentry","tag-aquileia","tag-eventi","tag-eventi-fvg","tag-rievocazione","tag-storia","mec_category-discovery"],"_links":{"self":[{"href":"https:\/\/imagazine.it\/home_desk\/wp-json\/wp\/v2\/mec-events\/58901","targetHints":{"allow":["GET"]}}],"collection":[{"href":"https:\/\/imagazine.it\/home_desk\/wp-json\/wp\/v2\/mec-events"}],"about":[{"href":"https:\/\/imagazine.it\/home_desk\/wp-json\/wp\/v2\/types\/mec-events"}],"author":[{"embeddable":true,"href":"https:\/\/imagazine.it\/home_desk\/wp-json\/wp\/v2\/users\/28"}],"replies":[{"embeddable":true,"href":"https:\/\/imagazine.it\/home_desk\/wp-json\/wp\/v2\/comments?post=58901"}],"wp:featuredmedia":[{"embeddable":true,"href":"https:\/\/imagazine.it\/home_desk\/wp-json\/wp\/v2\/media\/58902"}],"wp:attachment":[{"href":"https:\/\/imagazine.it\/home_desk\/wp-json\/wp\/v2\/media?parent=58901"}],"wp:term":[{"taxonomy":"post_tag","embeddable":true,"href":"https:\/\/imagazine.it\/home_desk\/wp-json\/wp\/v2\/tags?post=58901"},{"taxonomy":"mec_category","embeddable":true,"href":"https:\/\/imagazine.it\/home_desk\/wp-json\/wp\/v2\/mec_category?post=58901"}],"curies":[{"name":"wp","href":"https:\/\/api.w.org\/{rel}","templated":true}]}}

<p><em><span style="font-size: 10pt;">(© G. Pera)</span></em></p>
<p><strong>Sabato 28 e domenica 29 settembre </strong>si terrà ad<strong> Aquileia </strong>la prima edizione della rievocazione storica<strong> “<em>Aquileia splendida civitas</em>”</strong>.</p>
<p><strong>La città si tufferà nel IV secolo all&#8217;epoca della Battaglia del Frigido</strong> per due giornate ricche di attività animate da <strong>un centinaio di rievocatori</strong>: coinvolgenti didattiche nell’accampamento romano, danze antiche, ludi gladiatori e appassionanti spettacoli per vivere in prima persona un importante tassello della storia romana di Aquileia e non solo.</p>
<p>Il 6 settembre 394, nella zona tra Hrušica (Ad Pirum), dove sorgeva il forte romano e la fortezza di Castra, corrispondente all&#8217;odierna Ajdovščina (Aidussina), si svolse un importante scontro noto come “battaglia del Frigido”, che prese il nome dal fiume Frigidus (l&#8217;odierno fiume Vipacco con il suo affluente Hubelj).</p>
<p>Si trattò di una delle più importanti battaglie della tarda antichità, con conseguenze di vasta portata per la storia dell&#8217;Impero romano.</p>
<h3>La battaglia</h3>
<p>Lo scontro si svolse tra le forze militari dell&#8217;imperatore Teodosio I e quelle dell&#8217;usurpatore Eugenio.</p>
<p>Eugenio, sostenuto da Arbogaste, un soldato romano di origine franca, prese il controllo della metà occidentale dell&#8217;Impero e tentò di ripristinare i culti pagani che all&#8217;epoca erano già in declino.</p>
<p>Teodosio I decise di sopprimere questa ribellione con la forza. Secondo alcuni scrittori antichi, un forte vento spostò l&#8217;esito della battaglia a favore di Teodosio, soffiando sul viso dei soldati di Eugenio e rendendo difficile l&#8217;uso delle armi.</p>
<p>Questo fatto fu in seguito interpretato come un segno divino di sostegno a Teodosio, che ottenne così una vittoria definitiva. Eugenio fu catturato e giustiziato e Arbogaste si suicidò.</p>
<h3>Il programma</h3>
<p><strong>L’accampamento sarà allestito sul prato di piazza Patriarcato </strong>dove si potranno scoprire i segreti, le tecniche e gli usi e costumi del mondo romano: le armature dei gladiatori, l’artiglieria nell&#8217;antichità, i giochi da tavolo, l’elaborazione di fibbie, l’arte romana, la topografia, i tipi di tiro con l’arco, la cucina, la scrittura, il viaggio e molto altro.</p>
<p><strong>10.30-11.30 si potrà assistere in piazza Capitolo all’addestramento e alle manovre dell’esercito.</strong></p>
<p><strong>14.00-15.00</strong> nell’area dei fondi Pasqualis si terranno <strong>i “ludi aquileiensi”,</strong> in cui i rievocatori si cimenteranno nelle prove di tiro con l’arco, lancio della <em>plumbata e </em>lancio del giavellotto.</p>
<p><strong>16.00-17.00</strong> in Piazza Capitolo si terrà la rappresentazione storica della strage di Tessalonica e dell’incontro tra Ambrogio e Teodosio. <strong>Dalle 16.30 alle 18</strong> nell’area degli antichi mercati si potrà assistere alle esercitazioni di tiro con l’arco.</p>
<p><strong>18.00-19.00</strong> il pubblico potrà assistere allo spettacolo di gladiatura e danza in piazza Capitolo.</p>
<p><strong>Domenica 29 settembre dalle 10 alle 16</strong> si potrà visitare l’accampamento in piazza Patriarcato e scoprire i segreti, gli usi e i costumi del mondo romano del IV secolo.</p>
<p><strong>Dalle 10.30</strong> si potrà assistere alla <strong>parata militare</strong> che partirà da piazza Patriarcato e raggiungerà piazza Capitolo dove ci sarà la <strong>rappresentazione della battaglia del Frigido.</strong></p>
<p><strong>Dalle 13.30 alle 15 esercitazioni di tiro con l’arco</strong> nell’area degli antichi mercati e <strong>dalle 15 alle 16 gladiatura e danze in piazza Capitolo.</strong></p>
<p>L’evento è organizzato da Fondazione Aquileia in collaborazione con Comune di Aquileia, Basilica di Aquileia, Soprintendenza archeologia belle arti e paesaggio del FVG, Pro Loco Aquileia, Associazione Imprenditori Aquileia &#8211; nell’ambito del progetto RIMROM che vede come partner Fondazione Aquileia e Comune di Ajdovščina ed è finanziato dall&#8217;Unione europea grazie al Fondo per piccoli progetti (Small Project Fund) GO! 2025 del Programma Interreg VI-A Italia-Slovenia 2021-2027, gestito dal GECT GO.</p>
