{"id":58692,"date":"2024-09-20T11:29:47","date_gmt":"2024-09-20T09:29:47","guid":{"rendered":"https:\/\/imagazine.it\/home_desk\/?post_type=mec-events&#038;p=58692"},"modified":"2024-09-20T11:29:47","modified_gmt":"2024-09-20T09:29:47","slug":"cervignano-si-interroga-su-confini-conflitti-e-democrazia","status":"publish","type":"mec-events","link":"https:\/\/imagazine.it\/home_desk\/events\/cervignano-si-interroga-su-confini-conflitti-e-democrazia\/","title":{"rendered":"Cervignano si interroga su confini, conflitti e democrazia"},"content":{"rendered":"<p><em><span style=\"font-size: 10pt;\">Monsignor Enrico Trevisi<\/span><\/em><\/p>\n<p><strong>Venerd\u00ec 27 settembre alle ore 20.30 al Teatro Pasolini<\/strong>, nell\u2019ambito del programma di festeggiamenti del Patrono San Michele promossi dalla Parrocchia di Cervignano in collaborazione con il Comune, \u00e8 prevista la serata \u201c<em>Confini, conflitti e democrazia: ripartire dalla Speranza<\/em>\u201d.<\/p>\n<p>Un\u2019intervista a <strong>monsignor Enrico Trevisi<\/strong>, vescovo di Trieste, condotta dal giornalista <strong>Andrea Doncovio<\/strong> che dialogher\u00e0 sui temi cruciali dei nostri tempi: confini, conflitti e il futuro della democrazia.<\/p>\n<p><img loading=\"lazy\" decoding=\"async\" class=\"aligncenter size-large wp-image-58694\" src=\"https:\/\/imagazine.it\/wp-content\/uploads\/2024\/09\/trevisi-724x1024.jpeg\" alt=\"\" width=\"640\" height=\"905\" title=\"\" srcset=\"https:\/\/imagazine.it\/wp-content\/uploads\/2024\/09\/trevisi-724x1024.jpeg 724w, https:\/\/imagazine.it\/wp-content\/uploads\/2024\/09\/trevisi-212x300.jpeg 212w, https:\/\/imagazine.it\/wp-content\/uploads\/2024\/09\/trevisi-768x1086.jpeg 768w, https:\/\/imagazine.it\/wp-content\/uploads\/2024\/09\/trevisi-1086x1536.jpeg 1086w, https:\/\/imagazine.it\/wp-content\/uploads\/2024\/09\/trevisi-1024x1448.jpeg 1024w, https:\/\/imagazine.it\/wp-content\/uploads\/2024\/09\/trevisi.jpeg 1240w\" sizes=\"auto, (max-width: 640px) 100vw, 640px\" \/><\/p>\n<p>Tematiche che stanno cambiando la geopolitica, gli impianti economici e tecnologici, e di conseguenza gli aspetti quotidiani del vivere di interi Paesi.<\/p>\n<p>Un altro tema che sar\u00e0 affrontato sar\u00e0 quello del Giubileo \u201c2025\u201d dedicato alla speranza.<\/p>\n<p>Infine si parler\u00e0 di \u201c<em>Gorizia e Nova Gorica, capitale europea della cultura 2025<\/em>\u201d.<\/p>\n<p>Il convegno nazionale Caritas ha sottolineato come i confini, un tempo barriere, stiano diventando sempre pi\u00f9 zone di incontro e scambio. Grazie al lavoro anche di molti cattolici di qua e di l\u00e0 del vecchio doloroso confine, l&#8217;esperienza di Gorizia e Nova Gorica dimostra come la collaborazione tra persone di buona volont\u00e0 possa superare divisioni politiche e culturali profonde. Nonostante le cicatrici del passato, la regione ha preservato un&#8217;antica tradizione di multiculturalismo.<\/p>\n<p><img loading=\"lazy\" decoding=\"async\" class=\"aligncenter size-large wp-image-58696\" src=\"https:\/\/imagazine.it\/wp-content\/uploads\/2024\/09\/sanMichele24-676x1024.jpeg\" alt=\"\" width=\"640\" height=\"969\" title=\"\" srcset=\"https:\/\/imagazine.it\/wp-content\/uploads\/2024\/09\/sanMichele24-676x1024.jpeg 676w, https:\/\/imagazine.it\/wp-content\/uploads\/2024\/09\/sanMichele24-198x300.jpeg 198w, https:\/\/imagazine.it\/wp-content\/uploads\/2024\/09\/sanMichele24-768x1164.jpeg 768w, https:\/\/imagazine.it\/wp-content\/uploads\/2024\/09\/sanMichele24.jpeg 800w\" sizes=\"auto, (max-width: 640px) 100vw, 640px\" \/><\/p>\n<p>Tuttavia, l&#8217;Europa senza frontiere presenta ancora delle contraddizioni: mentre \u00e8 aperta ai cittadini europei, resta chiusa ai migranti, evidenziando la necessit\u00e0 di un&#8217;integrazione pi\u00f9 equa e inclusiva.<\/p>\n<p><em>Livio Nonis<\/em><\/p>\n","protected":false},"excerpt":{"rendered":"<p>Il vescovo di Trieste, monsignor Enrico Trevisi, ospite al Pasolini in una serata di approfondimento nell&#8217;ambito dei festeggiamenti patronali<\/p>\n","protected":false},"author":22,"featured_media":58693,"comment_status":"closed","ping_status":"closed","template":"","tags":[119,1433,261,826,2456,1702,2457,65],"mec_category":[59],"class_list":["post-58692","mec-events","type-mec-events","status-publish","has-post-thumbnail","hentry","tag-cervignano","tag-curia","tag-eventi","tag-eventi-fvg","tag-meeting","tag-patrono","tag-trevisi","tag-trieste","mec_category-meeting"],"_links":{"self":[{"href":"https:\/\/imagazine.it\/home_desk\/wp-json\/wp\/v2\/mec-events\/58692","targetHints":{"allow":["GET"]}}],"collection":[{"href":"https:\/\/imagazine.it\/home_desk\/wp-json\/wp\/v2\/mec-events"}],"about":[{"href":"https:\/\/imagazine.it\/home_desk\/wp-json\/wp\/v2\/types\/mec-events"}],"author":[{"embeddable":true,"href":"https:\/\/imagazine.it\/home_desk\/wp-json\/wp\/v2\/users\/22"}],"replies":[{"embeddable":true,"href":"https:\/\/imagazine.it\/home_desk\/wp-json\/wp\/v2\/comments?post=58692"}],"wp:featuredmedia":[{"embeddable":true,"href":"https:\/\/imagazine.it\/home_desk\/wp-json\/wp\/v2\/media\/58693"}],"wp:attachment":[{"href":"https:\/\/imagazine.it\/home_desk\/wp-json\/wp\/v2\/media?parent=58692"}],"wp:term":[{"taxonomy":"post_tag","embeddable":true,"href":"https:\/\/imagazine.it\/home_desk\/wp-json\/wp\/v2\/tags?post=58692"},{"taxonomy":"mec_category","embeddable":true,"href":"https:\/\/imagazine.it\/home_desk\/wp-json\/wp\/v2\/mec_category?post=58692"}],"curies":[{"name":"wp","href":"https:\/\/api.w.org\/{rel}","templated":true}]}}

<p><em><span style="font-size: 10pt;">Monsignor Enrico Trevisi</span></em></p>
<p><strong>Venerdì 27 settembre alle ore 20.30 al Teatro Pasolini</strong>, nell’ambito del programma di festeggiamenti del Patrono San Michele promossi dalla Parrocchia di Cervignano in collaborazione con il Comune, è prevista la serata “<em>Confini, conflitti e democrazia: ripartire dalla Speranza</em>”.</p>
<p>Un’intervista a <strong>monsignor Enrico Trevisi</strong>, vescovo di Trieste, condotta dal giornalista <strong>Andrea Doncovio</strong> che dialogherà sui temi cruciali dei nostri tempi: confini, conflitti e il futuro della democrazia.</p>
<p><img loading="lazy" decoding="async" class="aligncenter size-large wp-image-58694" src="https://imagazine.it/wp-content/uploads/2024/09/trevisi-724x1024.jpeg" alt="" width="640" height="905" title="" srcset="https://imagazine.it/wp-content/uploads/2024/09/trevisi-724x1024.jpeg 724w, https://imagazine.it/wp-content/uploads/2024/09/trevisi-212x300.jpeg 212w, https://imagazine.it/wp-content/uploads/2024/09/trevisi-768x1086.jpeg 768w, https://imagazine.it/wp-content/uploads/2024/09/trevisi-1086x1536.jpeg 1086w, https://imagazine.it/wp-content/uploads/2024/09/trevisi-1024x1448.jpeg 1024w, https://imagazine.it/wp-content/uploads/2024/09/trevisi.jpeg 1240w" sizes="auto, (max-width: 640px) 100vw, 640px" /></p>
<p>Tematiche che stanno cambiando la geopolitica, gli impianti economici e tecnologici, e di conseguenza gli aspetti quotidiani del vivere di interi Paesi.</p>
<p>Un altro tema che sarà affrontato sarà quello del Giubileo “2025” dedicato alla speranza.</p>
<p>Infine si parlerà di “<em>Gorizia e Nova Gorica, capitale europea della cultura 2025</em>”.</p>
<p>Il convegno nazionale Caritas ha sottolineato come i confini, un tempo barriere, stiano diventando sempre più zone di incontro e scambio. Grazie al lavoro anche di molti cattolici di qua e di là del vecchio doloroso confine, l&#8217;esperienza di Gorizia e Nova Gorica dimostra come la collaborazione tra persone di buona volontà possa superare divisioni politiche e culturali profonde. Nonostante le cicatrici del passato, la regione ha preservato un&#8217;antica tradizione di multiculturalismo.</p>
<p><img loading="lazy" decoding="async" class="aligncenter size-large wp-image-58696" src="https://imagazine.it/wp-content/uploads/2024/09/sanMichele24-676x1024.jpeg" alt="" width="640" height="969" title="" srcset="https://imagazine.it/wp-content/uploads/2024/09/sanMichele24-676x1024.jpeg 676w, https://imagazine.it/wp-content/uploads/2024/09/sanMichele24-198x300.jpeg 198w, https://imagazine.it/wp-content/uploads/2024/09/sanMichele24-768x1164.jpeg 768w, https://imagazine.it/wp-content/uploads/2024/09/sanMichele24.jpeg 800w" sizes="auto, (max-width: 640px) 100vw, 640px" /></p>
<p>Tuttavia, l&#8217;Europa senza frontiere presenta ancora delle contraddizioni: mentre è aperta ai cittadini europei, resta chiusa ai migranti, evidenziando la necessità di un&#8217;integrazione più equa e inclusiva.</p>
<p><em>Livio Nonis</em></p>
