{"id":58655,"date":"2024-09-18T12:01:21","date_gmt":"2024-09-18T10:01:21","guid":{"rendered":"https:\/\/imagazine.it\/home_desk\/?post_type=mec-events&#038;p=58655"},"modified":"2024-09-18T12:01:21","modified_gmt":"2024-09-18T10:01:21","slug":"il-monteverdi-riabbraccia-i-cori-deuropa","status":"publish","type":"mec-events","link":"https:\/\/imagazine.it\/home_desk\/events\/il-monteverdi-riabbraccia-i-cori-deuropa\/","title":{"rendered":"Il Monteverdi riabbraccia i Cori d&#8217;Europa"},"content":{"rendered":"<p><span style=\"font-size: 10pt;\"><em>Il Gruppo Polifonico \u201cClaudio Monteverdi\u201d<\/em><\/span><\/p>\n<p>Il <strong>Gruppo Polifonico \u201cClaudio Monteverdi\u201d<\/strong> di Ruda, reduce dall\u2019entusiasmante quanto proficua partecipazione al concorso internazionale \u201cB\u00e9la Bart\u00f3k\u201d di Debrecen in Ungheria, conquistando il secondo posto nella categoria per musica sacra, rinnova l\u2019appuntamento annuale con il \u201c<strong>Festival Cori d\u2019Europa<\/strong>\u201d, manifestazione di rilevanza internazionale.<\/p>\n<p>La manifestazione ha raggiunto ininterrottamente la 24\u00aa edizione e ospiter\u00e0 due realt\u00e0 corali di altissimo livello in due precise sezioni: a settembre il <strong>Coro accademico \u201cCamerata Jagellonica\u201d dell\u2019Universit\u00e0 di Cracovia<\/strong> (Polonia) diretto da <strong>Janusz Wierzgacz e Anita Pyrek-N\u0105ckiewicz<\/strong>, e nel mese di novembre per altre due date il coro lituano \u201c<strong>Dang\u0117<\/strong>\u201d dell&#8217;Universit\u00e0 di Klaip\u0117da diretto da <strong>Judita Kiaulakyt\u0117<\/strong>.<\/p>\n<p>Il primo appuntamento si terr\u00e0 <strong>sabato 21 settembre<\/strong> alle ore 20.45 presso il Duomo di Santa Maria Maggiore a <strong>Codroipo<\/strong>, e il secondo <strong>domenica 22 settembre<\/strong> alle ore 20.30 presso il Santuario della Beata Vergine delle Grazie a <strong>Udine<\/strong>.<\/p>\n<p>In entrambe le serate i due cori eseguiranno dei repertori a cappella di musica sacra ribadendo il ruolo del Festival \u201cCori d\u2019Europa\u201d come veicolo che attraverso il canto corale conduce ad una dispersione dei confini individuali e all\u2019aumento del senso di appartenenza comune superando ogni confine politico e culturale, al termine delle serate verr\u00e0 eseguito a cori riuniti il brano <em>O Sacrum Convivium<\/em> di Luigi Molfino.<\/p>\n<p>Il Coro Monteverdi, diretto da <strong>Barbara Di Bert<\/strong>, fra i propri appuntamenti stagionali di musica sacra e profana, mantiene fede al progetto del Festival \u201cCori d\u2019Europa\u201d per l\u2019importanza che ricopre quale veicolo di scambio culturale che porta a conoscenza dei cori ospiti la nostra cultura, i territori e le eccellenze regionali.<\/p>\n<p><em>Livio Nonis<\/em><\/p>\n","protected":false},"excerpt":{"rendered":"<p>Torna il festival promosso dal gruppo polifonico di Ruda. Primo ospite il Coro accademico \u201cCamerata Jagellonica\u201d di Cracovia<\/p>\n","protected":false},"author":22,"featured_media":58656,"comment_status":"closed","ping_status":"closed","template":"","tags":[1867,861,1280,261,826,55,212],"mec_category":[99],"class_list":["post-58655","mec-events","type-mec-events","status-publish","has-post-thumbnail","hentry","tag-canto","tag-concerti","tag-coro","tag-eventi","tag-eventi-fvg","tag-musica","tag-ruda","mec_category-music"],"_links":{"self":[{"href":"https:\/\/imagazine.it\/home_desk\/wp-json\/wp\/v2\/mec-events\/58655","targetHints":{"allow":["GET"]}}],"collection":[{"href":"https:\/\/imagazine.it\/home_desk\/wp-json\/wp\/v2\/mec-events"}],"about":[{"href":"https:\/\/imagazine.it\/home_desk\/wp-json\/wp\/v2\/types\/mec-events"}],"author":[{"embeddable":true,"href":"https:\/\/imagazine.it\/home_desk\/wp-json\/wp\/v2\/users\/22"}],"replies":[{"embeddable":true,"href":"https:\/\/imagazine.it\/home_desk\/wp-json\/wp\/v2\/comments?post=58655"}],"wp:featuredmedia":[{"embeddable":true,"href":"https:\/\/imagazine.it\/home_desk\/wp-json\/wp\/v2\/media\/58656"}],"wp:attachment":[{"href":"https:\/\/imagazine.it\/home_desk\/wp-json\/wp\/v2\/media?parent=58655"}],"wp:term":[{"taxonomy":"post_tag","embeddable":true,"href":"https:\/\/imagazine.it\/home_desk\/wp-json\/wp\/v2\/tags?post=58655"},{"taxonomy":"mec_category","embeddable":true,"href":"https:\/\/imagazine.it\/home_desk\/wp-json\/wp\/v2\/mec_category?post=58655"}],"curies":[{"name":"wp","href":"https:\/\/api.w.org\/{rel}","templated":true}]}}

<p><span style="font-size: 10pt;"><em>Il Gruppo Polifonico “Claudio Monteverdi”</em></span></p>
<p>Il <strong>Gruppo Polifonico “Claudio Monteverdi”</strong> di Ruda, reduce dall’entusiasmante quanto proficua partecipazione al concorso internazionale “Béla Bartók” di Debrecen in Ungheria, conquistando il secondo posto nella categoria per musica sacra, rinnova l’appuntamento annuale con il “<strong>Festival Cori d’Europa</strong>”, manifestazione di rilevanza internazionale.</p>
<p>La manifestazione ha raggiunto ininterrottamente la 24ª edizione e ospiterà due realtà corali di altissimo livello in due precise sezioni: a settembre il <strong>Coro accademico “Camerata Jagellonica” dell’Università di Cracovia</strong> (Polonia) diretto da <strong>Janusz Wierzgacz e Anita Pyrek-Nąckiewicz</strong>, e nel mese di novembre per altre due date il coro lituano “<strong>Dangė</strong>” dell&#8217;Università di Klaipėda diretto da <strong>Judita Kiaulakytė</strong>.</p>
<p>Il primo appuntamento si terrà <strong>sabato 21 settembre</strong> alle ore 20.45 presso il Duomo di Santa Maria Maggiore a <strong>Codroipo</strong>, e il secondo <strong>domenica 22 settembre</strong> alle ore 20.30 presso il Santuario della Beata Vergine delle Grazie a <strong>Udine</strong>.</p>
<p>In entrambe le serate i due cori eseguiranno dei repertori a cappella di musica sacra ribadendo il ruolo del Festival “Cori d’Europa” come veicolo che attraverso il canto corale conduce ad una dispersione dei confini individuali e all’aumento del senso di appartenenza comune superando ogni confine politico e culturale, al termine delle serate verrà eseguito a cori riuniti il brano <em>O Sacrum Convivium</em> di Luigi Molfino.</p>
<p>Il Coro Monteverdi, diretto da <strong>Barbara Di Bert</strong>, fra i propri appuntamenti stagionali di musica sacra e profana, mantiene fede al progetto del Festival “Cori d’Europa” per l’importanza che ricopre quale veicolo di scambio culturale che porta a conoscenza dei cori ospiti la nostra cultura, i territori e le eccellenze regionali.</p>
<p><em>Livio Nonis</em></p>
