{"id":58536,"date":"2024-09-16T11:13:52","date_gmt":"2024-09-16T09:13:52","guid":{"rendered":"https:\/\/imagazine.it\/home_desk\/?post_type=mec-events&#038;p=58536"},"modified":"2024-09-16T11:13:52","modified_gmt":"2024-09-16T09:13:52","slug":"torna-la-palmanova-bike-race","status":"publish","type":"mec-events","link":"https:\/\/imagazine.it\/home_desk\/events\/torna-la-palmanova-bike-race\/","title":{"rendered":"Torna la Palmanova Bike Race"},"content":{"rendered":"<p>Nella citt\u00e0 stellata e negli immediati dintorni si rinnova l\u2019appuntamento con la <strong>Palmanova Bike Race<\/strong>.<\/p>\n<p>La gran fondo MTB organizzata dal Gruppo Bastioni Bike \u00e8 in programma <strong>sabato 21 settembre<\/strong>.<\/p>\n<p>Giunta alla <strong>9^ edizione<\/strong>, si pedaler\u00e0 su un percorso di circa <strong>50 km<\/strong> che si svilupper\u00e0 lungo i sentieri e i prati delle mura di Palmanova: si partir\u00e0 con un giro di lancio, a cui seguir\u00e0 un anello da ripetere due volte.<\/p>\n<p>La gara \u00e8 valida per l\u2019edizione 2024 del <strong>Trofeo FVG MTB Tour<\/strong>, di cui rappresenta la penultima tappa, e per la <strong>Combinata per Haiti<\/strong>.<\/p>\n<p>Lo start della Palmanova Bike Race avverr\u00e0 a Palmanova, in via Risorgimento, in zona Polisportivo Bruseschi, alle ore 15.<\/p>\n<p>Le iscrizioni, su <strong>Endu.net<\/strong>, resteranno aperte sino a mercoled\u00ec 18 settembre. La quota d\u2019iscrizione comprende: assistenza medico-sanitaria, ristori in gara, ristoro finale, lavaggio bici, servizio di cronometraggio, gadget e premiazioni.<\/p>\n","protected":false},"excerpt":{"rendered":"<p>Un percorso di 50 km che si svilupper\u00e0 lungo i sentieri e i prati delle mura cittadine. Valido per il Trofeo FVG MTB Tour<\/p>\n","protected":false},"author":28,"featured_media":58537,"comment_status":"closed","ping_status":"closed","template":"","tags":[828,1512,261,826,2435,2072,154],"mec_category":[91],"class_list":["post-58536","mec-events","type-mec-events","status-publish","has-post-thumbnail","hentry","tag-bastioni","tag-ciclismo","tag-eventi","tag-eventi-fvg","tag-gara","tag-mtb","tag-palmanova","mec_category-sport"],"_links":{"self":[{"href":"https:\/\/imagazine.it\/home_desk\/wp-json\/wp\/v2\/mec-events\/58536","targetHints":{"allow":["GET"]}}],"collection":[{"href":"https:\/\/imagazine.it\/home_desk\/wp-json\/wp\/v2\/mec-events"}],"about":[{"href":"https:\/\/imagazine.it\/home_desk\/wp-json\/wp\/v2\/types\/mec-events"}],"author":[{"embeddable":true,"href":"https:\/\/imagazine.it\/home_desk\/wp-json\/wp\/v2\/users\/28"}],"replies":[{"embeddable":true,"href":"https:\/\/imagazine.it\/home_desk\/wp-json\/wp\/v2\/comments?post=58536"}],"wp:featuredmedia":[{"embeddable":true,"href":"https:\/\/imagazine.it\/home_desk\/wp-json\/wp\/v2\/media\/58537"}],"wp:attachment":[{"href":"https:\/\/imagazine.it\/home_desk\/wp-json\/wp\/v2\/media?parent=58536"}],"wp:term":[{"taxonomy":"post_tag","embeddable":true,"href":"https:\/\/imagazine.it\/home_desk\/wp-json\/wp\/v2\/tags?post=58536"},{"taxonomy":"mec_category","embeddable":true,"href":"https:\/\/imagazine.it\/home_desk\/wp-json\/wp\/v2\/mec_category?post=58536"}],"curies":[{"name":"wp","href":"https:\/\/api.w.org\/{rel}","templated":true}]}}

<p>Nella città stellata e negli immediati dintorni si rinnova l’appuntamento con la <strong>Palmanova Bike Race</strong>.</p>
<p>La gran fondo MTB organizzata dal Gruppo Bastioni Bike è in programma <strong>sabato 21 settembre</strong>.</p>
<p>Giunta alla <strong>9^ edizione</strong>, si pedalerà su un percorso di circa <strong>50 km</strong> che si svilupperà lungo i sentieri e i prati delle mura di Palmanova: si partirà con un giro di lancio, a cui seguirà un anello da ripetere due volte.</p>
<p>La gara è valida per l’edizione 2024 del <strong>Trofeo FVG MTB Tour</strong>, di cui rappresenta la penultima tappa, e per la <strong>Combinata per Haiti</strong>.</p>
<p>Lo start della Palmanova Bike Race avverrà a Palmanova, in via Risorgimento, in zona Polisportivo Bruseschi, alle ore 15.</p>
<p>Le iscrizioni, su <strong>Endu.net</strong>, resteranno aperte sino a mercoledì 18 settembre. La quota d’iscrizione comprende: assistenza medico-sanitaria, ristori in gara, ristoro finale, lavaggio bici, servizio di cronometraggio, gadget e premiazioni.</p>

<p>Un percorso di 50 km che si svilupperà lungo i sentieri e i prati delle mura cittadine. Valido per il Trofeo FVG MTB Tour</p>
