{"id":58456,"date":"2024-09-13T10:29:17","date_gmt":"2024-09-13T08:29:17","guid":{"rendered":"https:\/\/imagazine.it\/home_desk\/?post_type=mec-events&#038;p=58456"},"modified":"2024-09-13T10:29:17","modified_gmt":"2024-09-13T08:29:17","slug":"grado-rilancia-le-comunita-energetiche","status":"publish","type":"mec-events","link":"https:\/\/imagazine.it\/home_desk\/events\/grado-rilancia-le-comunita-energetiche\/","title":{"rendered":"Grado rilancia le comunit\u00e0 energetiche"},"content":{"rendered":"<p><em><span style=\"font-size: 10pt;\">Un momento del workshop internazionale sul progetto svoltosi la scorsa primavera a Grado<\/span><\/em><\/p>\n<p>Il <strong>Comune di Grado<\/strong> dal 2020 \u00e8 uno dei 17 partner del progetto internazionale <strong><em>Horizon 2020<\/em><\/strong> denominato <em>VPP4Islands (Virtual Power Plants for Interoperable and Smart isLANDS)<\/em>, finanziato con oltre 6,5 milioni di euro dall&#8217;Unione Europea, e partecipa attivamente lavorando allo studio delle centrali elettriche virtuali (<em>Virtual Power Plant<\/em>, VPP) e, pi\u00f9 in generale, delle Comunit\u00e0 Energetiche Rinnovabili (CER).<\/p>\n<p>Nei siti pilota di G\u00f6k\u00e7eada, in Turchia, e Formentera, in Spagna, <em>VPP4Islands<\/em> ha costruito modelli di aggregazione e gestione intelligente delle \u201crisorse energetiche distribuite\u201d, aumentando cos\u00ec la flessibilit\u00e0 e la redditivit\u00e0 dei sistemi energetici e offrendo nuovi servizi.<\/p>\n<p>Il progetto ha consentito di migliorare la capacit\u00e0 di risposta alla domanda dei consumatori, analizzando i loro comportamenti e promuovendo l\u2019autoconsumo. La fattibilit\u00e0 di estendere le soluzioni sviluppate da VPP4Islands per avviare piani energetici sostenibili e intelligenti \u00e8 stata valutata in tre isole e una di queste \u00e8 l\u2019isola di Grado.<\/p>\n<p><strong>Venerd\u00ec 20 settembre alle ore 17\u00a0presso il Grand Hotel Astoria\u00a0<\/strong>saranno presentati i risultati di questo progetto, che si avvia alla conclusione, e le progettualit\u00e0 previste sul territorio gradese correlate alla futura creazione di comunit\u00e0 energetiche e all\u2019avvio di sistemi di distribuzione di energia pulita con la riduzione di emissioni e costi, creando al contempo nuove opportunit\u00e0 per le aziende e per la crescita occupazionale.<\/p>\n<p>Per iscrizioni:\u00a0<span style=\"text-decoration: underline;\"><a href=\"https:\/\/bit.ly\/convegno-VPP4I_Grado\" target=\"_blank\" rel=\"noopener\">https:\/\/bit.ly\/convegno-VPP4I_Grado<\/a><\/span><\/p>\n<p><img loading=\"lazy\" decoding=\"async\" class=\"aligncenter size-large wp-image-58457\" src=\"https:\/\/imagazine.it\/wp-content\/uploads\/2024\/09\/VPP4I_20.9-750x1024.jpg\" alt=\"\" width=\"640\" height=\"874\" title=\"\" srcset=\"https:\/\/imagazine.it\/wp-content\/uploads\/2024\/09\/VPP4I_20.9-750x1024.jpg 750w, https:\/\/imagazine.it\/wp-content\/uploads\/2024\/09\/VPP4I_20.9-220x300.jpg 220w, https:\/\/imagazine.it\/wp-content\/uploads\/2024\/09\/VPP4I_20.9-768x1048.jpg 768w, https:\/\/imagazine.it\/wp-content\/uploads\/2024\/09\/VPP4I_20.9.jpg 800w\" sizes=\"auto, (max-width: 640px) 100vw, 640px\" \/><\/p>\n","protected":false},"excerpt":{"rendered":"<p>Convegno per presentare i risultati del progetto internazionale per avviare piani energetici sostenibili e intelligenti. Con la localit\u00e0 gradese come precursore <\/p>\n","protected":false},"author":28,"featured_media":58458,"comment_status":"closed","ping_status":"closed","template":"","tags":[66,2431,339,427,174],"mec_category":[59],"class_list":["post-58456","mec-events","type-mec-events","status-publish","has-post-thumbnail","hentry","tag-ambiente","tag-approfondimento","tag-energia","tag-europa","tag-grado","mec_category-meeting"],"_links":{"self":[{"href":"https:\/\/imagazine.it\/home_desk\/wp-json\/wp\/v2\/mec-events\/58456","targetHints":{"allow":["GET"]}}],"collection":[{"href":"https:\/\/imagazine.it\/home_desk\/wp-json\/wp\/v2\/mec-events"}],"about":[{"href":"https:\/\/imagazine.it\/home_desk\/wp-json\/wp\/v2\/types\/mec-events"}],"author":[{"embeddable":true,"href":"https:\/\/imagazine.it\/home_desk\/wp-json\/wp\/v2\/users\/28"}],"replies":[{"embeddable":true,"href":"https:\/\/imagazine.it\/home_desk\/wp-json\/wp\/v2\/comments?post=58456"}],"wp:featuredmedia":[{"embeddable":true,"href":"https:\/\/imagazine.it\/home_desk\/wp-json\/wp\/v2\/media\/58458"}],"wp:attachment":[{"href":"https:\/\/imagazine.it\/home_desk\/wp-json\/wp\/v2\/media?parent=58456"}],"wp:term":[{"taxonomy":"post_tag","embeddable":true,"href":"https:\/\/imagazine.it\/home_desk\/wp-json\/wp\/v2\/tags?post=58456"},{"taxonomy":"mec_category","embeddable":true,"href":"https:\/\/imagazine.it\/home_desk\/wp-json\/wp\/v2\/mec_category?post=58456"}],"curies":[{"name":"wp","href":"https:\/\/api.w.org\/{rel}","templated":true}]}}

Grado rilancia le comunità energetiche

<p><em><span style="font-size: 10pt;">Un momento del workshop internazionale sul progetto svoltosi la scorsa primavera a Grado</span></em></p>
<p>Il <strong>Comune di Grado</strong> dal 2020 è uno dei 17 partner del progetto internazionale <strong><em>Horizon 2020</em></strong> denominato <em>VPP4Islands (Virtual Power Plants for Interoperable and Smart isLANDS)</em>, finanziato con oltre 6,5 milioni di euro dall&#8217;Unione Europea, e partecipa attivamente lavorando allo studio delle centrali elettriche virtuali (<em>Virtual Power Plant</em>, VPP) e, più in generale, delle Comunità Energetiche Rinnovabili (CER).</p>
<p>Nei siti pilota di Gökçeada, in Turchia, e Formentera, in Spagna, <em>VPP4Islands</em> ha costruito modelli di aggregazione e gestione intelligente delle “risorse energetiche distribuite”, aumentando così la flessibilità e la redditività dei sistemi energetici e offrendo nuovi servizi.</p>
<p>Il progetto ha consentito di migliorare la capacità di risposta alla domanda dei consumatori, analizzando i loro comportamenti e promuovendo l’autoconsumo. La fattibilità di estendere le soluzioni sviluppate da VPP4Islands per avviare piani energetici sostenibili e intelligenti è stata valutata in tre isole e una di queste è l’isola di Grado.</p>
<p><strong>Venerdì 20 settembre alle ore 17 presso il Grand Hotel Astoria </strong>saranno presentati i risultati di questo progetto, che si avvia alla conclusione, e le progettualità previste sul territorio gradese correlate alla futura creazione di comunità energetiche e all’avvio di sistemi di distribuzione di energia pulita con la riduzione di emissioni e costi, creando al contempo nuove opportunità per le aziende e per la crescita occupazionale.</p>
<p>Per iscrizioni: <span style="text-decoration: underline;"><a href="https://bit.ly/convegno-VPP4I_Grado" target="_blank" rel="noopener">https://bit.ly/convegno-VPP4I_Grado</a></span></p>
<p><img loading="lazy" decoding="async" class="aligncenter size-large wp-image-58457" src="https://imagazine.it/wp-content/uploads/2024/09/VPP4I_20.9-750x1024.jpg" alt="" width="640" height="874" title="" srcset="https://imagazine.it/wp-content/uploads/2024/09/VPP4I_20.9-750x1024.jpg 750w, https://imagazine.it/wp-content/uploads/2024/09/VPP4I_20.9-220x300.jpg 220w, https://imagazine.it/wp-content/uploads/2024/09/VPP4I_20.9-768x1048.jpg 768w, https://imagazine.it/wp-content/uploads/2024/09/VPP4I_20.9.jpg 800w" sizes="auto, (max-width: 640px) 100vw, 640px" /></p>

<p>Convegno per presentare i risultati del progetto internazionale per avviare piani energetici sostenibili e intelligenti. Con la località gradese come precursore </p>
