{"id":58417,"date":"2024-09-11T15:42:40","date_gmt":"2024-09-11T13:42:40","guid":{"rendered":"https:\/\/imagazine.it\/home_desk\/?post_type=mec-events&#038;p=58417"},"modified":"2024-09-11T15:42:40","modified_gmt":"2024-09-11T13:42:40","slug":"elettroexpo","status":"publish","type":"mec-events","link":"https:\/\/imagazine.it\/home_desk\/events\/elettroexpo\/","title":{"rendered":"Elettroexpo"},"content":{"rendered":"<p>Manifestazione dedicata esclusivamente agli operatori del settore elettrico.<\/p>\n<p>L&#8217;evento, organizzato da Marchiol Spa, uno dei principali distributori di materiale elettrico del Triveneto e a livello nazionale, proseguir\u00e0 fino a sabato 14 settembre, ospitando 135 espositori che presenteranno le ultime novit\u00e0 in tema di materiale elettrico civile e industriale, automazione, illuminotecnica, energie rinnovabili, utensileria, domotica e <em>building automation<\/em>.<\/p>\n<p>&#8220;Creata negli anni \u201880 da mio padre Giorgio, e ripetutasi ogni 2 anni, ElettroExpo \u00e8 diventata nel tempo un appuntamento tradizionale per gli operatori del settore. Grazie alla partecipazione di oltre 130 espositori ed al lavoro di un team dedicato da quasi un anno a questo evento, anche in questa edizione non mancheranno, per i nostri visitatori, molte opportunit\u00e0 per trascorrere una giornata ricca di innovazione, tecnologia, design e anche stimoli formativi&#8221;, commenta <strong>Alfredo Marchiol<\/strong>, presidente di Marchiol Spa.<\/p>\n<p>\u201c\u00c8 con grande piacere che collaboriamo ancora una volta con Marchiol Spa per accogliere al meglio all\u2019interno dei padiglioni 1, 2, 3 e 4 questa vetrina di eccellenza nel comparto del materiale elettrico professionale. Il nostro quartiere fieristico \u00e8 molto flessibile e mentre \u00e8 in svolgimento Elettroexpo nell\u2019area sud, siamo gi\u00e0 in fase di allestimento per Colitech in programma il 18 e 19 settembre che occuper\u00e0 il resto dei padiglioni. La Fiera di Pordenone \u00e8 una location molto ricercata da organizzatori di manifestazioni professionali: padiglioni moderni, logistica efficiente, posizione strategica a breve distanza dall&#8217;uscita dell&#8217;autostrada con parcheggi ampi e vicini sono una garanzia di successo ed ElettroExpo lo dimostra\u201d, afferma <strong>Renato Pujatti<\/strong>, presidente di Pordenone Fiere.<\/p>\n","protected":false},"excerpt":{"rendered":"<p>A Pordenone la fiera dedicata agli operatori del settore elettrico. Attesi 135 espositori da tutta Italia<\/p>\n","protected":false},"author":28,"featured_media":58418,"comment_status":"closed","ping_status":"closed","template":"","tags":[2026,2424,261,826,501,275],"mec_category":[131],"class_list":["post-58417","mec-events","type-mec-events","status-publish","has-post-thumbnail","hentry","tag-elettrico","tag-elettroexpo","tag-eventi","tag-eventi-fvg","tag-fiera","tag-pordenone","mec_category-discovery"],"_links":{"self":[{"href":"https:\/\/imagazine.it\/home_desk\/wp-json\/wp\/v2\/mec-events\/58417","targetHints":{"allow":["GET"]}}],"collection":[{"href":"https:\/\/imagazine.it\/home_desk\/wp-json\/wp\/v2\/mec-events"}],"about":[{"href":"https:\/\/imagazine.it\/home_desk\/wp-json\/wp\/v2\/types\/mec-events"}],"author":[{"embeddable":true,"href":"https:\/\/imagazine.it\/home_desk\/wp-json\/wp\/v2\/users\/28"}],"replies":[{"embeddable":true,"href":"https:\/\/imagazine.it\/home_desk\/wp-json\/wp\/v2\/comments?post=58417"}],"wp:featuredmedia":[{"embeddable":true,"href":"https:\/\/imagazine.it\/home_desk\/wp-json\/wp\/v2\/media\/58418"}],"wp:attachment":[{"href":"https:\/\/imagazine.it\/home_desk\/wp-json\/wp\/v2\/media?parent=58417"}],"wp:term":[{"taxonomy":"post_tag","embeddable":true,"href":"https:\/\/imagazine.it\/home_desk\/wp-json\/wp\/v2\/tags?post=58417"},{"taxonomy":"mec_category","embeddable":true,"href":"https:\/\/imagazine.it\/home_desk\/wp-json\/wp\/v2\/mec_category?post=58417"}],"curies":[{"name":"wp","href":"https:\/\/api.w.org\/{rel}","templated":true}]}}

<p>Manifestazione dedicata esclusivamente agli operatori del settore elettrico.</p>
<p>L&#8217;evento, organizzato da Marchiol Spa, uno dei principali distributori di materiale elettrico del Triveneto e a livello nazionale, proseguirà fino a sabato 14 settembre, ospitando 135 espositori che presenteranno le ultime novità in tema di materiale elettrico civile e industriale, automazione, illuminotecnica, energie rinnovabili, utensileria, domotica e <em>building automation</em>.</p>
<p>&#8220;Creata negli anni ‘80 da mio padre Giorgio, e ripetutasi ogni 2 anni, ElettroExpo è diventata nel tempo un appuntamento tradizionale per gli operatori del settore. Grazie alla partecipazione di oltre 130 espositori ed al lavoro di un team dedicato da quasi un anno a questo evento, anche in questa edizione non mancheranno, per i nostri visitatori, molte opportunità per trascorrere una giornata ricca di innovazione, tecnologia, design e anche stimoli formativi&#8221;, commenta <strong>Alfredo Marchiol</strong>, presidente di Marchiol Spa.</p>
<p>“È con grande piacere che collaboriamo ancora una volta con Marchiol Spa per accogliere al meglio all’interno dei padiglioni 1, 2, 3 e 4 questa vetrina di eccellenza nel comparto del materiale elettrico professionale. Il nostro quartiere fieristico è molto flessibile e mentre è in svolgimento Elettroexpo nell’area sud, siamo già in fase di allestimento per Colitech in programma il 18 e 19 settembre che occuperà il resto dei padiglioni. La Fiera di Pordenone è una location molto ricercata da organizzatori di manifestazioni professionali: padiglioni moderni, logistica efficiente, posizione strategica a breve distanza dall&#8217;uscita dell&#8217;autostrada con parcheggi ampi e vicini sono una garanzia di successo ed ElettroExpo lo dimostra”, afferma <strong>Renato Pujatti</strong>, presidente di Pordenone Fiere.</p>
